000
CXUS53 KAPX 011326
CF6ANJ
PRELIMINARY LOCAL CLIMATOLOGICAL DATA (WS FORM: F-6)
STATION: SAULT STE MARIE MI
MONTH: MAY
YEAR: 2023
LATITUDE: 46 28 N
LONGITUDE: 84 21 W
TEMPERATURE IN F: :PCPN: SNOW: WIND :SUNSHINE: SKY :PK WND
================================================================================
1 2 3 4 5 6A 6B 7 8 9 10 11 12 13 14 15 16 17 18
12Z AVG MX 2MIN
DY MAX MIN AVG DEP HDD CDD WTR SNW DPTH SPD SPD DIR MIN PSBL S-S WX SPD DR
================================================================================
1 42 35 39 -7 26 0 0.47 T 0 9.5 18 310 M M 10 1 28 300
2 49 34 42 -5 23 0 0.09 T 0 11.7 18 310 M M 8 1 32 310
3 48 36 42 -5 23 0 0.00 0.0 0 10.5 21 310 M M 6 30 320
4 61 31 46 -2 19 0 0.00 0.0 0 5.0 13 130 M M 4 12 19 150
5 54 41 48 0 17 0 0.26 0.0 0 7.5 17 140 M M 7 1 27 150
6 57 47 52 4 13 0 0.34 0.0 0 8.0 16 110 M M 9 1 24 100
7 61 45 53 4 12 0 0.58 0.0 0 5.5 13 70 M M 8 1 22 100
8 65 42 54 5 11 0 0.00 0.0 0 5.3 14 310 M M 0 19 320
9 67 38 53 3 12 0 0.00 0.0 0 3.2 12 310 M M 0 16 310
10 74 42 58 8 7 0 0.00 0.0 0 3.9 13 310 M M 2 18 310
11 80 49 65 15 0 0 0.02 0.0 0 4.6 15 250 M M 4 1 26 260
12 80 50 65 14 0 0 0.00 0.0 0 4.7 13 310 M M 1 20 320
13 71 49 60 9 5 0 0.00 0.0 0 5.9 16 310 M M 0 24 310
14 65 41 53 1 12 0 0.00 0.0 0 6.1 14 300 M M 0 21 310
15 72 37 55 3 10 0 0.00 0.0 0 8.0 17 320 M M 0 26 300
16 63 41 52 0 13 0 0.00 0.0 0 7.2 18 300 M M 1 29 10
17 54 32 43 -10 22 0 0.00 0.0 0 4.6 13 280 M M 0 22 230
18 56 34 45 -8 20 0 0.00 0.0 0 7.8 17 150 M M 0 25 150
19 56 43 50 -3 15 0 0.15 0.0 0 4.9 12 310 M M 9 18 17 300
20 60 48 54 0 11 0 0.14 0.0 0 8.7 20 310 M M 4 1 31 300
21 67 45 56 2 9 0 0.00 0.0 0 5.8 14 290 M M 1 21 290
22 67 44 56 2 9 0 0.00 0.0 0 6.5 16 140 M M 3 24 160
23 79 47 63 8 2 0 0.02 0.0 0 6.5 16 310 M M 2 18 23 260
24 61 43 52 -3 13 0 0.00 0.0 0 7.1 17 300 M M 2 25 310
25 65 32 49 -6 16 0 0.00 0.0 0 4.1 12 320 M M 0 16 260
26 75 36 56 0 9 0 0.00 0.0 0 2.6 10 300 M M 0 16 290
27 81 41 61 5 4 0 0.00 0.0 0 3.0 14 210 M M 0 18 210
28 83 44 64 8 1 0 0.00 0.0 0 2.6 9 300 M M 0 15 340
29 84 48 66 10 0 1 0.00 0.0 0 4.4 13 130 M M 0 18 140
30 87 54 71 14 0 6 0.00 0.0 0 5.3 15 150 M M 0 23 210
31 87 59 73 16 0 8 0.00 0.0 0 5.3 15 150 M M 1 22 150
================================================================================
SM 2071 1308 334 15 2.07 T 185.8 M 82
================================================================================
AV 66.8 42.2 6.0 FASTST M M 3 MAX(MPH)
MISC ----> 21 310 32 310
================================================================================
NOTES:
# LAST OF SEVERAL OCCURRENCES
COLUMN 17 PEAK WIND IN M.P.H.
PRELIMINARY LOCAL CLIMATOLOGICAL DATA (WS FORM: F-6) , PAGE 2
STATION: SAULT STE MARIE MI
MONTH: MAY
YEAR: 2023
LATITUDE: 46 28 N
LONGITUDE: 84 21 W
[TEMPERATURE DATA] [PRECIPITATION DATA] SYMBOLS USED IN COLUMN 16
AVERAGE MONTHLY: 54.5 TOTAL FOR MONTH: 2.07 1 = FOG OR MIST
DPTR FM NORMAL: 2.4 DPTR FM NORMAL: -0.57 2 = FOG REDUCING VISIBILITY
HIGHEST: 87 ON 31,30 GRTST 24HR 0.59 ON 6- 7 TO 1/4 MILE OR LESS
LOWEST: 31 ON 4 3 = THUNDER
SNOW, ICE PELLETS, HAIL 4 = ICE PELLETS
TOTAL MONTH: T 5 = HAIL
GRTST 24HR T ON 1- 1 6 = FREEZING RAIN OR DRIZZLE
GRTST DEPTH: 0 7 = DUSTSTORM OR SANDSTORM:
VSBY 1/2 MILE OR LESS
8 = SMOKE OR HAZE
[NO. OF DAYS WITH] [WEATHER - DAYS WITH] 9 = BLOWING SNOW
X = TORNADO
MAX 32 OR BELOW: 0 0.01 INCH OR MORE: 9
MAX 90 OR ABOVE: 0 0.10 INCH OR MORE: 6
MIN 32 OR BELOW: 3 0.50 INCH OR MORE: 1
MIN 0 OR BELOW: 0 1.00 INCH OR MORE: 0
[HDD (BASE 65) ]
TOTAL THIS MO. 334 CLEAR (SCALE 0-3) 20
DPTR FM NORMAL -73 PTCLDY (SCALE 4-7) 7
TOTAL FM JUL 1 7503 CLOUDY (SCALE 8-10) 4
DPTR FM NORMAL -804
[CDD (BASE 65) ]
TOTAL THIS MO. 15
DPTR FM NORMAL 8 [PRESSURE DATA]
TOTAL FM JAN 1 15 HIGHEST SLP 30.54 ON 14
DPTR FM NORMAL 8 LOWEST SLP 29.06 ON 1
[REMARKS]
#FINAL-05-23#