000
CXUS51 KCTP 010900
CF6AOO
PRELIMINARY LOCAL CLIMATOLOGICAL DATA (WS FORM: F-6)
STATION: ALTOONA
MONTH: FEBRUARY
YEAR: 2023
LATITUDE: 40 17 N
LONGITUDE: 78 19 W
TEMPERATURE IN F: :PCPN: SNOW: WIND :SUNSHINE: SKY :PK WND
================================================================================
1 2 3 4 5 6A 6B 7 8 9 10 11 12 13 14 15 16 17 18
12Z AVG MX 2MIN
DY MAX MIN AVG DEP HDD CDD WTR SNW DPTH SPD SPD DIR MIN PSBL S-S WX SPD DR
================================================================================
1 30 18 24 -4 41 0 0.00 M M 7.4 15 280 M M 2 19 300
2 38 17 28 0 37 0 0.00 M M 8.7 21 260 M M 1 29 250
3 32 8 20 -9 45 0 T M M 19.4 30 310 M M 7 42 310
4 29 7 18 -11 47 0 0.00 M M 8.0 16 310 M M 3 22 310
5 53 18 36 7 29 0 0.00 M M 9.2 24 230 M M 2 32 220
6 46 24 35 6 30 0 0.00 M M 8.1 18 310 M M 9 25 350
7 48 22 35 6 30 0 0.06 M M 5.5 15 170 M M 3 18 18 170
8 51 32 42 13 23 0 T M M 6.6 22 280 M M 3 8 28 270
9 64 32 48 19 17 0 0.01 M M 6.7 25 240 M M 7 18 33 230
10 62 36 49 19 16 0 T M M 16.1 31 270 M M 9 46 270
11 43 28 36 6 29 0 0.00 M M 7.0 24 290 M M 3 32 290
12 44 25 35 5 30 0 0.00 M M 2.1 8 20 M M 0 9 20
13 55 28 42 12 23 0 0.00 M M 11.7 32 260 M M 0 43 260
14 53 28 41 11 24 0 0.00 M M 5.0 16 320 M M 0 22 320
15 72 46 59 29 6 0 T M M 12.4 29 260 M M 3 40 280
16 61 48 55 24 10 0 0.23 M M 6.5 14 210 M M 5 1 19 260
17 57 22 40 9 25 0 0.08 M M 18.4 29 310 M M 8 1 38 300
18 43 19 31 0 34 0 T M M 11.3 28 310 M M 3 36 300
19 54 29 42 11 23 0 0.00 M M 5.1 18 170 M M 1 21 170
20 58 36 47 15 18 0 0.29 M M 11.9 25 280 M M 4 1 32 300
21 51 35 43 11 22 0 0.09 M M 13.1 38 270 M M 4 1 47 290
22 37 27 32 0 33 0 0.29 M M 3.5 10 140 M M 5 126 13 140
23 71 34 53 21 12 0 0.04 M M 11.5 33 280 M M 5 1 47 280
24 58 23 41 8 24 0 0.00 M M 16.9 29 310 M M 1 39 300
25 40 21 31 -2 34 0 0.00 M M 5.6 16 190 M M 5 22 170
26 53 23 38 5 27 0 0.00 M M 13.3 30 290 M M 0 39 280
27 47 27 37 4 28 0 0.76 M M 9.5 25 150 M M 4 1 32 130
28 47 30 39 5 26 0 0.13 M M 9.0 29 290 M M 8 1 37 290
================================================================================
SM 1397 743 743 0 1.98 M 269.5 M 105
================================================================================
AV 49.9 26.5 9.6 FASTST M M 4 MAX(MPH)
MISC ----> 38 270 # 47 290
================================================================================
NOTES:
# LAST OF SEVERAL OCCURRENCES
COLUMN 17 PEAK WIND IN M.P.H.
PRELIMINARY LOCAL CLIMATOLOGICAL DATA (WS FORM: F-6) , PAGE 2
STATION: ALTOONA
MONTH: FEBRUARY
YEAR: 2023
LATITUDE: 40 17 N
LONGITUDE: 78 19 W
[TEMPERATURE DATA] [PRECIPITATION DATA] SYMBOLS USED IN COLUMN 16
AVERAGE MONTHLY: 38.2 TOTAL FOR MONTH: 1.98 1 = FOG OR MIST
DPTR FM NORMAL: 7.5 DPTR FM NORMAL: 0.03 2 = FOG REDUCING VISIBILITY
HIGHEST: 72 ON 15 GRTST 24HR 0.89 ON 27-28 TO 1/4 MILE OR LESS
LOWEST: 7 ON 4 3 = THUNDER
SNOW, ICE PELLETS, HAIL 4 = ICE PELLETS
TOTAL MONTH: M 5 = HAIL
GRTST 24HR M ON M 6 = FREEZING RAIN OR DRIZZLE
GRTST DEPTH: M ON M 7 = DUSTSTORM OR SANDSTORM:
VSBY 1/2 MILE OR LESS
8 = SMOKE OR HAZE
[NO. OF DAYS WITH] [WEATHER - DAYS WITH] 9 = BLOWING SNOW
X = TORNADO
MAX 32 OR BELOW: 3 0.01 INCH OR MORE: 10
MAX 90 OR ABOVE: 0 0.10 INCH OR MORE: 5
MIN 32 OR BELOW: 22 0.50 INCH OR MORE: 1
MIN 0 OR BELOW: 0 1.00 INCH OR MORE: 0
[HDD (BASE 65) ]
TOTAL THIS MO. 743 CLEAR (SCALE 0-3) 14
DPTR FM NORMAL -219 PTCLDY (SCALE 4-7) 11
TOTAL FM JUL 1 3795 CLOUDY (SCALE 8-10) 3
DPTR FM NORMAL -478
[CDD (BASE 65) ]
TOTAL THIS MO. 0
DPTR FM NORMAL 0 [PRESSURE DATA]
TOTAL FM JAN 1 0 HIGHEST SLP 30.61 ON 4
DPTR FM NORMAL 0 LOWEST SLP 29.45 ON 28
[REMARKS]
#FINAL-02-23#