000
CXUS51 KCTP 010800
CF6AOO
PRELIMINARY LOCAL CLIMATOLOGICAL DATA (WS FORM: F-6)
STATION: ALTOONA
MONTH: OCTOBER
YEAR: 2022
LATITUDE: 40 17 N
LONGITUDE: 78 19 W
TEMPERATURE IN F: :PCPN: SNOW: WIND :SUNSHINE: SKY :PK WND
================================================================================
1 2 3 4 5 6A 6B 7 8 9 10 11 12 13 14 15 16 17 18
12Z AVG MX 2MIN
DY MAX MIN AVG DEP HDD CDD WTR SNW DPTH SPD SPD DIR MIN PSBL S-S WX SPD DR
================================================================================
1 53 48 51 -7 14 0 0.45 M M 9.6 16 30 M M 10 1 22 30
2 55 48 52 -6 13 0 0.63 M M 8.2 14 20 M M 9 1 20 20
3 55 36 46 -12 19 0 0.00 M M 2.7 12 10 M M 0 12 17 10
4 55 44 50 -7 15 0 0.04 M M 5.1 17 10 M M 9 18 25 30
5 69 45 57 0 8 0 T M M 3.9 10 320 M M 7 16 30
6 75 42 59 3 6 0 0.00 M M 3.1 12 320 M M 1 16 300
7 68 44 56 0 9 0 0.00 M M 7.9 17 310 M M 5 24 300
8 54 39 47 -9 18 0 0.00 M M 7.0 17 320 M M 4 25 300
9 61 32 47 -8 18 0 0.00 M M 6.3 16 270 M M 0 22 290
10 68 37 53 -2 12 0 0.00 M M 7.0 15 300 M M 0 21 290
11 71 40 56 1 9 0 0.00 M M 4.3 13 170 M M 0 16 140
12 69 39 54 0 11 0 0.00 M M 5.2 15 170 M M 1 21 170
13 64 43 54 0 11 0 0.21 M M 9.2 17 260 M M 9 1 27 270
14 65 34 50 -4 15 0 0.00 M M 3.9 13 200 M M 4 18 180
15 73 38 56 3 9 0 0.00 M M 7.2 26 260 M M 1 35 280
16 70 36 53 0 12 0 0.00 M M 4.0 12 220 M M 4 17 200
17 58 38 48 -5 17 0 T M M 8.8 22 270 M M 5 32 270
18 47 35 41 -11 24 0 T M M 10.6 17 280 M M 7 25 260
19 45 37 41 -11 24 0 0.09 M M 9.9 18 280 M M 10 1 25 270
20 57 34 46 -6 19 0 0.00 M M 9.4 21 250 M M 2 32 240
21 63 28 46 -5 19 0 0.00 M M 4.6 15 170 M M 0 19 170
22 70 31 51 0 14 0 0.00 M M 2.8 12 150 M M 0 16 150
23 66 32 49 -1 16 0 0.00 M M 2.1 8 80 M M 4 13 110
24 73 48 61 11 4 0 0.00 M M 2.8 10 90 M M 4 128 14 80
25 71 48 60 10 5 0 0.00 M M 4.2 13 160 M M 6 12 17 160
26 61 50 56 6 9 0 0.02 M M 9.6 22 290 M M 10 1 31 300
27 61 38 50 1 15 0 0.00 M M 7.3 20 310 M M 4 28 300
28 56 33 45 -4 20 0 0.00 M M 2.5 7 350 M M 0 10 40
29 62 29 46 -2 19 0 0.00 M M 2.2 8 50 M M 0 11 70
30 63 27 45 -3 20 0 0.00 M M 2.9 12 170 M M 0 14 150
31 60 38 49 1 16 0 0.03 M M 1.3 7 160 M M 8 1 11 140
================================================================================
SM 1938 1191 440 0 1.47 M 175.6 M 124
================================================================================
AV 62.5 38.4 5.7 FASTST M M 4 MAX(MPH)
MISC ----> 26 260 35 280
================================================================================
NOTES:
# LAST OF SEVERAL OCCURRENCES
COLUMN 17 PEAK WIND IN M.P.H.
PRELIMINARY LOCAL CLIMATOLOGICAL DATA (WS FORM: F-6) , PAGE 2
STATION: ALTOONA
MONTH: OCTOBER
YEAR: 2022
LATITUDE: 40 17 N
LONGITUDE: 78 19 W
[TEMPERATURE DATA] [PRECIPITATION DATA] SYMBOLS USED IN COLUMN 16
AVERAGE MONTHLY: 50.5 TOTAL FOR MONTH: 1.47 1 = FOG OR MIST
DPTR FM NORMAL: -2.5 DPTR FM NORMAL: -1.45 2 = FOG REDUCING VISIBILITY
HIGHEST: 75 ON 6 GRTST 24HR 0.83 ON 1- 2 TO 1/4 MILE OR LESS
LOWEST: 27 ON 30 3 = THUNDER
SNOW, ICE PELLETS, HAIL 4 = ICE PELLETS
TOTAL MONTH: M 5 = HAIL
GRTST 24HR M ON M 6 = FREEZING RAIN OR DRIZZLE
GRTST DEPTH: M ON M 7 = DUSTSTORM OR SANDSTORM:
VSBY 1/2 MILE OR LESS
8 = SMOKE OR HAZE
[NO. OF DAYS WITH] [WEATHER - DAYS WITH] 9 = BLOWING SNOW
X = TORNADO
MAX 32 OR BELOW: 0 0.01 INCH OR MORE: 7
MAX 90 OR ABOVE: 0 0.10 INCH OR MORE: 3
MIN 32 OR BELOW: 6 0.50 INCH OR MORE: 1
MIN 0 OR BELOW: 0 1.00 INCH OR MORE: 0
[HDD (BASE 65) ]
TOTAL THIS MO. 440 CLEAR (SCALE 0-3) 13
DPTR FM NORMAL 57 PTCLDY (SCALE 4-7) 12
TOTAL FM JUL 1 537 CLOUDY (SCALE 8-10) 6
DPTR FM NORMAL 30
[CDD (BASE 65) ]
TOTAL THIS MO. 0
DPTR FM NORMAL -10 [PRESSURE DATA]
TOTAL FM JAN 1 767 HIGHEST SLP 30.53 ON 28
DPTR FM NORMAL 75 LOWEST SLP 29.63 ON 17
[REMARKS]
#FINAL-10-22#