000
CXUS55 KBOU 011000
CF6APA
PRELIMINARY LOCAL CLIMATOLOGICAL DATA (WS FORM: F-6)
STATION: CENTENNIAL CO
MONTH: JANUARY
YEAR: 2023
LATITUDE: 39 33 N
LONGITUDE: 104 51 W
TEMPERATURE IN F: :PCPN: SNOW: WIND :SUNSHINE: SKY :PK WND
================================================================================
1 2 3 4 5 6A 6B 7 8 9 10 11 12 13 14 15 16 17 18
12Z AVG MX 2MIN
DY MAX MIN AVG DEP HDD CDD WTR SNW DPTH SPD SPD DIR MIN PSBL S-S WX SPD DR
================================================================================
1 M 27 M M M M 0.04 M M 4.2 13 350 M M 8 12 15 360
2 34 24 29 -2 36 0 0.04 M M 8.3 18 350 M M 10 1268 20 350
3 M 19 M M M M T M M 5.2 15 310 M M 6 19 320
4 44 14 29 -2 36 0 0.00 M M 6.1 20 310 M M 3 29 300
5 43 14 29 -2 36 0 0.00 M M 6.1 14 170 M M 5 17 170
6 42 18 30 -2 35 0 0.00 M M 4.0 17 210 M M 6 24 210
7 41 21 31 -1 34 0 0.00 M M 6.9 13 170 M M 4 16 160
8 52 19 36 4 29 0 0.00 M M 6.7 13 140 M M 5 16 160
9 46 23 35 3 30 0 0.00 M M 7.2 16 200 M M 4 19 200
10 55 28 42 10 23 0 0.00 M M 9.0 24 280 M M 3 34 280
11 41 23 32 0 33 0 T M M 6.5 22 340 M M 9 12 27 340
12 43 21 32 0 33 0 0.00 M M 6.6 13 160 M M 3 16 190
13 51 22 37 5 28 0 0.00 M M 6.5 14 150 M M 5 18 140
14 57 32 45 13 20 0 0.00 M M 8.9 18 200 M M 6 22 200
15 43 26 35 3 30 0 T M M 4.8 12 310 M M 8 1 17 330
16 48 24 36 4 29 0 0.00 M M 5.1 16 210 M M 5 20 210
17 36 22 29 -3 36 0 0.09 M M 6.4 14 350 M M 7 1 16 360
18 25 18 22 -10 43 0 0.08 M M 11.3 24 360 M M 9 1 36 350
19 42 12 27 -5 38 0 0.00 M M 5.9 17 240 M M 4 24 240
20 29 10 20 -12 45 0 0.01 M M 2.8 9 120 M M 8 1 11 320
21 27 9 18 -14 47 0 0.04 M M 5.8 14 20 M M 10 18 20 10
22 35 15 25 -7 40 0 0.00 M M 4.9 10 140 M M 6 16 130
23 32 18 25 -7 40 0 T M M 6.7 20 170 M M 8 1 26 150
24 31 12 22 -10 43 0 0.00 M M 4.2 8 50 M M 7 12 M M
25 28 14 21 -11 44 0 0.01 M M 5.0 15 20 M M 9 1 20 20
26 37 15 26 -6 39 0 0.00 M M 11.4 22 300 M M 5 27 300
27 46 21 34 2 31 0 0.00 M M 6.9 16 200 M M 6 20 170
28 31 8 20 -12 45 0 T M M 7.5 16 20 M M 5 1 19 50
29 10 -3 4 -28 61 0 T M M 6.3 14 350 M M 10 1 17 360
30 8 -5 2 -30 63 0 T M M 4.9 10 140 M M 9 15 360
31 31 -1 15 -17 50 0 0.02 M M 6.9 16 170 M M 3 18 20 170
================================================================================
SM 1088 520 1097 0 0.33 M 199.0 M 196
================================================================================
AV 37.5 16.8 6.4 FASTST M M 6 MAX(MPH)
MISC ----> 24 360 36 350
================================================================================
NOTES:
# LAST OF SEVERAL OCCURRENCES
COLUMN 17 PEAK WIND IN M.P.H.
PRELIMINARY LOCAL CLIMATOLOGICAL DATA (WS FORM: F-6) , PAGE 2
STATION: CENTENNIAL CO
MONTH: JANUARY
YEAR: 2023
LATITUDE: 39 33 N
LONGITUDE: 104 51 W
[TEMPERATURE DATA] [PRECIPITATION DATA] SYMBOLS USED IN COLUMN 16
AVERAGE MONTHLY: 27.1 TOTAL FOR MONTH: 0.33 1 = FOG OR MIST
DPTR FM NORMAL: -4.7 DPTR FM NORMAL: -0.08 2 = FOG REDUCING VISIBILITY
HIGHEST: 57 ON 14 GRTST 24HR 0.23 ON 1- 2 TO 1/4 MILE OR LESS
LOWEST: -5 ON 30 3 = THUNDER
SNOW, ICE PELLETS, HAIL 4 = ICE PELLETS
TOTAL MONTH: M 5 = HAIL
GRTST 24HR M ON M 6 = FREEZING RAIN OR DRIZZLE
GRTST DEPTH: M ON M 7 = DUSTSTORM OR SANDSTORM:
VSBY 1/2 MILE OR LESS
8 = SMOKE OR HAZE
[NO. OF DAYS WITH] [WEATHER - DAYS WITH] 9 = BLOWING SNOW
X = TORNADO
MAX 32 OR BELOW: 10 0.01 INCH OR MORE: 8
MAX 90 OR ABOVE: 0 0.10 INCH OR MORE: 0
MIN 32 OR BELOW: 31 0.50 INCH OR MORE: 0
MIN 0 OR BELOW: 3 1.00 INCH OR MORE: 0
[HDD (BASE 65) ]
TOTAL THIS MO. 1097 CLEAR (SCALE 0-3) 2
DPTR FM NORMAL 68 PTCLDY (SCALE 4-7) 22
TOTAL FM JUL 1 3427 CLOUDY (SCALE 8-10) 7
DPTR FM NORMAL -27
[CDD (BASE 65) ]
TOTAL THIS MO. 0
DPTR FM NORMAL 0 [PRESSURE DATA]
TOTAL FM JAN 1 0 HIGHEST SLP 30.51 ON 12
DPTR FM NORMAL 0 LOWEST SLP 29.38 ON 15
[REMARKS]
#FINAL-01-23#