000
CXUS55 KBOU 010813
CF6APA
PRELIMINARY LOCAL CLIMATOLOGICAL DATA (WS FORM: F-6)
STATION: CENTENNIAL CO
MONTH: APRIL
YEAR: 2020
LATITUDE: 39 33 N
LONGITUDE: 104 51 W
TEMPERATURE IN F: :PCPN: SNOW: WIND :SUNSHINE: SKY :PK WND
================================================================================
1 2 3 4 5 6A 6B 7 8 9 10 11 12 13 14 15 16 17 18
12Z AVG MX 2MIN
DY MAX MIN AVG DEP HDD CDD WTR SNW DPTH SPD SPD DIR MIN PSBL S-S WX SPD DR
================================================================================
1 68 36 52 9 13 0 0.00 M M 10.0 22 360 M M 6 28 360
2 40 18 29 -14 36 0 0.07 M M 8.2 17 20 M M 10 16 22 360
3 40 18 29 -14 36 0 T M M 9.0 22 170 M M 9 18 31 170
4 60 25 43 0 22 0 0.00 M M 9.5 31 170 M M 3 43 180
5 71 34 53 9 12 0 0.00 M M 8.3 24 250 M M 4 34 210
6 73 40 57 13 8 0 0.00 M M 10.4 25 240 M M 1 33 240
7 73 43 58 14 7 0 0.00 M M 7.2 18 10 M M 2 30 10
8 69 35 52 8 13 0 0.00 M M 5.5 17 350 M M 2 24 60
9 57 36 47 3 18 0 0.00 M M 7.3 22 180 M M 5 29 170
10 71 40 56 11 9 0 T M M 11.0 25 340 M M 6 42 340
11 69 36 53 8 12 0 0.00 M M 9.8 29 10 M M 4 45 10
12 36 20 28 -17 37 0 0.01 M M 12.1 24 20 M M 10 1689 34 20
13 23 15 19 -26 46 0 0.05 M M 6.3 15 20 M M 10 128 20 20
14 45 8 27 -19 38 0 0.00 M M 6.9 21 340 M M 3 30 350
15 53 26 40 -6 25 0 T M M 8.5 22 20 M M 7 27 10
16 34 22 28 -18 37 0 0.15 M M 10.5 18 360 M M 10 12 24 360
17 56 13 35 -11 30 0 0.00 M M 5.8 14 200 M M 3 1 18 180
18 59 34 47 0 18 0 T M M 7.7 30 150 M M 7 43 160
19 63 36 50 3 15 0 0.00 M M 6.4 28 290 M M 7 42 300
20 64 32 48 1 17 0 0.00 M M 5.8 15 350 M M 5 21 350
21 68 38 53 5 12 0 T M M 8.0 22 170 M M 7 28 160
22 65 41 53 5 12 0 0.02 M M 8.7 29 340 M M 5 39 340
23 67 44 56 8 9 0 0.13 M M 12.1 28 330 M M 6 35 330
24 58 37 48 0 17 0 T M M 8.9 30 360 M M 6 38 350
25 64 41 53 4 12 0 T M M 6.0 17 10 M M 6 23 180
26 73 44 59 10 6 0 T M M 8.1 23 260 M M 7 35 280
27 77 41 59 10 6 0 0.00 M M 5.3 15 320 M M 3 24 320
28 74 43 59 9 6 0 0.00 M M 9.5 30 10 M M 4 42 10
29 71 34 53 3 12 0 0.00 M M 5.2 14 170 M M 1 19 150
30 83 48 66 16 0 1 0.00 0.0 0 5.4 16 90 M M 7 24 80
================================================================================
SM 1824 978 541 1 0.43 0.0 243.4 M 166
================================================================================
AV 60.8 32.6 8.1 FASTST M M 6 MAX(MPH)
MISC ----> # 31 170 # 45 10
================================================================================
NOTES:
# LAST OF SEVERAL OCCURRENCES
COLUMN 17 PEAK WIND IN M.P.H.
PRELIMINARY LOCAL CLIMATOLOGICAL DATA (WS FORM: F-6) , PAGE 2
STATION: CENTENNIAL CO
MONTH: APRIL
YEAR: 2020
LATITUDE: 39 33 N
LONGITUDE: 104 51 W
[TEMPERATURE DATA] [PRECIPITATION DATA] SYMBOLS USED IN COLUMN 16
AVERAGE MONTHLY: 46.7 TOTAL FOR MONTH: 0.43 1 = FOG OR MIST
DPTR FM NORMAL: 0.5 DPTR FM NORMAL: -1.70 2 = FOG REDUCING VISIBILITY
HIGHEST: 83 ON 30 GRTST 24HR 0.15 ON 16-16 TO 1/4 MILE OR LESS
LOWEST: 8 ON 14 3 = THUNDER
SNOW, ICE PELLETS, HAIL 4 = ICE PELLETS
TOTAL MONTH: 0.0 INCH 5 = HAIL
GRTST 24HR 0.0 6 = FREEZING RAIN OR DRIZZLE
GRTST DEPTH: 0 7 = DUSTSTORM OR SANDSTORM:
VSBY 1/2 MILE OR LESS
8 = SMOKE OR HAZE
[NO. OF DAYS WITH] [WEATHER - DAYS WITH] 9 = BLOWING SNOW
X = TORNADO
MAX 32 OR BELOW: 1 0.01 INCH OR MORE: 6
MAX 90 OR ABOVE: 0 0.10 INCH OR MORE: 2
MIN 32 OR BELOW: 10 0.50 INCH OR MORE: 0
MIN 0 OR BELOW: 0 1.00 INCH OR MORE: 0
[HDD (BASE 65) ]
TOTAL THIS MO. 541 CLEAR (SCALE 0-3) 7
DPTR FM NORMAL -23 PTCLDY (SCALE 4-7) 18
TOTAL FM JUL 1 5476 CLOUDY (SCALE 8-10) 5
DPTR FM NORMAL -341
[CDD (BASE 65) ]
TOTAL THIS MO. 1
DPTR FM NORMAL 1 [PRESSURE DATA]
TOTAL FM JAN 1 1 HIGHEST SLP 30.34 ON 16
DPTR FM NORMAL 1 LOWEST SLP 29.41 ON 11
[REMARKS]
#FINAL-04-20#