720
CXUS56 KMTR 011813
CF6APC
PRELIMINARY LOCAL CLIMATOLOGICAL DATA (WS FORM: F-6)
STATION: NAPA AIRPORT
MONTH: JUNE
YEAR: 2020
LATITUDE: 38 13 N
LONGITUDE: 122 17 W
TEMPERATURE IN F: :PCPN: SNOW: WIND :SUNSHINE: SKY :PK WND
================================================================================
1 2 3 4 5 6A 6B 7 8 9 10 11 12 13 14 15 16 17 18
12Z AVG MX 2MIN
DY MAX MIN AVG DEP HDD CDD WTR SNW DPTH SPD SPD DIR MIN PSBL S-S WX SPD DR
================================================================================
1 79 55 67 5 0 2 0.00 M M 7.9 18 200 M M 1 8 21 200
2 91 51 71 9 0 6 0.00 M M 6.8 18 270 M M 0 18 22 280
3 94 56 75 13 0 10 0.00 M M 6.8 21 280 M M 0 26 270
4 91 54 73 11 0 8 0.00 M M 9.6 23 190 M M 0 29 190
5 75 53 64 1 1 0 0.00 M M 17.9 28 260 M M 1 37 260
6 74 51 63 0 2 0 0.00 M M 18.2 35 260 M M 1 8 42 260
7 74 50 62 -1 3 0 0.00 M M 15.4 29 270 M M 0 35 270
8 82 44 63 0 2 0 0.00 M M 8.5 23 270 M M 0 26 270
9 89 45 67 4 0 2 0.00 M M 6.4 18 200 M M 0 21 240
10 88 49 69 5 0 4 0.00 M M 7.2 17 210 M M 0 20 200
11 85 54 70 6 0 5 0.00 M M 8.9 25 270 M M 1 29 280
12 74 53 64 0 1 0 T M M 15.6 35 260 M M 1 42 270
13 75 53 64 0 1 0 0.00 M M 13.5 23 260 M M 2 27 270
14 80 49 65 1 0 0 0.00 M M 8.1 22 280 M M 2 25 270
15 81 52 67 3 0 2 0.00 M M 11.8 29 260 M M 0 33 260
16 80 48 64 0 1 0 0.00 M M 7.9 21 270 M M 0 26 270
17 91 49 70 5 0 5 0.00 M M 6.7 17 240 M M 0 21 260
18 92 49 71 6 0 6 0.00 M M 7.6 20 200 M M 0 22 200
19 74 54 64 -1 1 0 0.00 M M 12.3 18 200 M M 0 23 200
20 72 53 63 -2 2 0 0.00 M M 13.2 22 190 M M 4 28 200
21 81 57 69 4 0 4 T M M 12.7 22 190 M M 2 28 160
22 76 57 67 2 0 2 T M M 11.4 18 180 M M 4 8 24 170
23 77 56 67 2 0 2 0.00 M M 11.5 21 200 M M 1 24 190
24 77 56 67 2 0 2 0.00 M M 11.6 21 200 M M 3 27 200
25 76 58 67 2 0 2 0.00 M M 12.9 22 190 M M 4 27 210
26 77 56 67 1 0 2 0.00 M M 10.2 20 180 M M 2 26 210
27 74 56 65 -1 0 0 0.00 M M 14.9 25 190 M M 4 36 230
28 78 54 66 0 0 1 0.00 M M 14.0 26 190 M M 1 33 180
29 83 51 67 1 0 2 0.00 M M 9.2 21 200 M M 1 23 200
30 81 51 66 0 0 1 0.00 M M 8.4 20 190 M M 0 28 180
================================================================================
SM 2421 1574 14 68 T M 327.1 M 35
================================================================================
AV 80.7 52.5 10.9 FASTST M M 1 MAX(MPH)
MISC ----> # 35 260 # 42 260
================================================================================
NOTES:
# LAST OF SEVERAL OCCURRENCES
COLUMN 17 PEAK WIND IN M.P.H.
PRELIMINARY LOCAL CLIMATOLOGICAL DATA (WS FORM: F-6) , PAGE 2
STATION: NAPA AIRPORT
MONTH: JUNE
YEAR: 2020
LATITUDE: 38 13 N
LONGITUDE: 122 17 W
[TEMPERATURE DATA] [PRECIPITATION DATA] SYMBOLS USED IN COLUMN 16
AVERAGE MONTHLY: 66.6 TOTAL FOR MONTH: T 1 = FOG OR MIST
DPTR FM NORMAL: 2.4 DPTR FM NORMAL: -0.19 2 = FOG REDUCING VISIBILITY
HIGHEST: 94 ON 3 GRTST 24HR T ON 12-12 TO 1/4 MILE OR LESS
LOWEST: 44 ON 8 3 = THUNDER
SNOW, ICE PELLETS, HAIL 4 = ICE PELLETS
TOTAL MONTH: M 5 = HAIL
GRTST 24HR M ON M 6 = FREEZING RAIN OR DRIZZLE
GRTST DEPTH: M ON M 7 = DUSTSTORM OR SANDSTORM:
VSBY 1/2 MILE OR LESS
8 = SMOKE OR HAZE
[NO. OF DAYS WITH] [WEATHER - DAYS WITH] 9 = BLOWING SNOW
X = TORNADO
MAX 32 OR BELOW: 0 0.01 INCH OR MORE: 0
MAX 90 OR ABOVE: 5 0.10 INCH OR MORE: 0
MIN 32 OR BELOW: 0 0.50 INCH OR MORE: 0
MIN 0 OR BELOW: 0 1.00 INCH OR MORE: 0
[HDD (BASE 65) ]
TOTAL THIS MO. 14 CLEAR (SCALE 0-3) 26
DPTR FM NORMAL -53 PTCLDY (SCALE 4-7) 4
TOTAL FM JUL 1 2779 CLOUDY (SCALE 8-10) 0
DPTR FM NORMAL -576
[CDD (BASE 65) ]
TOTAL THIS MO. 68
DPTR FM NORMAL 26 [PRESSURE DATA]
TOTAL FM JAN 1 108 HIGHEST SLP 30.17 ON 8
DPTR FM NORMAL 51 LOWEST SLP 29.60 ON 28
[REMARKS]
#FINAL-06-20#