000
CXUS52 KMFL 011000
CF6APF
PRELIMINARY LOCAL CLIMATOLOGICAL DATA (WS FORM: F-6)
STATION: NAPLES
MONTH: APRIL
YEAR: 2020
LATITUDE: 26 8 N
LONGITUDE: 81 46 W
TEMPERATURE IN F: :PCPN: SNOW: WIND :SUNSHINE: SKY :PK WND
================================================================================
1 2 3 4 5 6A 6B 7 8 9 10 11 12 13 14 15 16 17 18
12Z AVG MX 2MIN
DY MAX MIN AVG DEP HDD CDD WTR SNW DPTH SPD SPD DIR MIN PSBL S-S WX SPD DR
================================================================================
1 79 66 73 2 0 8 0.39 0.0 0 12.8 30 290 M M 2 1 39 280
2 83 60 72 0 0 7 0.00 0.0 0 8.0 15 70 M M 0 19 40
3 84 61 73 1 0 8 0.00 0.0 0 6.1 17 220 M M 0 21 220
4 83 68 76 4 0 11 0.00 0.0 0 6.7 15 230 M M 1 20 240
5 85 69 77 5 0 12 T 0.0 0 7.5 17 50 M M 6 20 50
6 85 69 77 5 0 12 0.00 0.0 0 8.7 15 300 M M 6 1 18 50
7 89 69 79 7 0 14 0.00 0.0 0 7.9 15 310 M M 2 19 250
8 84 70 77 5 0 12 0.00 0.0 0 7.2 15 280 M M 2 19 280
9 84 76 80 8 0 15 0.00 0.0 0 10.6 17 270 M M 4 22 280
10 85 77 81 9 0 16 0.00 0.0 0 10.5 20 290 M M 5 25 270
11 87 70 79 6 0 14 0.00 0.0 0 8.1 14 110 M M 4 17 220
12 93 74 84 11 0 19 0.00 0.0 0 13.8 23 150 M M 1 1 29 150
13 90 78 84 11 0 19 0.00 0.0 0 12.3 23 150 M M 2 29 150
14 92 76 84 11 0 19 0.00 0.0 0 9.2 17 200 M M 1 1 22 200
15 90 78 84 11 0 19 0.00 0.0 0 10.7 21 220 M M 2 8 28 190
16 87 69 78 5 0 13 0.41 0.0 0 8.2 22 270 M M 6 18 29 270
17 89 70 80 7 0 15 0.00 0.0 0 8.1 16 270 M M 4 18 220
18 87 74 81 7 0 16 0.00 0.0 0 5.0 14 280 M M 2 19 270
19 91 73 82 8 0 17 0.00 0.0 0 7.8 22 200 M M 1 1 28 210
20 89 80 85 11 0 20 0.00 0.0 0 15.8 25 230 M M 4 33 220
21 88 74 81 7 0 16 0.01 0.0 0 9.2 17 290 M M 3 21 280
22 94 64 79 5 0 14 0.00 0.0 0 7.3 15 90 M M 0 20 40
23 91 69 80 6 0 15 0.00 0.0 0 14.0 24 160 M M 1 32 150
24 89 72 81 6 0 16 0.12 0.0 0 12.4 22 280 M M 7 1 33 300
25 88 71 80 5 0 15 0.51 0.0 0 9.2 31 280 M M 2 138 38 270
26 84 69 77 2 0 12 0.22 0.0 0 6.8 36 260 M M 6 138 45 250
27 83 66 75 0 0 10 0.00 0.0 0 8.3 18 290 M M 0 23 300
28 89 61 75 0 0 10 0.00 0.0 0 8.5 17 90 M M 0 21 90
29 89 64 77 2 0 12 0.00 0.0 0 9.9 20 170 M M 1 30 160
30 82 69 76 0 0 11 1.10 M 0 7.2 12 320 M M 5 13 20 320
================================================================================
SM 2613 2106 0 417 2.76 0.0 277.8 M 80
================================================================================
AV 87.1 70.2 9.3 FASTST M M 3 MAX(MPH)
MISC ----> # 36 260 # 45 250
================================================================================
NOTES:
# LAST OF SEVERAL OCCURRENCES
COLUMN 17 PEAK WIND IN M.P.H.
PRELIMINARY LOCAL CLIMATOLOGICAL DATA (WS FORM: F-6) , PAGE 2
STATION: NAPLES
MONTH: APRIL
YEAR: 2020
LATITUDE: 26 8 N
LONGITUDE: 81 46 W
[TEMPERATURE DATA] [PRECIPITATION DATA] SYMBOLS USED IN COLUMN 16
AVERAGE MONTHLY: 78.7 TOTAL FOR MONTH: 2.76 1 = FOG OR MIST
DPTR FM NORMAL: 5.3 DPTR FM NORMAL: 0.40 2 = FOG REDUCING VISIBILITY
HIGHEST: 94 ON 22 GRTST 24HR 1.10 ON 30-30 TO 1/4 MILE OR LESS
LOWEST: 60 ON 2 3 = THUNDER
SNOW, ICE PELLETS, HAIL 4 = ICE PELLETS
TOTAL MONTH: 0.0 INCH 5 = HAIL
GRTST 24HR 0.0 6 = FREEZING RAIN OR DRIZZLE
GRTST DEPTH: 0 7 = DUSTSTORM OR SANDSTORM:
VSBY 1/2 MILE OR LESS
8 = SMOKE OR HAZE
[NO. OF DAYS WITH] [WEATHER - DAYS WITH] 9 = BLOWING SNOW
X = TORNADO
MAX 32 OR BELOW: 0 0.01 INCH OR MORE: 7
MAX 90 OR ABOVE: 7 0.10 INCH OR MORE: 6
MIN 32 OR BELOW: 0 0.50 INCH OR MORE: 2
MIN 0 OR BELOW: 0 1.00 INCH OR MORE: 1
[HDD (BASE 65) ]
TOTAL THIS MO. 0 CLEAR (SCALE 0-3) 18
DPTR FM NORMAL -4 PTCLDY (SCALE 4-7) 12
TOTAL FM JUL 1 67 CLOUDY (SCALE 8-10) 0
DPTR FM NORMAL -193
[CDD (BASE 65) ]
TOTAL THIS MO. 417
DPTR FM NORMAL 164 [PRESSURE DATA]
TOTAL FM JAN 1 1156 HIGHEST SLP 30.16 ON 28
DPTR FM NORMAL 536 LOWEST SLP 29.72 ON 1
[REMARKS]
#FINAL-04-20#