000
CXUS53 KAPX 010830
CF6APX
PRELIMINARY LOCAL CLIMATOLOGICAL DATA (WS FORM: F-6)
STATION: GAYLORD WFO
MONTH: JANUARY
YEAR: 2023
LATITUDE: 45 4 N
LONGITUDE: 84 43 W
TEMPERATURE IN F: :PCPN: SNOW: WIND :SUNSHINE: SKY :PK WND
================================================================================
1 2 3 4 5 6A 6B 7 8 9 10 11 12 13 14 15 16 17 18
12Z AVG MX 2MIN
DY MAX MIN AVG DEP HDD CDD WTR SNW DPTH SPD SPD DIR MIN PSBL S-S WX SPD DR
================================================================================
1 33 29 31 11 34 0 0.12 0.8 1 M M M M M M M M
2 36 31 34 14 31 0 0.00 0.0 1 M M M M M M M M
3 34 30 32 12 33 0 0.24 0.0 1 M M M M M M M M
4 35 32 34 14 31 0 0.19 0.1 T M M M M M M M M
5 33 30 32 12 33 0 0.04 0.6 T M M M M M M M M
6 31 25 28 9 37 0 0.01 0.1 T M M M M M M 1 M M
7 26 21 24 5 41 0 T T T M M M M M M M M
8 27 20 24 5 41 0 T T T M M M M M M M M
9 27 23 25 6 40 0 T T T M M M M M M M M
10 30 26 28 9 37 0 0.01 0.1 T M M M M M M M M
11 34 26 30 12 35 0 0.07 0.3 T M M M M M M M M
12 34 25 30 12 35 0 T T T M M M M M M M M
13 25 12 19 1 46 0 T T T M M M M M M M M
14 30 8 19 1 46 0 0.00 0.0 T M M M M M M M M
15 37 23 30 12 35 0 0.00 0.0 T M M M M M M M M
16 36 27 32 14 33 0 0.14 0.0 T M M M M M M M M
17 38 32 35 17 30 0 0.11 T T M M M M M M M M
18 33 29 31 13 34 0 0.06 0.8 T M M M M M M M M
19 33 26 30 12 35 0 0.49 4.4 1 M M M M M M M M
20 26 20 23 6 42 0 0.03 0.3 5 M M M M M M M M
21 26 21 24 7 41 0 T T 5 M M M M M M M M
22 29 25 27 10 38 0 0.01 0.1 5 M M M M M M M M
23 27 23 25 8 40 0 0.09 1.1 5 M M M M M M M M
24 30 26 28 11 37 0 0.01 0.2 6 M M M M M M M M
25 30 25 28 11 37 0 0.11 0.9 6 M M M M M M M M
26 28 15 22 5 43 0 0.03 0.4 7 M M M M M M M M
27 27 15 21 4 44 0 0.06 1.1 7 M M M M M M M M
28 24 16 20 3 45 0 T T 8 M M M M M M M M
29 21 14 18 1 47 0 0.13 2.1 9 M M M M M M M M
30 17 8 13 -4 52 0 0.04 0.7 9 M M M M M M M M
31 16 5 11 -6 54 0 T 0.2 10 M M M M M M M M
================================================================================
SM 913 688 1207 0 1.99 14.3 M M M
================================================================================
AV 29.5 22.2 M FASTST M M M MAX(MPH)
MISC ----> M M M M
================================================================================
NOTES:
# LAST OF SEVERAL OCCURRENCES
COLUMN 17 PEAK WIND IN M.P.H.
PRELIMINARY LOCAL CLIMATOLOGICAL DATA (WS FORM: F-6) , PAGE 2
STATION: GAYLORD WFO
MONTH: JANUARY
YEAR: 2023
LATITUDE: 45 4 N
LONGITUDE: 84 43 W
[TEMPERATURE DATA] [PRECIPITATION DATA] SYMBOLS USED IN COLUMN 16
AVERAGE MONTHLY: 25.8 TOTAL FOR MONTH: 1.99 1 = FOG OR MIST
DPTR FM NORMAL: 7.6 DPTR FM NORMAL: -1.11 2 = FOG REDUCING VISIBILITY
HIGHEST: 38 ON 17 GRTST 24HR 0.49 ON 19-19 TO 1/4 MILE OR LESS
LOWEST: 5 ON 31 3 = THUNDER
SNOW, ICE PELLETS, HAIL 4 = ICE PELLETS
TOTAL MONTH: 14.3 INCHES 5 = HAIL
GRTST 24HR 4.4 ON 19-19 6 = FREEZING RAIN OR DRIZZLE
GRTST DEPTH: 10 ON 31 7 = DUSTSTORM OR SANDSTORM:
VSBY 1/2 MILE OR LESS
8 = SMOKE OR HAZE
[NO. OF DAYS WITH] [WEATHER - DAYS WITH] 9 = BLOWING SNOW
X = TORNADO
MAX 32 OR BELOW: 19 0.01 INCH OR MORE: 20
MAX 90 OR ABOVE: 0 0.10 INCH OR MORE: 8
MIN 32 OR BELOW: 31 0.50 INCH OR MORE: 0
MIN 0 OR BELOW: 0 1.00 INCH OR MORE: 0
[HDD (BASE 65) ]
TOTAL THIS MO. 1207 CLEAR (SCALE 0-3) 0
DPTR FM NORMAL -245 PTCLDY (SCALE 4-7) 0
TOTAL FM JUL 1 3995 CLOUDY (SCALE 8-10) 31
DPTR FM NORMAL -554
[CDD (BASE 65) ]
TOTAL THIS MO. 0
DPTR FM NORMAL 0 [PRESSURE DATA]
TOTAL FM JAN 1 0 HIGHEST SLP M ON M
DPTR FM NORMAL 0 LOWEST SLP M ON M
[REMARKS]
#FINAL-01-23#