000
CXUS53 KAPX 010730
CF6APX
PRELIMINARY LOCAL CLIMATOLOGICAL DATA (WS FORM: F-6)
STATION: GAYLORD WFO
MONTH: JUNE
YEAR: 2022
LATITUDE: 45 4 N
LONGITUDE: 84 43 W
TEMPERATURE IN F: :PCPN: SNOW: WIND :SUNSHINE: SKY :PK WND
================================================================================
1 2 3 4 5 6A 6B 7 8 9 10 11 12 13 14 15 16 17 18
12Z AVG MX 2MIN
DY MAX MIN AVG DEP HDD CDD WTR SNW DPTH SPD SPD DIR MIN PSBL S-S WX SPD DR
================================================================================
1 73 47 60 0 5 0 0.00 0.0 0 M M M M M M M M
2 70 42 56 -4 9 0 0.00 0.0 0 M M M M M M M M
3 70 40 55 -5 10 0 0.00 0.0 0 M M M M M M M M
4 71 37 54 -6 11 0 0.00 0.0 0 M M M M M M M M
5 71 46 59 -2 6 0 0.05 0.0 0 M M M M M M M M
6 58 51 55 -6 10 0 1.08 0.0 0 M M M M M M M M
7 60 48 54 -7 11 0 T 0.0 0 M M M M M M M M
8 67 44 56 -6 9 0 0.36 0.0 0 M M M M M M M M
9 67 49 58 -4 7 0 T 0.0 0 M M M M M M M M
10 73 45 59 -3 6 0 0.00 0.0 0 M M M M M M M M
11 76 49 63 1 2 0 0.05 0.0 0 M M M M M M M M
12 64 50 57 -6 8 0 0.08 0.0 0 M M M M M M M M
13 70 46 58 -5 7 0 T 0.0 0 M M M M M M M M
14 83 53 68 5 0 3 0.00 0.0 0 M M M M M M M M
15 93 67 80 17 0 15 0.03 0.0 0 M M M M M M 3 M M
16 84 62 73 9 0 8 0.19 0.0 0 M M M M M M M M
17 68 50 59 -5 6 0 0.00 0.0 0 M M M M M M M M
18 67 43 55 -9 10 0 0.00 0.0 0 M M M M M M M M
19 73 45 59 -5 6 0 0.08 0.0 0 M M M M M M M M
20 85 55 70 6 0 5 0.06 0.0 0 M M M M M M M M
21 90 69 80 15 0 15 0.00 0.0 0 M M M M M M M M
22 77 53 65 0 0 0 0.00 0.0 0 M M M M M M M M
23 78 46 62 -3 3 0 0.00 0.0 0 M M M M M M M M
24 88 58 73 8 0 8 0.00 0.0 0 M M M M M M M M
25 89 63 76 11 0 11 0.01 0.0 0 M M M M M M M M
26 72 55 64 -2 1 0 T 0.0 0 M M M M M M M M
27 60 47 54 -12 11 0 T 0.0 0 M M M M M M M M
28 81 47 64 -2 1 0 0.03 0.0 0 M M M M M M M M
29 75 55 65 -1 0 0 T 0.0 0 M M M M M M M M
30 84 56 70 4 0 5 0.04 0.0 0 M M M M M M 3 M M
================================================================================
SM 2237 1518 139 70 2.06 0.0 M M M
================================================================================
AV 74.6 50.6 M FASTST M M M MAX(MPH)
MISC ----> M M M M
================================================================================
NOTES:
# LAST OF SEVERAL OCCURRENCES
COLUMN 17 PEAK WIND IN M.P.H.
PRELIMINARY LOCAL CLIMATOLOGICAL DATA (WS FORM: F-6) , PAGE 2
STATION: GAYLORD WFO
MONTH: JUNE
YEAR: 2022
LATITUDE: 45 4 N
LONGITUDE: 84 43 W
[TEMPERATURE DATA] [PRECIPITATION DATA] SYMBOLS USED IN COLUMN 16
AVERAGE MONTHLY: 62.6 TOTAL FOR MONTH: 2.06 1 = FOG OR MIST
DPTR FM NORMAL: -0.6 DPTR FM NORMAL: -1.28 2 = FOG REDUCING VISIBILITY
HIGHEST: 93 ON 15 GRTST 24HR 1.08 ON 6- 6 TO 1/4 MILE OR LESS
LOWEST: 37 ON 4 3 = THUNDER
SNOW, ICE PELLETS, HAIL 4 = ICE PELLETS
TOTAL MONTH: 0.0 INCH 5 = HAIL
GRTST 24HR 0.0 6 = FREEZING RAIN OR DRIZZLE
GRTST DEPTH: 0 7 = DUSTSTORM OR SANDSTORM:
VSBY 1/2 MILE OR LESS
8 = SMOKE OR HAZE
[NO. OF DAYS WITH] [WEATHER - DAYS WITH] 9 = BLOWING SNOW
X = TORNADO
MAX 32 OR BELOW: 0 0.01 INCH OR MORE: 12
MAX 90 OR ABOVE: 2 0.10 INCH OR MORE: 3
MIN 32 OR BELOW: 0 0.50 INCH OR MORE: 1
MIN 0 OR BELOW: 0 1.00 INCH OR MORE: 1
[HDD (BASE 65) ]
TOTAL THIS MO. 139 CLEAR (SCALE 0-3) 0
DPTR FM NORMAL 20 PTCLDY (SCALE 4-7) 0
TOTAL FM JUL 1 7821 CLOUDY (SCALE 8-10) 30
DPTR FM NORMAL -335
[CDD (BASE 65) ]
TOTAL THIS MO. 70
DPTR FM NORMAL 4 [PRESSURE DATA]
TOTAL FM JAN 1 146 HIGHEST SLP M ON M
DPTR FM NORMAL 60 LOWEST SLP M ON M
[REMARKS]
#FINAL-06-22#