000
CXUS54 KLCH 031415
CF6ARA
PRELIMINARY LOCAL CLIMATOLOGICAL DATA (WS FORM: F-6)
STATION: NEW IBERIA
MONTH: MARCH
YEAR: 2024
LATITUDE: 30 1 N
LONGITUDE: 91 53 W
TEMPERATURE IN F: :PCPN: SNOW: WIND :SUNSHINE: SKY :PK WND
================================================================================
1 2 3 4 5 6A 6B 7 8 9 10 11 12 13 14 15 16 17 18
12Z AVG MX 2MIN
DY MAX MIN AVG DEP HDD CDD WTR SNW DPTH SPD SPD DIR MIN PSBL S-S WX SPD DR
================================================================================
1 59 47 53 -7 12 0 0.29 M M 7.5 15 40 M M 9 13 20 40
2 73 53 63 3 2 0 0.00 M M 5.2 10 160 M M 6 12 14 130
3 79 64 72 12 0 7 0.00 M M 9.4 17 160 M M 7 1 23 170
4 79 65 72 12 0 7 0.07 M M 11.1 23 190 M M 9 1 32 180
5 75 55 65 5 0 0 0.16 M M 6.6 25 340 M M 6 13 33 340
6 83 52 68 7 0 3 T M M 3.3 9 30 M M 2 12 13 50
7 81 55 68 7 0 3 0.00 M M 10.0 21 160 M M 2 12 26 160
8 78 63 71 10 0 6 T M M 14.1 25 170 M M 9 13 33 180
9 65 53 59 -2 6 0 0.00 M M 11.6 22 330 M M 5 29 350
10 68 43 56 -6 9 0 0.00 M M 6.3 15 20 M M 0 21 360
11 71 46 59 -3 6 0 0.00 0.0 M 4.6 12 200 M M 0 15 200
12 74 47 61 -1 4 0 0.00 0.0 M 6.6 16 170 M M 2 128 21 180
13 80 60 70 8 0 5 0.00 M M 10.7 21 170 M M 7 1 28 180
14 83 68 76 14 0 11 0.02 M M 15.8 26 170 M M 9 138 35 150
15 80 63 72 10 0 7 0.30 M M 9.7 33 10 M M 9 138 45 10
16 78 61 70 7 0 5 0.00 M M 6.2 15 10 M M 4 1 19 10
17 75 61 68 5 0 3 0.93 M M 8.6 22 230 M M 6 1238 29 220
18 69 50 60 -3 5 0 0.00 M M 14.4 26 360 M M 3 36 360
19 63 41 52 -11 13 0 0.00 0.0 M 6.2 14 40 M M 0 8 18 80
20 68 44 56 -8 9 0 0.00 M M 2.7 10 200 M M 6 14 190
21 65 53 59 -5 6 0 0.39 M M 7.1 17 110 M M 8 138 22 110
22 75 56 66 2 0 1 1.26 M M 11.0 21 310 M M 5 13 28 310
23 74 54 64 0 1 0 0.00 M M 12.1 20 20 M M 2 30 350
24 71 50 61 -3 4 0 0.00 M M 11.8 20 130 M M 1 18 26 120
25 76 60 68 4 0 3 0.31 M M 18.8 37 150 M M 8 138 53 150
26 75 55 65 0 0 0 0.94 M M 6.3 17 40 M M 4 13 22 30
27 70 49 60 -5 5 0 0.00 M M 9.2 20 10 M M 1 25 360
28 73 44 59 -6 6 0 0.00 0.0 0 4.7 14 30 M M 0 21 20
29 74 44 59 -6 6 0 0.00 M M 6.6 21 180 M M 0 1 26 190
30 78 54 66 0 0 1 0.00 M M 6.9 17 190 M M 4 1 23 190
31 80 65 73 7 0 8 0.00 M M 10.4 21 180 M M 4 1 26 170
================================================================================
SM 2292 1675 94 70 4.67 0.0 275.5 M 138
================================================================================
AV 73.9 54.0 8.9 FASTST M M 4 MAX(MPH)
MISC ----> 37 150 53 150
================================================================================
NOTES:
# LAST OF SEVERAL OCCURRENCES
COLUMN 17 PEAK WIND IN M.P.H.
PRELIMINARY LOCAL CLIMATOLOGICAL DATA (WS FORM: F-6) , PAGE 2
STATION: NEW IBERIA
MONTH: MARCH
YEAR: 2024
LATITUDE: 30 1 N
LONGITUDE: 91 53 W
[TEMPERATURE DATA] [PRECIPITATION DATA] SYMBOLS USED IN COLUMN 16
AVERAGE MONTHLY: 64.0 TOTAL FOR MONTH: 4.67 1 = FOG OR MIST
DPTR FM NORMAL: 1.3 DPTR FM NORMAL: 1.76 2 = FOG REDUCING VISIBILITY
HIGHEST: 83 ON 14, 6 GRTST 24HR 1.65 ON 21-22 TO 1/4 MILE OR LESS
LOWEST: 41 ON 19 3 = THUNDER
SNOW, ICE PELLETS, HAIL 4 = ICE PELLETS
TOTAL MONTH: 0.0 INCH 5 = HAIL
GRTST 24HR 0.0 6 = FREEZING RAIN OR DRIZZLE
GRTST DEPTH: 0 7 = DUSTSTORM OR SANDSTORM:
VSBY 1/2 MILE OR LESS
8 = SMOKE OR HAZE
[NO. OF DAYS WITH] [WEATHER - DAYS WITH] 9 = BLOWING SNOW
X = TORNADO
MAX 32 OR BELOW: 0 0.01 INCH OR MORE: 10
MAX 90 OR ABOVE: 0 0.10 INCH OR MORE: 8
MIN 32 OR BELOW: 0 0.50 INCH OR MORE: 3
MIN 0 OR BELOW: 0 1.00 INCH OR MORE: 1
[HDD (BASE 65) ]
TOTAL THIS MO. 94 CLEAR (SCALE 0-3) 11
DPTR FM NORMAL -43 PTCLDY (SCALE 4-7) 14
TOTAL FM JUL 1 1239 CLOUDY (SCALE 8-10) 6
DPTR FM NORMAL -87
[CDD (BASE 65) ]
TOTAL THIS MO. 70
DPTR FM NORMAL 5 [PRESSURE DATA]
TOTAL FM JAN 1 95 HIGHEST SLP 30.31 ON 19
DPTR FM NORMAL -10 LOWEST SLP 29.55 ON 25
[REMARKS]
#FINAL-03-24#