169
CXUS56 KPQR 071948
CF6AST
PRELIMINARY LOCAL CLIMATOLOGICAL DATA (WS FORM: F-6)
STATION: ASTORIA OR
MONTH: SEPTEMBER
YEAR: 2020
LATITUDE: 46 9 N
LONGITUDE: 123 53 W
TEMPERATURE IN F: :PCPN: SNOW: WIND :SUNSHINE: SKY :PK WND
================================================================================
1 2 3 4 5 6A 6B 7 8 9 10 11 12 13 14 15 16 17 18
12Z AVG MX 2MIN
DY MAX MIN AVG DEP HDD CDD WTR SNW DPTH SPD SPD DIR MIN PSBL S-S WX SPD DR
================================================================================
1 73 51 62 2 3 0 0.00 M M 6.4 18 310 M M 3 12 23 320
2 72 54 63 3 2 0 0.00 M M 8.1 21 310 M M 5 12 24 310
3 85 49 67 7 0 2 0.00 M M 6.1 13 320 M M 0 1 17 320
4 65 51 58 -2 7 0 0.00 M M 7.7 21 220 M M 7 1 27 220
5 71 53 62 2 3 0 0.00 M M 5.5 14 310 M M 5 19 310
6 74 49 62 2 3 0 0.00 M M 5.7 18 300 M M 2 1 24 310
7 85 56 71 11 0 6 0.00 M M 10.1 25 110 M M 6 128 35 100
8 84 62 73 13 0 8 0.00 M M 16.6 28 100 M M 5 8 40 110
9 87 55 71 11 0 6 0.00 M M 10.6 24 70 M M 10 8 29 70
10 64 51 58 -2 7 0 0.00 M M 5.7 15 250 M M 10 18 21 210
11 59 52 56 -3 9 0 0.00 M M 1.8 7 240 M M 10 18 8 140
12 63 52 58 -1 7 0 0.00 M M 3.2 8 240 M M 10 128 10 20
13 65 53 59 0 6 0 0.00 M M 3.7 12 250 M M 10 128 13 250
14 65 56 61 2 4 0 0.11 M M 3.8 14 230 M M 10 18 17 230
15 70 60 65 6 0 0 0.34 M M 2.3 9 240 M M 9 18 11 250
16 69 60 65 6 0 0 T M M 3.3 16 210 M M 9 128 22 200
17 67 58 63 5 2 0 T M M 3.3 9 120 M M 10 128 11 130
18 61 57 59 1 6 0 0.04 M M 5.1 12 240 M M 10 12 14 240
19 65 58 62 4 3 0 0.11 M M 8.0 16 230 M M 10 1 21 230
20 71 53 62 4 3 0 T M M 4.0 12 40 M M 5 1 14 30
21 67 52 60 2 5 0 0.01 M M 5.9 14 240 M M 8 12 18 220
22 66 52 59 1 6 0 T M M 4.6 14 240 M M 4 12 18 260
23 65 58 62 5 3 0 1.69 M M 16.7 32 190 M M 10 1 47 180
24 66 60 63 6 2 0 0.00 M M 13.4 21 190 M M 9 18 30 200
25 63 56 60 3 5 0 0.55 M M 13.0 31 200 M M 8 1 47 190
26 65 56 61 4 4 0 0.07 M M 8.4 17 220 M M 5 1 24 210
27 69 50 60 4 5 0 0.00 M M 5.6 15 30 M M 4 12 17 30
28 81 56 69 13 0 4 0.00 M M 12.4 22 70 M M 0 28 70
29 83 56 70 14 0 5 0.00 M M 5.9 13 60 M M 0 16 50
30 62 50 56 0 9 0 0.00 M M 4.1 14 240 M M 7 1 19 230
================================================================================
SM 2102 1636 104 31 2.92 M 211.0 M 201
================================================================================
AV 70.1 54.5 7.0 FASTST M M 7 MAX(MPH)
MISC ----> 32 190 # 47 180
================================================================================
NOTES:
# LAST OF SEVERAL OCCURRENCES
COLUMN 17 PEAK WIND IN M.P.H.
PRELIMINARY LOCAL CLIMATOLOGICAL DATA (WS FORM: F-6) , PAGE 2
STATION: ASTORIA OR
MONTH: SEPTEMBER
YEAR: 2020
LATITUDE: 46 9 N
LONGITUDE: 123 53 W
[TEMPERATURE DATA] [PRECIPITATION DATA] SYMBOLS USED IN COLUMN 16
AVERAGE MONTHLY: 62.3 TOTAL FOR MONTH: 2.92 1 = FOG OR MIST
DPTR FM NORMAL: 3.8 DPTR FM NORMAL: 0.78 2 = FOG REDUCING VISIBILITY
HIGHEST: 87 ON 9 GRTST 24HR 1.69 ON 22-23 TO 1/4 MILE OR LESS
LOWEST: 49 ON 6, 3 3 = THUNDER
SNOW, ICE PELLETS, HAIL 4 = ICE PELLETS
TOTAL MONTH: M 5 = HAIL
GRTST 24HR M ON M 6 = FREEZING RAIN OR DRIZZLE
GRTST DEPTH: M ON M 7 = DUSTSTORM OR SANDSTORM:
VSBY 1/2 MILE OR LESS
8 = SMOKE OR HAZE
[NO. OF DAYS WITH] [WEATHER - DAYS WITH] 9 = BLOWING SNOW
X = TORNADO
MAX 32 OR BELOW: 0 0.01 INCH OR MORE: 8
MAX 90 OR ABOVE: 0 0.10 INCH OR MORE: 5
MIN 32 OR BELOW: 0 0.50 INCH OR MORE: 2
MIN 0 OR BELOW: 0 1.00 INCH OR MORE: 1
[HDD (BASE 65) ]
TOTAL THIS MO. 104 CLEAR (SCALE 0-3) 5
DPTR FM NORMAL -96 PTCLDY (SCALE 4-7) 11
TOTAL FM JUL 1 357 CLOUDY (SCALE 8-10) 14
DPTR FM NORMAL -124
[CDD (BASE 65) ]
TOTAL THIS MO. 31
DPTR FM NORMAL 26 [PRESSURE DATA]
TOTAL FM JAN 1 41 HIGHEST SLP 30.43 ON 27
DPTR FM NORMAL 29 LOWEST SLP 29.69 ON 25
[REMARKS]
#FINAL-09-20#