000
CXUS52 KFFC 011110
CF6ATL
PRELIMINARY LOCAL CLIMATOLOGICAL DATA (WS FORM: F-6)
STATION: ATLANTA
MONTH: JANUARY
YEAR: 2021
LATITUDE: 33 39 N
LONGITUDE: 84 26 W
TEMPERATURE IN F: :PCPN: SNOW: WIND :SUNSHINE: SKY :PK WND
================================================================================
1 2 3 4 5 6A 6B 7 8 9 10 11 12 13 14 15 16 17 18
12Z AVG MX 2MIN
DY MAX MIN AVG DEP HDD CDD WTR SNW DPTH SPD SPD DIR MIN PSBL S-S WX SPD DR
================================================================================
1 68 56 62 19 3 0 1.23 0.0 0 9.3 16 130 M M 10 12 22 200
2 64 54 59 16 6 0 0.00 0.0 0 5.2 12 240 M M 7 17 250
3 54 37 46 3 19 0 0.00 0.0 0 10.9 22 300 M M 7 28 300
4 59 34 47 4 18 0 0.00 0.0 0 6.6 12 270 M M 3 15 300
5 58 41 50 7 15 0 0.00 0.0 0 10.8 21 330 M M 3 29 330
6 56 32 44 1 21 0 0.00 0.0 0 4.0 13 330 M M 6 19 350
7 46 36 41 -2 24 0 0.17 0.0 0 11.5 23 80 M M 8 1 30 60
8 42 37 40 -3 25 0 0.15 0.0 M 11.5 23 320 M M 10 1 31 320
9 38 31 35 -8 30 0 0.00 0.0 0 14.8 24 320 M M 9 31 310
10 48 28 38 -5 27 0 0.00 0.0 0 5.1 14 320 M M 5 20 320
11 45 40 43 0 22 0 0.22 M M 7.1 14 30 M M 10 1 17 40
12 43 34 39 -4 26 0 T 0.0 0 9.1 16 310 M M 9 1 21 300
13 50 30 40 -3 25 0 0.00 0.0 0 7.9 15 260 M M 4 1 21 320
14 57 30 44 1 21 0 0.00 0.0 M 6.9 15 240 M M 2 23 230
15 56 39 48 5 17 0 0.00 0.0 M 10.4 22 280 M M 5 31 280
16 45 32 39 -4 26 0 0.00 0.0 M 10.1 26 290 M M 4 35 270
17 51 32 42 -1 23 0 T 0.0 0 6.4 17 250 M M 6 25 220
18 55 35 45 2 20 0 0.00 0.0 M 8.5 21 270 M M 1 33 290
19 60 34 47 4 18 0 0.00 0.0 0 6.4 16 260 M M 5 22 240
20 56 44 50 7 15 0 0.00 0.0 0 10.4 20 320 M M 8 29 330
21 53 42 48 5 17 0 0.10 0.0 0 8.2 16 240 M M 10 1 25 250
22 59 42 51 7 14 0 0.07 0.0 M 6.7 15 340 M M 7 1 19 340
23 63 35 49 5 16 0 0.00 0.0 M 6.0 14 330 M M 3 22 340
24 62 39 51 7 14 0 T M M 7.5 14 140 M M 7 19 150
25 67 48 58 14 7 0 0.02 M M 7.3 18 190 M M 9 1 31 220
26 69 57 63 19 2 0 0.40 0.0 0 7.4 23 220 M M 8 13 34 220
27 60 43 52 8 13 0 0.92 0.0 0 10.3 31 310 M M 9 1 44 310
28 47 34 41 -3 24 0 0.00 0.0 0 17.2 29 330 M M 4 42 340
29 53 29 41 -3 24 0 0.00 0.0 M 6.8 15 320 M M 5 21 350
30 52 33 43 -1 22 0 T M M 7.4 17 110 M M 7 5 24 110
31 47 41 44 0 21 0 0.34 M M 8.7 20 300 M M 10 1 29 120
================================================================================
SM 1683 1179 575 0 3.62 0.0 266.4 M 201
================================================================================
AV 54.3 38.0 8.6 FASTST M M 6 MAX(MPH)
MISC ----> 31 310 44 310
================================================================================
NOTES:
# LAST OF SEVERAL OCCURRENCES
COLUMN 17 PEAK WIND IN M.P.H.
PRELIMINARY LOCAL CLIMATOLOGICAL DATA (WS FORM: F-6) , PAGE 2
STATION: ATLANTA
MONTH: JANUARY
YEAR: 2021
LATITUDE: 33 39 N
LONGITUDE: 84 26 W
[TEMPERATURE DATA] [PRECIPITATION DATA] SYMBOLS USED IN COLUMN 16
AVERAGE MONTHLY: 46.2 TOTAL FOR MONTH: 3.62 1 = FOG OR MIST
DPTR FM NORMAL: 2.9 DPTR FM NORMAL: -0.58 2 = FOG REDUCING VISIBILITY
HIGHEST: 69 ON 26 GRTST 24HR 1.23 ON 1- 1 TO 1/4 MILE OR LESS
LOWEST: 28 ON 10 3 = THUNDER
SNOW, ICE PELLETS, HAIL 4 = ICE PELLETS
TOTAL MONTH: 0.0 INCH 5 = HAIL
GRTST 24HR 0.0 6 = FREEZING RAIN OR DRIZZLE
GRTST DEPTH: 0 7 = DUSTSTORM OR SANDSTORM:
VSBY 1/2 MILE OR LESS
8 = SMOKE OR HAZE
[NO. OF DAYS WITH] [WEATHER - DAYS WITH] 9 = BLOWING SNOW
X = TORNADO
MAX 32 OR BELOW: 0 0.01 INCH OR MORE: 10
MAX 90 OR ABOVE: 0 0.10 INCH OR MORE: 8
MIN 32 OR BELOW: 8 0.50 INCH OR MORE: 2
MIN 0 OR BELOW: 0 1.00 INCH OR MORE: 1
[HDD (BASE 65) ]
TOTAL THIS MO. 575 CLEAR (SCALE 0-3) 5
DPTR FM NORMAL -98 PTCLDY (SCALE 4-7) 16
TOTAL FM JUL 1 1413 CLOUDY (SCALE 8-10) 10
DPTR FM NORMAL -341
[CDD (BASE 65) ]
TOTAL THIS MO. 0
DPTR FM NORMAL 0 [PRESSURE DATA]
TOTAL FM JAN 1 0 HIGHEST SLP 30.45 ON 28
DPTR FM NORMAL 0 LOWEST SLP 29.67 ON 15
[REMARKS]
#FINAL-01-21#