000
CXUS54 KMAF 011110
CF6ATS
PRELIMINARY LOCAL CLIMATOLOGICAL DATA (WS FORM: F-6)
STATION: ARTESIA
MONTH: AUGUST
YEAR: 2022
LATITUDE: 32 54 N
LONGITUDE: 104 30 W
TEMPERATURE IN F: :PCPN: SNOW: WIND :SUNSHINE: SKY :PK WND
================================================================================
1 2 3 4 5 6A 6B 7 8 9 10 11 12 13 14 15 16 17 18
12Z AVG MX 2MIN
DY MAX MIN AVG DEP HDD CDD WTR SNW DPTH SPD SPD DIR MIN PSBL S-S WX SPD DR
================================================================================
1 100 72 86 M 0 21 0.00 M M 8.5 14 140 M M 0 23 280
2 100 72 86 M 0 21 0.00 M M 9.3 14 140 M M 0 20 140
3 102 75 89 M 0 24 0.02 M M 10.8 25 280 M M 2 3 32 340
4 97 75 86 M 0 21 0.15 M M 12.2 24 340 M M 1 3 29 330
5 99 73 86 M 0 21 0.00 M M 7.8 14 130 M M 0 25 140
6 97 73 85 M 0 20 0.00 M M 9.4 16 150 M M 0 27 100
7 95 73 84 M 0 19 0.00 M M 8.1 16 130 M M 0 18 100
8 95 73 84 M 0 19 0.00 M M 7.1 14 M M M 1 20 110
9 95 72 84 M 0 19 0.00 M M 8.2 17 120 M M 1 24 110
10 90 75 83 M 0 18 0.00 M M 8.9 14 40 M M 2 20 30
11 84 68 76 M 0 11 0.02 M M 8.5 17 340 M M 3 23 340
12 93 68 81 M 0 16 0.00 M M 4.6 10 150 M M 2 18 120
13 95 70 83 M 0 18 0.00 M M 4.7 9 180 M M 0 18 80
14 97 70 84 M 0 19 0.00 M M 6.9 12 120 M M 0 18 120
15 95 70 83 M 0 18 0.00 M M 10.2 16 150 M M 1 24 150
16 84 68 76 M 0 11 0.00 M M 7.1 25 170 M M 2 38 170
17 86 72 79 M 0 14 0.04 M M 8.0 25 120 M M 4 32 280
18 84 68 76 M 0 11 0.00 M M 5.1 9 130 M M 7 16 130
19 86 68 77 M 0 12 0.01 M M 7.8 20 190 M M 5 31 160
20 77 68 73 M 0 8 0.96 M M 8.9 22 130 M M 8 22 150
21 81 66 74 M 0 9 0.00 M M 10.7 15 360 M M 6 21 360
22 82 66 74 M 0 9 0.00 M M 10.6 15 10 M M 7 21 330
23 84 66 75 M 0 10 0.00 M M 5.8 12 120 M M 4 16 99
24 86 68 77 M 0 12 0.00 M M 5.2 9 30 M M 2 15 140
25 88 66 77 M 0 12 0.00 M M 3.4 7 230 M M 1 M M
26 90 68 79 M 0 14 0.00 M M 6.7 13 180 M M 0 20 180
27 91 68 80 M 0 15 0.00 M M 9.1 16 180 M M 1 21 170
28 95 70 83 M 0 18 0.00 M M 8.0 17 260 M M 0 26 250
29 93 66 80 M 0 15 0.22 M M 11.9 26 360 M M 1 36 330
30 73 64 69 M 0 4 0.00 M M 7.9 20 270 M M 5 30 240
31 79 66 73 M 0 8 0.01 M M 6.9 12 150 M M 7 22 150
================================================================================
SM 2793 2157 0 467 1.43 M 248.2 M 73
================================================================================
AV 90.1 69.6 8.0 FASTST M M 2 MAX(MPH)
MISC ----> 26 360 38 170
================================================================================
NOTES:
# LAST OF SEVERAL OCCURRENCES
COLUMN 17 PEAK WIND IN M.P.H.
PRELIMINARY LOCAL CLIMATOLOGICAL DATA (WS FORM: F-6) , PAGE 2
STATION: ARTESIA
MONTH: AUGUST
YEAR: 2022
LATITUDE: 32 54 N
LONGITUDE: 104 30 W
[TEMPERATURE DATA] [PRECIPITATION DATA] SYMBOLS USED IN COLUMN 16
AVERAGE MONTHLY: 79.8 TOTAL FOR MONTH: 1.43 1 = FOG OR MIST
DPTR FM NORMAL: 0.0 DPTR FM NORMAL: M 2 = FOG REDUCING VISIBILITY
HIGHEST: 102 ON 3 GRTST 24HR 0.96 ON 20-20 TO 1/4 MILE OR LESS
LOWEST: 64 ON 30 3 = THUNDER
SNOW, ICE PELLETS, HAIL 4 = ICE PELLETS
TOTAL MONTH: M 5 = HAIL
GRTST 24HR M ON M 6 = FREEZING RAIN OR DRIZZLE
GRTST DEPTH: M ON M 7 = DUSTSTORM OR SANDSTORM:
VSBY 1/2 MILE OR LESS
8 = SMOKE OR HAZE
[NO. OF DAYS WITH] [WEATHER - DAYS WITH] 9 = BLOWING SNOW
X = TORNADO
MAX 32 OR BELOW: 0 0.01 INCH OR MORE: 8
MAX 90 OR ABOVE: 18 0.10 INCH OR MORE: 3
MIN 32 OR BELOW: 0 0.50 INCH OR MORE: 1
MIN 0 OR BELOW: 0 1.00 INCH OR MORE: 0
[HDD (BASE 65) ]
TOTAL THIS MO. 0 CLEAR (SCALE 0-3) 22
DPTR FM NORMAL M PTCLDY (SCALE 4-7) 9
TOTAL FM JUL 1 0 CLOUDY (SCALE 8-10) 0
DPTR FM NORMAL M
[CDD (BASE 65) ]
TOTAL THIS MO. 467
DPTR FM NORMAL M [PRESSURE DATA]
TOTAL FM JAN 1 2008 HIGHEST SLP M ON M
DPTR FM NORMAL M LOWEST SLP M ON M
[REMARKS]
#FINAL-08-22#