000
CXUS54 KEWX 181422
CF6ATT
PRELIMINARY LOCAL CLIMATOLOGICAL DATA (WS FORM: F-6)
STATION: AUSTIN CAMP MABRY
MONTH: OCTOBER
YEAR: 2021
LATITUDE: 30 17 N
LONGITUDE: 97 42 W
TEMPERATURE IN F: :PCPN: SNOW: WIND :SUNSHINE: SKY :PK WND
================================================================================
1 2 3 4 5 6A 6B 7 8 9 10 11 12 13 14 15 16 17 18
12Z AVG MX 2MIN
DY MAX MIN AVG DEP HDD CDD WTR SNW DPTH SPD SPD DIR MIN PSBL S-S WX SPD DR
================================================================================
1 88 68 78 1 0 13 0.97 0.0 0 2.7 15 340 M M 6 13 30 340
2 88 76 82 6 0 17 T 0.0 0 0.8 6 150 M M 2 10 110
3 90 70 80 4 0 15 0.00 0.0 0 2.2 9 20 M M 2 15 10
4 92 65 79 3 0 14 0.00 0.0 0 2.4 12 10 M M 1 21 340
5 91 64 78 3 0 13 0.00 0.0 0 3.3 12 20 M M 0 19 30
6 90 60 75 0 0 10 0.00 0.0 0 2.3 7 140 M M 1 13 140
7 91 65 78 3 0 13 0.00 0.0 0 2.3 10 130 M M 0 19 150
8 91 66 79 5 0 14 0.00 0.0 0 3.0 9 160 M M 0 17 180
9 89 65 77 3 0 12 0.00 0.0 0 3.8 10 170 M M 0 21 150
10 92 64 78 4 0 13 0.56 0.0 0 7.9 17 320 M M 8 13 35 290
11 84 62 73 -1 0 8 0.05 0.0 0 2.1 8 340 M M 4 13 13 340
12 88 69 79 6 0 14 0.04 0.0 0 6.1 17 150 M M 8 1 30 150
13 89 68 79 6 0 14 2.45 0.0 0 5.9 16 150 M M 9 13 31 150
14 79 68 74 2 0 9 0.47 0.0 0 0.7 8 130 M M 7 13 12 140
15 91 65 78 6 0 13 0.00 0.0 0 5.7 14 10 M M 3 1 26 340
16 75 54 65 -7 0 0 0.00 0.0 0 4.5 13 20 M M 0 24 10
17 75 50 63 -8 2 0 0.00 0.0 0 1.0 6 100 M M 0 13 180
18 78 49 64 -7 1 0 0.00 0.0 0 3.1 10 140 M M 0 18 170
19 84 58 71 0 0 6 0.00 0.0 0 4.2 13 140 M M 1 24 150
20 85 67 76 6 0 11 0.00 0.0 0 0.5 6 140 M M 6 11 240
21 86 64 75 5 0 10 0.00 0.0 0 0.7 8 360 M M 3 16 10
22 87 65 76 6 0 11 0.00 0.0 0 2.3 9 120 M M 1 16 180
23 89 70 80 11 0 15 0.00 0.0 0 5.1 13 160 M M 5 1 23 160
24 87 70 79 10 0 14 T 0.0 0 3.4 10 150 M M 6 1 19 150
25 90 70 80 12 0 15 0.00 0.0 0 2.4 12 140 M M 3 1 17 150
26 87 72 80 12 0 15 0.00 0.0 0 7.1 16 150 M M 5 28 170
27 78 55 67 -1 0 2 0.76 0.0 0 7.0 21 290 M M 3 13 37 280
28 79 56 68 1 0 3 0.00 0.0 0 8.7 22 330 M M 0 43 320
29 76 52 64 -3 1 0 0.00 0.0 0 6.7 16 340 M M 0 33 350
30 82 51 67 0 0 2 0.00 0.0 0 2.1 8 310 M M 0 17 290
31 84 52 68 2 0 3 0.00 0.0 0 2.9 13 110 M M 0 21 80
================================================================================
SM 2655 1950 4 299 5.30 0.0 112.9 M 84
================================================================================
AV 85.6 62.9 3.6 FASTST M M 3 MAX(MPH)
MISC ----> 22 330 43 320
================================================================================
NOTES:
# LAST OF SEVERAL OCCURRENCES
COLUMN 17 PEAK WIND IN M.P.H.
PRELIMINARY LOCAL CLIMATOLOGICAL DATA (WS FORM: F-6) , PAGE 2
STATION: AUSTIN CAMP MABRY
MONTH: OCTOBER
YEAR: 2021
LATITUDE: 30 17 N
LONGITUDE: 97 42 W
[TEMPERATURE DATA] [PRECIPITATION DATA] SYMBOLS USED IN COLUMN 16
AVERAGE MONTHLY: 74.3 TOTAL FOR MONTH: 5.30 1 = FOG OR MIST
DPTR FM NORMAL: 2.7 DPTR FM NORMAL: 1.39 2 = FOG REDUCING VISIBILITY
HIGHEST: 92 ON 10, 4 GRTST 24HR 2.92 ON 13-14 TO 1/4 MILE OR LESS
LOWEST: 49 ON 18 3 = THUNDER
SNOW, ICE PELLETS, HAIL 4 = ICE PELLETS
TOTAL MONTH: 0.0 INCH 5 = HAIL
GRTST 24HR 0.0 6 = FREEZING RAIN OR DRIZZLE
GRTST DEPTH: 0 7 = DUSTSTORM OR SANDSTORM:
VSBY 1/2 MILE OR LESS
8 = SMOKE OR HAZE
[NO. OF DAYS WITH] [WEATHER - DAYS WITH] 9 = BLOWING SNOW
X = TORNADO
MAX 32 OR BELOW: 0 0.01 INCH OR MORE: 7
MAX 90 OR ABOVE: 9 0.10 INCH OR MORE: 5
MIN 32 OR BELOW: 0 0.50 INCH OR MORE: 4
MIN 0 OR BELOW: 0 1.00 INCH OR MORE: 1
[HDD (BASE 65) ]
TOTAL THIS MO. 4 CLEAR (SCALE 0-3) 20
DPTR FM NORMAL -28 PTCLDY (SCALE 4-7) 9
TOTAL FM JUL 1 4 CLOUDY (SCALE 8-10) 2
DPTR FM NORMAL -27
[CDD (BASE 65) ]
TOTAL THIS MO. 299
DPTR FM NORMAL 61 [PRESSURE DATA]
TOTAL FM JAN 1 3270 HIGHEST SLP 30.37 ON 16
DPTR FM NORMAL 58 LOWEST SLP 29.53 ON 27
[REMARKS]
#FINAL-10-21#