000
CXUS53 KGRB 021221
CF6ATW
PRELIMINARY LOCAL CLIMATOLOGICAL DATA (WS FORM: F-6)
STATION: APPLETON WI
MONTH: JULY
YEAR: 2022
LATITUDE: 44 16 N
LONGITUDE: 88 31 W
TEMPERATURE IN F: :PCPN: SNOW: WIND :SUNSHINE: SKY :PK WND
================================================================================
1 2 3 4 5 6A 6B 7 8 9 10 11 12 13 14 15 16 17 18
12Z AVG MX 2MIN
DY MAX MIN AVG DEP HDD CDD WTR SNW DPTH SPD SPD DIR MIN PSBL S-S WX SPD DR
================================================================================
1 75 63 69 -2 0 4 M M M 8.6 12 250 M M 3 M M
2 81 54 68 -3 0 3 M M M 7.5 13 230 M M 4 20 230
3 81 54 68 -3 0 3 M M M 4.7 9 160 M M 4 M M
4 79 64 72 0 0 7 M M M 6.4 13 200 M M 7 123 M M
5 82 66 74 2 0 9 M M M 4.5 10 80 M M 8 12 20 80
6 73 64 69 -3 0 4 M M M 8.3 13 40 M M 9 1 18 80
7 82 61 72 0 0 7 M M M 2.7 6 140 M M 4 M M
8 72 61 67 -5 0 2 M M M 10.7 17 70 M M 7 23 70
9 77 54 66 -6 0 1 M M M 3.6 10 60 M M 2 M M
10 79 55 67 -5 0 2 M M M 7.4 15 290 M M 2 16 210
11 82 63 73 1 0 8 M M M 11.3 18 270 M M 6 3 25 340
12 81 59 70 -2 0 5 M M M 10.5 17 290 M M 5 29 290
13 73 59 66 -6 0 1 M M M 6.6 12 30 M M 6 1 16 40
14 77 57 67 -5 0 2 M M M 4.6 10 130 M M 2 M M
15 66 57 62 -10 3 0 M M M 4.9 10 60 M M 8 13 M M
16 79 55 67 -5 0 2 M M M 2.7 6 99 M M 6 1 M M
17 81 59 70 -2 0 5 M M M 2.7 6 350 M M 5 M M
18 88 63 76 4 0 11 M M M 7.9 14 260 M M 3 20 270
19 84 68 76 4 0 11 M M M 11.5 21 210 M M 4 24 200
20 81 68 75 3 0 10 M M M 13.0 20 290 M M 5 29 270
21 84 63 74 2 0 9 M M M 9.8 14 290 M M 2 22 290
22 88 59 74 2 0 9 M M M 10.4 20 230 M M 3 21 270
23 88 64 76 4 0 11 M M M 5.6 39 210 M M 3 3 53 210
24 79 61 70 -2 0 5 0.07 M M 10.3 20 280 M M 7 1 29 290
25 75 55 65 -7 0 0 M M M 7.9 15 300 M M 4 21 300
26 79 57 68 -4 0 3 M M M 4.4 8 260 M M 2 M M
27 81 66 74 2 0 9 M M M 9.8 14 280 M M 6 23 260
28 73 57 65 -7 0 0 M M M 10.9 20 290 M M 4 25 280
29 75 54 65 -7 0 0 M M M 8.0 15 280 M M 3 M M
30 81 55 68 -4 0 3 M M M 7.2 12 210 M M 2 17 210
31 82 63 73 1 0 8 M M M 9.0 16 210 M M 6 22 210
================================================================================
SM 2458 1858 3 154 0.07 M 233.5 M 142
================================================================================
AV 79.3 59.9 7.5 FASTST M M 5 MAX(MPH)
MISC ----> 39 210 53 210
================================================================================
NOTES:
# LAST OF SEVERAL OCCURRENCES
COLUMN 17 PEAK WIND IN M.P.H.
PRELIMINARY LOCAL CLIMATOLOGICAL DATA (WS FORM: F-6) , PAGE 2
STATION: APPLETON WI
MONTH: JULY
YEAR: 2022
LATITUDE: 44 16 N
LONGITUDE: 88 31 W
[TEMPERATURE DATA] [PRECIPITATION DATA] SYMBOLS USED IN COLUMN 16
AVERAGE MONTHLY: 69.6 TOTAL FOR MONTH: 0.07 1 = FOG OR MIST
DPTR FM NORMAL: -2.3 DPTR FM NORMAL: -3.57 2 = FOG REDUCING VISIBILITY
HIGHEST: 88 ON 23,22 GRTST 24HR 0.07 ON 24-24 TO 1/4 MILE OR LESS
LOWEST: 54 ON 29, 9 3 = THUNDER
SNOW, ICE PELLETS, HAIL 4 = ICE PELLETS
TOTAL MONTH: M 5 = HAIL
GRTST 24HR M ON M 6 = FREEZING RAIN OR DRIZZLE
GRTST DEPTH: M ON M 7 = DUSTSTORM OR SANDSTORM:
VSBY 1/2 MILE OR LESS
8 = SMOKE OR HAZE
[NO. OF DAYS WITH] [WEATHER - DAYS WITH] 9 = BLOWING SNOW
X = TORNADO
MAX 32 OR BELOW: 0 0.01 INCH OR MORE: 1
MAX 90 OR ABOVE: 0 0.10 INCH OR MORE: 0
MIN 32 OR BELOW: 0 0.50 INCH OR MORE: 0
MIN 0 OR BELOW: 0 1.00 INCH OR MORE: 0
[HDD (BASE 65) ]
TOTAL THIS MO. 3 CLEAR (SCALE 0-3) 9
DPTR FM NORMAL -7 PTCLDY (SCALE 4-7) 20
TOTAL FM JUL 1 3 CLOUDY (SCALE 8-10) 2
DPTR FM NORMAL 1
[CDD (BASE 65) ]
TOTAL THIS MO. 154
DPTR FM NORMAL -68 [PRESSURE DATA]
TOTAL FM JAN 1 322 HIGHEST SLP M ON M
DPTR FM NORMAL -65 LOWEST SLP M ON M
[REMARKS]
#FINAL-07-22#