586
CXUS53 KGRB 180808
CF6ATW
PRELIMINARY LOCAL CLIMATOLOGICAL DATA (WS FORM: F-6)
STATION: APPLETON WI
MONTH: MARCH
YEAR: 2021
LATITUDE: 44 16 N
LONGITUDE: 88 31 W
TEMPERATURE IN F: :PCPN: SNOW: WIND :SUNSHINE: SKY :PK WND
================================================================================
1 2 3 4 5 6A 6B 7 8 9 10 11 12 13 14 15 16 17 18
12Z AVG MX 2MIN
DY MAX MIN AVG DEP HDD CDD WTR SNW DPTH SPD SPD DIR MIN PSBL S-S WX SPD DR
================================================================================
1 28 16 22 -3 43 0 M M M 12.3 17 310 M M 2 25 320
2 36 14 25 -1 40 0 M M M 14.5 25 210 M M 2 35 210
3 46 27 37 11 28 0 M M M 7.0 12 280 M M 1 M M
4 34 21 28 2 37 0 M M M 5.0 10 20 M M 1 M M
5 45 23 34 7 31 0 M M M 5.5 12 270 M M 3 M M
6 45 21 33 6 32 0 M M M 3.6 9 300 M M 0 M M
7 43 21 32 5 33 0 M M M 10.1 17 170 M M 4 23 160
8 57 34 46 18 19 0 M M M 9.6 16 210 M M 3 23 210
9 61 32 47 19 18 0 M M M 9.0 17 160 M M 5 24 150
10 57 48 53 24 12 0 0.10 M M 15.3 24 190 M M 9 1 31 190
11 54 36 45 16 20 0 M M M 20.0 28 210 M M 5 38 260
12 41 27 34 4 31 0 M M M 9.6 18 290 M M 3 22 300
13 57 23 40 10 25 0 M M M 10.1 21 270 M M 3 25 270
14 41 28 35 5 30 0 M M M 11.8 17 60 M M 5 25 70
15 34 25 30 -1 35 0 0.01 M M 12.6 17 100 M M 7 28 100
16 34 25 30 -1 35 0 M M M 5.1 8 20 M M 10 M M
17 36 30 33 1 32 0 M M M 4.5 10 20 M M 8 M M
================================================================================
SM 749 451 501 0 0.11 M 165.6 M 71
================================================================================
AV 44.1 26.5 9.7 FASTST M M 4 MAX(MPH)
MISC ----> 28 210 38 260
================================================================================
NOTES:
# LAST OF SEVERAL OCCURRENCES
COLUMN 17 PEAK WIND IN M.P.H.
PRELIMINARY LOCAL CLIMATOLOGICAL DATA (WS FORM: F-6) , PAGE 2
STATION: APPLETON WI
MONTH: MARCH
YEAR: 2021
LATITUDE: 44 16 N
LONGITUDE: 88 31 W
[TEMPERATURE DATA] [PRECIPITATION DATA] SYMBOLS USED IN COLUMN 16
AVERAGE MONTHLY: 35.3 TOTAL FOR MONTH: 0.11 1 = FOG OR MIST
DPTR FM NORMAL: 6.9 DPTR FM NORMAL: -0.79 2 = FOG REDUCING VISIBILITY
HIGHEST: 61 ON 9 GRTST 24HR 0.10 ON 10-10 TO 1/4 MILE OR LESS
LOWEST: 14 ON 2 3 = THUNDER
SNOW, ICE PELLETS, HAIL 4 = ICE PELLETS
TOTAL MONTH: M 5 = HAIL
GRTST 24HR M ON M 6 = FREEZING RAIN OR DRIZZLE
GRTST DEPTH: M ON M 7 = DUSTSTORM OR SANDSTORM:
VSBY 1/2 MILE OR LESS
8 = SMOKE OR HAZE
[NO. OF DAYS WITH] [WEATHER - DAYS WITH] 9 = BLOWING SNOW
X = TORNADO
MAX 32 OR BELOW: 1 0.01 INCH OR MORE: 2
MAX 90 OR ABOVE: 0 0.10 INCH OR MORE: 0
MIN 32 OR BELOW: 14 0.50 INCH OR MORE: 0
MIN 0 OR BELOW: 0 1.00 INCH OR MORE: 0
[HDD (BASE 65) ]
TOTAL THIS MO. 501 CLEAR (SCALE 0-3) 8
DPTR FM NORMAL -124 PTCLDY (SCALE 4-7) 6
TOTAL FM JUL 1 5518 CLOUDY (SCALE 8-10) 3
DPTR FM NORMAL -770
[CDD (BASE 65) ]
TOTAL THIS MO. 0
DPTR FM NORMAL 0 [PRESSURE DATA]
TOTAL FM JAN 1 0 HIGHEST SLP M ON M
DPTR FM NORMAL 0 LOWEST SLP M ON M
[REMARKS]