000
CXUS51 KGYX 021818
CF6AUG
PRELIMINARY LOCAL CLIMATOLOGICAL DATA (WS FORM: F-6)
STATION: AUGUSTA
MONTH: JULY
YEAR: 2021
LATITUDE: 44 18 N
LONGITUDE: 69 48 W
TEMPERATURE IN F: :PCPN: SNOW: WIND :SUNSHINE: SKY :PK WND
================================================================================
1 2 3 4 5 6A 6B 7 8 9 10 11 12 13 14 15 16 17 18
12Z AVG MX 2MIN
DY MAX MIN AVG DEP HDD CDD WTR SNW DPTH SPD SPD DIR MIN PSBL S-S WX SPD DR
================================================================================
1 79 64 72 4 0 7 0.12 0.0 0 6.8 14 350 M M 2 1 20 280
2 64 54 59 -10 6 0 0.38 0.0 0 9.5 17 40 M M 10 1 23 30
3 60 54 57 -12 8 0 0.11 0.0 0 8.9 15 20 M M 10 1 20 30
4 57 51 54 -15 11 0 1.18 0.0 0 8.9 17 350 M M 9 1 22 30
5 73 50 62 -7 3 0 0.00 0.0 0 5.8 13 160 M M 2 1 19 170
6 82 60 71 2 0 6 0.01 0.0 0 5.2 12 280 M M 7 123 19 250
7 78 63 71 1 0 6 T 0.0 0 6.4 16 290 M M 4 23 290
8 64 56 60 -10 5 0 0.05 0.0 0 6.0 16 40 M M 8 18 21 40
9 67 56 62 -8 3 0 2.39 0.0 0 6.9 18 30 M M 10 12 27 20
10 78 58 68 -2 0 3 0.00 0.0 0 6.0 17 350 M M 1 22 350
11 81 56 69 -1 0 4 0.00 0.0 0 3.9 10 160 M M 0 16 170
12 78 61 70 0 0 5 0.00 0.0 0 4.4 13 30 M M 2 15 350
13 74 60 67 -3 0 2 0.04 0.0 0 5.3 12 140 M M 6 1 15 170
14 68 60 64 -6 1 0 0.05 0.0 0 5.9 14 160 M M 10 12 16 150
15 82 65 74 4 0 9 0.00 0.0 0 4.0 13 160 M M 6 12 17 140
16 87 66 77 7 0 12 0.00 0.0 0 5.8 22 290 M M 5 1 32 280
17 76 65 71 1 0 6 0.01 0.0 0 2.4 7 230 M M 5 1 10 220
18 66 61 64 -7 1 0 0.87 0.0 0 5.5 15 60 M M 10 1 22 60
19 70 62 66 -5 0 1 0.01 0.0 0 3.9 7 300 M M 9 1 10 330
20 81 62 72 1 0 7 0.00 0.0 0 2.6 10 300 M M 3 18 14 330
21 79 59 69 -2 0 4 0.16 0.0 0 5.6 23 320 M M 8 1238 32 320
22 76 57 67 -4 0 2 0.01 0.0 0 7.9 17 30 M M 6 23 40
23 76 56 66 -5 0 1 0.16 0.0 0 4.9 21 340 M M 2 13 28 340
24 78 53 66 -5 0 1 0.00 0.0 0 3.7 9 160 M M 0 14 200
25 67 58 63 -8 2 0 0.34 0.0 0 5.8 16 170 M M 9 12 30 190
26 81 64 73 2 0 8 0.01 0.0 0 3.3 10 270 M M 4 128 16 270
27 80 63 72 1 0 7 0.08 0.0 0 6.2 14 300 M M 4 18 20 320
28 72 56 64 -7 1 0 T 0.0 0 5.9 16 340 M M 4 8 20 350
29 75 53 64 -6 1 0 0.61 0.0 0 6.1 15 160 M M 4 1 31 210
30 75 58 67 -3 0 2 0.03 0.0 0 8.9 22 300 M M 8 1 29 300
31 74 55 65 -5 0 0 0.00 0.0 0 8.3 16 300 M M 1 24 340
================================================================================
SM 2298 1816 42 93 6.62 0.0 180.7 M 169
================================================================================
AV 74.1 58.6 5.8 FASTST M M 5 MAX(MPH)
MISC ----> 23 320 32 320
================================================================================
NOTES:
# LAST OF SEVERAL OCCURRENCES
COLUMN 17 PEAK WIND IN M.P.H.
PRELIMINARY LOCAL CLIMATOLOGICAL DATA (WS FORM: F-6) , PAGE 2
STATION: AUGUSTA
MONTH: JULY
YEAR: 2021
LATITUDE: 44 18 N
LONGITUDE: 69 48 W
[TEMPERATURE DATA] [PRECIPITATION DATA] SYMBOLS USED IN COLUMN 16
AVERAGE MONTHLY: 66.4 TOTAL FOR MONTH: 6.62 1 = FOG OR MIST
DPTR FM NORMAL: -3.7 DPTR FM NORMAL: 3.42 2 = FOG REDUCING VISIBILITY
HIGHEST: 87 ON 16 GRTST 24HR 2.41 ON 8- 9 TO 1/4 MILE OR LESS
LOWEST: 50 ON 5 3 = THUNDER
SNOW, ICE PELLETS, HAIL 4 = ICE PELLETS
TOTAL MONTH: 0.0 INCH 5 = HAIL
GRTST 24HR 0.0 6 = FREEZING RAIN OR DRIZZLE
GRTST DEPTH: 0 7 = DUSTSTORM OR SANDSTORM:
VSBY 1/2 MILE OR LESS
8 = SMOKE OR HAZE
[NO. OF DAYS WITH] [WEATHER - DAYS WITH] 9 = BLOWING SNOW
X = TORNADO
MAX 32 OR BELOW: 0 0.01 INCH OR MORE: 20
MAX 90 OR ABOVE: 0 0.10 INCH OR MORE: 10
MIN 32 OR BELOW: 0 0.50 INCH OR MORE: 4
MIN 0 OR BELOW: 0 1.00 INCH OR MORE: 2
[HDD (BASE 65) ]
TOTAL THIS MO. 42 CLEAR (SCALE 0-3) 8
DPTR FM NORMAL 29 PTCLDY (SCALE 4-7) 14
TOTAL FM JUL 1 42 CLOUDY (SCALE 8-10) 9
DPTR FM NORMAL 37
[CDD (BASE 65) ]
TOTAL THIS MO. 93
DPTR FM NORMAL -78 [PRESSURE DATA]
TOTAL FM JAN 1 265 HIGHEST SLP 30.36 ON 13
DPTR FM NORMAL 17 LOWEST SLP 29.63 ON 30
[REMARKS]
#FINAL-07-21#