000
CXUS53 KGID 030206 CCA
CF6AUH
PRELIMINARY LOCAL CLIMATOLOGICAL DATA (WS FORM: F-6)
STATION: AURORA NE
MONTH: JUNE
YEAR: 2022
LATITUDE: 40 54 N
LONGITUDE: 97 59 W
TEMPERATURE IN F: :PCPN: SNOW: WIND :SUNSHINE: SKY :PK WND
================================================================================
1 2 3 4 5 6A 6B 7 8 9 10 11 12 13 14 15 16 17 18
12Z AVG MX 2MIN
DY MAX MIN AVG DEP HDD CDD WTR SNW DPTH SPD SPD DIR MIN PSBL S-S WX SPD DR
================================================================================
1 71 49 60 M 5 0 0.00 M M 7.1 14 340 M M 1 22 330
2 80 46 63 M 2 0 0.00 M M 4.5 12 240 M M 4 20 240
3 84 59 72 M 0 7 0.00 M M 8.4 20 210 M M 3 23 220
4 85 62 74 M 0 9 1.38 M M 12.1 20 210 M M 5 3 30 60
5 76 61 69 M 0 4 0.18 M M 7.1 17 130 M M 3 1 22 150
6 80 60 70 M 0 5 0.03 M M 6.4 15 40 M M 5 12 18 40
7 76 60 68 M 0 3 0.86 M M 7.8 24 360 M M 8 13 41 360
8 77 58 68 M 0 3 0.00 M M 11.7 22 360 M M 0 27 350
9 80 56 68 M 0 3 T M M 9.2 17 200 M M 3 3 27 100
10 83 60 72 M 0 7 0.00 M M 5.8 10 10 M M 2 16 20
11 95 65 80 M 0 15 0.00 M M 9.8 16 10 M M 1 24 350
12 91 68 80 M 0 15 0.02 M M 10.7 28 20 M M 0 33 20
13 100 70 85 M 0 20 T M M 14.5 27 190 M M 0 35 200
14 M M M M M M 0.25 M M 12.1 23 180 M M 2 3 32 180
15 81 60 71 M 0 6 0.68 M M 11.8 23 10 M M 5 3 37 360
16 88 58 73 M 0 8 0.00 M M 9.1 14 50 M M 3 24 80
17 94 67 81 M 0 16 0.00 M M 11.9 17 100 M M 2 25 100
18 95 73 84 M 0 19 0.00 M M 12.4 20 160 M M 0 28 170
19 94 76 85 M 0 20 0.00 M M 16.7 25 190 M M 0 32 180
20 98 77 88 M 0 23 0.00 M M 19.0 28 190 M M 0 39 190
21 85 66 76 M 0 11 0.00 M M 8.8 16 210 M M 2 24 210
22 88 64 76 M 0 11 0.00 M M 6.6 10 170 M M 0 17 170
23 87 69 78 M 0 13 0.00 M M 11.7 18 170 M M 5 1 28 170
24 88 71 80 M 0 15 T M M 10.2 21 150 M M 3 27 150
25 81 60 71 M 0 6 0.62 M M 14.7 27 350 M M 3 3 44 340
26 80 52 66 M 0 1 0.00 M M 7.8 14 310 M M 0 20 310
27 82 55 69 M 0 4 0.00 M M 6.5 15 170 M M 5 18 170
28 90 56 73 M 0 8 0.00 M M 12.0 20 210 M M 0 25 210
29 95 66 81 M 0 16 0.00 M M 15.4 24 190 M M 1 35 190
30 93 69 81 M 0 16 0.00 M M 11.6 20 190 M M 0 28 200
================================================================================
SM M M 7 284 4.02 M 313.4 M 66
================================================================================
AV M M 10.4 FASTST M M 2 MAX(MPH)
MISC ----> # 28 20 44 340
================================================================================
NOTES:
# LAST OF SEVERAL OCCURRENCES
COLUMN 17 PEAK WIND IN M.P.H.
PRELIMINARY LOCAL CLIMATOLOGICAL DATA (WS FORM: F-6) , PAGE 2
STATION: AURORA NE
MONTH: JUNE
YEAR: 2022
LATITUDE: 40 54 N
LONGITUDE: 97 59 W
[TEMPERATURE DATA] [PRECIPITATION DATA] SYMBOLS USED IN COLUMN 16
AVERAGE MONTHLY: M TOTAL FOR MONTH: 4.02 1 = FOG OR MIST
DPTR FM NORMAL: M DPTR FM NORMAL: M 2 = FOG REDUCING VISIBILITY
HIGHEST: MM ON MM GRTST 24HR 1.38 ON 4- 4 TO 1/4 MILE OR LESS
LOWEST: MM ON MM 3 = THUNDER
SNOW, ICE PELLETS, HAIL 4 = ICE PELLETS
TOTAL MONTH: M 5 = HAIL
GRTST 24HR M ON M 6 = FREEZING RAIN OR DRIZZLE
GRTST DEPTH: M ON M 7 = DUSTSTORM OR SANDSTORM:
VSBY 1/2 MILE OR LESS
8 = SMOKE OR HAZE
[NO. OF DAYS WITH] [WEATHER - DAYS WITH] 9 = BLOWING SNOW
X = TORNADO
MAX 32 OR BELOW: M 0.01 INCH OR MORE: 8
MAX 90 OR ABOVE: M 0.10 INCH OR MORE: 6
MIN 32 OR BELOW: M 0.50 INCH OR MORE: 4
MIN 0 OR BELOW: M 1.00 INCH OR MORE: 1
[HDD (BASE 65) ]
TOTAL THIS MO. 7 CLEAR (SCALE 0-3) 21
DPTR FM NORMAL M PTCLDY (SCALE 4-7) 9
TOTAL FM JUL 1 5438 CLOUDY (SCALE 8-10) 0
DPTR FM NORMAL M
[CDD (BASE 65) ]
TOTAL THIS MO. 284
DPTR FM NORMAL M [PRESSURE DATA]
TOTAL FM JAN 1 402 HIGHEST SLP M ON M
DPTR FM NORMAL M LOWEST SLP M ON M
[REMARKS]
#FINAL-06-22#