000
CXUS53 KARX 011000
CF6AUM
PRELIMINARY LOCAL CLIMATOLOGICAL DATA (WS FORM: F-6)
STATION: AUSTIN MUNI MN
MONTH: FEBRUARY
YEAR: 2023
LATITUDE: 43 40 N
LONGITUDE: 92 56 W
TEMPERATURE IN F: :PCPN: SNOW: WIND :SUNSHINE: SKY :PK WND
================================================================================
1 2 3 4 5 6A 6B 7 8 9 10 11 12 13 14 15 16 17 18
12Z AVG MX 2MIN
DY MAX MIN AVG DEP HDD CDD WTR SNW DPTH SPD SPD DIR MIN PSBL S-S WX SPD DR
================================================================================
1 19 -4 8 M 57 0 0.00 0.0 M 4.9 12 210 M M 1 M M
2 18 -9 5 M 60 0 0.00 0.0 M 12.8 22 340 M M 0 31 340
3 3 -13 -5 M 70 0 0.00 0.0 M 6.9 12 170 M M 5 17 150
4 28 5 17 M 48 0 0.00 0.0 M 8.8 13 190 M M 0 18 190
5 28 21 25 M 40 0 T T M 8.4 14 310 M M 1 20 330
6 37 30 34 M 31 0 T 0.0 M 10.7 18 140 M M 8 27 150
7 36 25 31 M 34 0 0.00 0.0 M 11.3 18 290 M M 4 28 310
8 39 21 30 M 35 0 0.00 0.0 M 5.9 10 180 M M 0 M M
9 36 18 27 M 38 0 T 0.0 M 10.3 20 320 M M 4 1 25 320
10 28 7 18 M 47 0 0.00 0.0 M 8.5 13 320 M M 0 21 320
11 39 19 29 M 36 0 0.00 0.0 M 10.5 17 220 M M 0 25 230
12 37 25 31 M 34 0 0.00 0.0 M 4.0 9 190 M M 0 M M
13 39 27 33 M 32 0 0.00 0.0 M 8.4 15 190 M M 0 20 170
14 43 36 40 M 25 0 M 0.0 M 11.0 18 120 M M 7 24 130
15 39 16 28 M 37 0 M 0.0 M 15.9 23 290 M M 7 36 290
16 19 10 15 M 50 0 0.00 0.0 M 9.6 14 330 M M 2 22 350
17 28 7 18 M 47 0 0.00 0.0 M 9.5 17 190 M M 0 23 200
18 39 18 29 M 36 0 0.00 0.0 M 5.9 14 200 M M 0 20 200
19 37 19 28 M 37 0 0.00 0.0 M 8.6 17 310 M M 2 22 310
20 39 16 28 M 37 0 M M M 10.2 20 320 M M 6 30 300
21 21 7 14 M 51 0 M M M 10.8 23 300 M M 5 35 300
22 21 19 20 M 45 0 M M M 17.0 21 60 M M 10 30 60
23 21 -2 10 M 55 0 M M M 13.1 20 70 M M 9 24 70
24 14 -9 3 M 62 0 M M M 4.4 10 310 M M 6 M M
25 30 7 19 M 46 0 M M M 8.6 20 210 M M 3 1 27 210
26 37 3 20 M 45 0 0.00 0.0 M 6.8 18 120 M M 3 12 22 120
27 37 30 34 M 31 0 M M M 13.5 20 100 M M 10 1 25 100
28 37 27 32 M 33 0 M M M 4.7 10 50 M M 3 M M
================================================================================
SM 849 376 1199 0 T T 261.0 M 96
================================================================================
AV 30.3 13.4 9.3 FASTST M M 3 MAX(MPH)
MISC ----> # 23 290 36 290
================================================================================
NOTES:
# LAST OF SEVERAL OCCURRENCES
COLUMN 17 PEAK WIND IN M.P.H.
PRELIMINARY LOCAL CLIMATOLOGICAL DATA (WS FORM: F-6) , PAGE 2
STATION: AUSTIN MUNI MN
MONTH: FEBRUARY
YEAR: 2023
LATITUDE: 43 40 N
LONGITUDE: 92 56 W
[TEMPERATURE DATA] [PRECIPITATION DATA] SYMBOLS USED IN COLUMN 16
AVERAGE MONTHLY: 21.9 TOTAL FOR MONTH: T 1 = FOG OR MIST
DPTR FM NORMAL: 0.0 DPTR FM NORMAL: -0.00 2 = FOG REDUCING VISIBILITY
HIGHEST: 43 ON 14 GRTST 24HR T ON 5- 5 TO 1/4 MILE OR LESS
LOWEST: -13 ON 3 3 = THUNDER
SNOW, ICE PELLETS, HAIL 4 = ICE PELLETS
TOTAL MONTH: T 5 = HAIL
GRTST 24HR T ON 5- 5 6 = FREEZING RAIN OR DRIZZLE
GRTST DEPTH: M ON M 7 = DUSTSTORM OR SANDSTORM:
VSBY 1/2 MILE OR LESS
8 = SMOKE OR HAZE
[NO. OF DAYS WITH] [WEATHER - DAYS WITH] 9 = BLOWING SNOW
X = TORNADO
MAX 32 OR BELOW: 13 0.01 INCH OR MORE: 0
MAX 90 OR ABOVE: 0 0.10 INCH OR MORE: 0
MIN 32 OR BELOW: 27 0.50 INCH OR MORE: 0
MIN 0 OR BELOW: 5 1.00 INCH OR MORE: 0
[HDD (BASE 65) ]
TOTAL THIS MO. 1199 CLEAR (SCALE 0-3) 15
DPTR FM NORMAL M PTCLDY (SCALE 4-7) 9
TOTAL FM JUL 1 5534 CLOUDY (SCALE 8-10) 4
DPTR FM NORMAL M
[CDD (BASE 65) ]
TOTAL THIS MO. 0
DPTR FM NORMAL M [PRESSURE DATA]
TOTAL FM JAN 1 0 HIGHEST SLP M ON M
DPTR FM NORMAL M LOWEST SLP M ON M
[REMARKS]
#FINAL-02-23#