000
CXUS53 KARX 022220
CF6AUM
PRELIMINARY LOCAL CLIMATOLOGICAL DATA (WS FORM: F-6)
STATION: AUSTIN MUNI MN
MONTH: OCTOBER
YEAR: 2021
LATITUDE: 43 40 N
LONGITUDE: 92 56 W
TEMPERATURE IN F: :PCPN: SNOW: WIND :SUNSHINE: SKY :PK WND
================================================================================
1 2 3 4 5 6A 6B 7 8 9 10 11 12 13 14 15 16 17 18
12Z AVG MX 2MIN
DY MAX MIN AVG DEP HDD CDD WTR SNW DPTH SPD SPD DIR MIN PSBL S-S WX SPD DR
================================================================================
1 81 59 70 M 0 5 M 0.0 0 7.5 15 170 M M 4 33 140
2 70 61 66 M 0 1 M 0.0 0 5.6 10 290 M M 10 12 M M
3 72 54 63 M 2 0 0.00 0.0 0 7.6 15 330 M M 3 21 360
4 70 48 59 M 6 0 M 0.0 0 4.1 8 30 M M 4 12 M M
5 70 50 60 M 5 0 0.00 0.0 0 3.6 10 100 M M 5 M M
6 73 52 63 M 2 0 0.00 0.0 0 3.7 9 120 M M 7 M M
7 66 61 64 M 1 0 M 0.0 0 3.2 9 110 M M 9 1 M M
8 75 61 68 M 0 3 M 0.0 0 1.0 6 110 M M 5 18 M M
9 79 59 69 M 0 4 0.00 0.0 0 8.8 17 120 M M 0 18 25 140
10 73 M M M M M 0.00 0.0 0 8.6 16 250 M M 0 1 24 250
11 63 48 56 M 9 0 0.00 0.0 0 3.5 8 20 M M 0 M M
12 63 52 58 M 7 0 0.00 0.0 0 3.4 8 310 M M 8 M M
13 64 50 57 M 8 0 M 0.0 0 12.0 24 130 M M 4 35 130
14 61 43 52 M 13 0 0.00 0.0 0 9.1 16 250 M M 1 22 250
15 57 37 47 M 18 0 0.00 0.0 0 7.0 18 290 M M 2 28 290
16 61 37 49 M 16 0 0.00 0.0 0 9.1 17 290 M M 0 25 290
17 68 32 50 M 15 0 0.00 0.0 0 2.5 9 250 M M 0 16 250
18 73 43 58 M 7 0 0.00 0.0 0 5.7 15 180 M M 0 22 180
19 73 46 60 M 5 0 0.00 0.0 0 7.0 15 190 M M 0 20 190
20 61 50 56 M 9 0 M 0.0 0 4.0 10 210 M M 6 27 0
21 52 34 43 M 22 0 M 0.0 0 9.8 18 330 M M 6 1 25 320
22 48 30 39 M 26 0 0.00 0.0 0 1.0 5 350 M M 4 M M
23 54 27 41 M 24 0 0.00 0.0 0 3.0 7 60 M M 0 M M
24 46 37 42 M 23 0 M 0.0 0 9.8 16 80 M M 1 24 80
25 54 36 45 M 20 0 0.00 0.0 0 5.6 12 30 M M 0 18 70
26 57 34 46 M 19 0 0.00 0.0 0 11.6 22 120 M M 2 29 130
27 55 46 51 M 14 0 M 0.0 0 14.5 21 120 M M 10 28 140
28 46 45 46 M 19 0 M 0.0 0 7.1 16 340 M M 10 23 350
29 54 39 47 M 18 0 M 0.0 0 9.6 18 340 M M 7 25 360
30 57 34 46 M 19 0 0.00 0.0 0 4.3 14 300 M M 2 1 20 300
31 46 34 40 M 25 0 0.00 0.0 0 12.9 21 290 M M 3 31 310
================================================================================
SM 1942 1339 352 13 0.00 0.0 206.2 M 113
================================================================================
AV 62.6 44.6 6.7 FASTST M M 4 MAX(MPH)
MISC ----> 24 130 35 130
================================================================================
NOTES:
# LAST OF SEVERAL OCCURRENCES
COLUMN 17 PEAK WIND IN M.P.H.
PRELIMINARY LOCAL CLIMATOLOGICAL DATA (WS FORM: F-6) , PAGE 2
STATION: AUSTIN MUNI MN
MONTH: OCTOBER
YEAR: 2021
LATITUDE: 43 40 N
LONGITUDE: 92 56 W
[TEMPERATURE DATA] [PRECIPITATION DATA] SYMBOLS USED IN COLUMN 16
AVERAGE MONTHLY: 53.6 TOTAL FOR MONTH: 0.00 1 = FOG OR MIST
DPTR FM NORMAL: 0.0 DPTR FM NORMAL: M 2 = FOG REDUCING VISIBILITY
HIGHEST: 81 ON 1 GRTST 24HR 0.00 ON 3- 3 TO 1/4 MILE OR LESS
LOWEST: 27 ON 23 3 = THUNDER
SNOW, ICE PELLETS, HAIL 4 = ICE PELLETS
TOTAL MONTH: 0.0 INCH 5 = HAIL
GRTST 24HR 0.0 6 = FREEZING RAIN OR DRIZZLE
GRTST DEPTH: 0 7 = DUSTSTORM OR SANDSTORM:
VSBY 1/2 MILE OR LESS
8 = SMOKE OR HAZE
[NO. OF DAYS WITH] [WEATHER - DAYS WITH] 9 = BLOWING SNOW
X = TORNADO
MAX 32 OR BELOW: 0 0.01 INCH OR MORE: 0
MAX 90 OR ABOVE: 0 0.10 INCH OR MORE: 0
MIN 32 OR BELOW: 3 0.50 INCH OR MORE: 0
MIN 0 OR BELOW: 0 1.00 INCH OR MORE: 0
[HDD (BASE 65) ]
TOTAL THIS MO. 352 CLEAR (SCALE 0-3) 15
DPTR FM NORMAL M PTCLDY (SCALE 4-7) 12
TOTAL FM JUL 1 423 CLOUDY (SCALE 8-10) 4
DPTR FM NORMAL M
[CDD (BASE 65) ]
TOTAL THIS MO. 13
DPTR FM NORMAL M [PRESSURE DATA]
TOTAL FM JAN 1 822 HIGHEST SLP M ON M
DPTR FM NORMAL M LOWEST SLP M ON M
[REMARKS]
#FINAL-10-21#