000
CXUS54 KEWX 031502
CLMAUS
CLIMATE REPORT
NATIONAL WEATHER SERVICE AUSTIN/SAN ANTONIO
947 AM CDT WED APR 03 2024
...................................
...THE AUSTIN BERGSTROM CLIMATE SUMMARY FOR THE MONTH OF MARCH 2024...
CLIMATE NORMAL PERIOD: 1991 TO 2020
CLIMATE RECORD PERIOD: 1943 TO 2024
WEATHER OBSERVED NORMAL DEPART LAST YEAR`S
VALUE DATE(S) VALUE FROM VALUE DATE(S)
NORMAL
................................................................
TEMPERATURE (F)
HIGHEST 91 03/05 88 03/11
LOWEST 38 03/02 34 03/20
03/10
AVG. MAXIMUM 74.6 73.1 1.5 75.0
AVG. MINIMUM 52.5 49.0 3.5 51.9
MEAN 63.5 61.0 2.5 63.5
DAYS MAX >= 90 1 0
DAYS MAX <= 32 0 0
DAYS MIN <= 32 0 0
DAYS MIN <= 0 0 0
PRECIPITATION (INCHES)
TOTALS 2.39 2.90 -0.51 1.90
DAILY AVG. 0.08 0.09 -0.01 0.06
DAYS >= .01 8 7
DAYS >= .10 7 3
DAYS >= .50 2 2
DAYS >= 1.00 0 0
GREATEST
24 HR. TOTAL 0.74 03/17 TO 03/17
SNOWFALL (INCHES)
TOTALS 0.0 0.0 0.0 T
SINCE 7/1 T 0.2 -0.2 MM
DEGREE DAYS
HEATING TOTAL 109 184 -75 120
SINCE 7/1 1495 1662 -167 MM
COOLING TOTAL 74 61 13 78
SINCE 1/1 103 89 14 MM
................................................................
WIND (MPH)
AVERAGE WIND SPEED 8.5
HIGHEST WIND SPEED/DIRECTION 28/170 DATE 03/24
HIGHEST GUST SPEED/DIRECTION 40/230 DATE 03/17
SKY COVER
POSSIBLE SUNSHINE (PERCENT) MM
AVERAGE SKY COVER 0.69
NUMBER OF DAYS FAIR 4
NUMBER OF DAYS PC 12
NUMBER OF DAYS CLOUDY 15
AVERAGE RH (PERCENT) 74
WEATHER CONDITIONS. NUMBER OF DAYS WITH
THUNDERSTORM 6 MIXED PRECIP 0
HEAVY RAIN 4 RAIN 5
LIGHT RAIN 12 FREEZING RAIN 0
LT FREEZING RAIN 0 HAIL 0
HEAVY SNOW 0 SNOW 0
LIGHT SNOW 0 SLEET 0
FOG 20 FOG W/VIS <= 1/4 MILE 3
HAZE 1
- INDICATES NEGATIVE NUMBERS.
R INDICATES RECORD WAS SET OR TIED.
MM INDICATES DATA IS MISSING.
T INDICATES TRACE AMOUNT.
&&
MONTHLY CLIMATE SUMMARY:
MARCH 2024 WAS TIED FOR THE 24TH WARMEST AND
WAS THE 30TH WETTEST MARCH ON RECORD.
SEA LEVEL PRESSURE DATA:
HIGHEST SLP 30.32 ON THE 10TH
LOWEST SLP 29.44 ON THE 25TH
PRELIMINARY LOCAL CLIMATOLOGICAL DATA (WS FORM: F-6)
STATION: AUSTIN BERGSTROM
MONTH: MARCH
YEAR: 2024
LATITUDE: 30 13 N
LONGITUDE: 97 40 W
TEMPERATURE IN F: :PCPN: SNOW: WIND :SUNSHINE: SKY :PK WND
================================================================================
1 2 3 4 5 6A 6B 7 8 9 10 11 12 13 14 15 16 17 18
12Z AVG MX 2MIN
DY MAX MIN AVG DEP HDD CDD WTR SNW DPTH SPD SPD DIR MIN PSBL S-S WX SPD DR
================================================================================
1 68 44 56 -1 9 0 T 0.0 0 3.9 12 170 M M 7 1 19 150
2 81 38 60 2 5 0 0.00 0.0 0 7.6 18 170 M M 3 1 27 170
3 80 61 71 13 0 6 0.00 0.0 0 10.0 22 180 M M 9 1 27 180
4 83 66 75 17 0 10 0.00 0.0 0 7.3 15 180 M M 9 1 22 190
5 91 54 73 15 0 8 0.00 0.0 0 4.1 14 280 M M 2 12 23 310
6 83 50 67 9 0 2 0.00 0.0 0 5.8 16 150 M M 5 1 20 150
7 75 66 71 12 0 6 0.01 0.0 0 10.8 22 140 M M 10 28 150
8 83 51 67 8 0 2 0.14 0.0 0 9.7 25 340 M M 7 13 38 350
9 62 46 54 -5 11 0 0.00 0.0 0 13.4 23 360 M M 6 33 350
10 67 38 53 -7 12 0 0.00 0.0 0 4.6 10 50 M M 7 16 70
11 73 51 62 2 3 0 0.00 0.0 0 6.0 15 180 M M 5 20 160
12 77 52 65 5 0 0 T 0.0 0 8.3 20 170 M M 8 1 26 170
13 84 67 76 16 0 11 T 0.0 0 12.6 21 150 M M 9 1 29 150
14 80 67 74 13 0 9 T 0.0 0 12.5 23 170 M M 10 18 34 160
15 76 64 70 9 0 5 0.55 0.0 0 12.0 24 30 M M 8 13 32 20
16 75 62 69 8 0 4 0.14 0.0 0 8.2 18 40 M M 10 13 23 50
17 66 57 62 1 3 0 0.74 0.0 0 10.4 26 80 M M 9 13 40 230
18 65 46 56 -6 9 0 T 0.0 0 13.1 25 50 M M 8 33 50
19 66 40 53 -9 12 0 0.00 0.0 0 5.6 18 200 M M 6 27 190
20 67 49 58 -4 7 0 T 0.0 0 6.6 14 170 M M 10 19 180
21 64 52 58 -4 7 0 0.41 0.0 0 5.9 20 130 M M 9 13 30 260
22 79 50 65 2 0 0 0.00 0.0 0 8.3 26 360 M M 4 12 34 360
23 73 44 59 -4 6 0 0.00 0.0 0 4.2 16 30 M M 5 1 21 20
24 73 56 65 2 0 0 0.00 0.0 0 12.6 28 170 M M 10 1 39 170
25 79 53 66 3 0 1 0.19 0.0 0 7.0 20 340 M M 7 1 32 300
26 66 44 55 -9 10 0 0.00 0.0 0 9.8 18 20 M M 2 25 30
27 67 44 56 -8 9 0 0.21 0.0 0 4.3 17 180 M M 6 13 27 350
28 76 41 59 -5 6 0 0.00 0.0 0 7.9 18 180 M M 1 27 180
29 78 53 66 2 0 1 0.00 0.0 0 11.5 24 160 M M 6 12 34 140
30 77 58 68 4 0 3 0.00 0.0 0 8.7 20 190 M M 10 26 180
31 79 63 71 6 0 6 0.00 0.0 0 11.7 20 190 M M 10 27 180
================================================================================
SM 2313 1627 109 74 2.39 0.0 264.4 M 218
================================================================================
AV 74.6 52.5 8.5 FASTST M M 7 MAX(MPH)
MISC ----> 28 170 40 230
================================================================================
NOTES:
# LAST OF SEVERAL OCCURRENCES
COLUMN 17 PEAK WIND IN M.P.H.
SYMBOLS USED IN COLUMN 16
1 = FOG OR MIST
2 = FOG REDUCING VISIBILITY TO 1/4 MILE OR LESS
3 = THUNDER
4 = ICE PELLETS
5 = HAIL
6 = FREEZING RAIN OR DRIZZLE
7 = DUSTSTORM OR SANDSTORM: VSBY 1/2 MILE OR LESS
8 = SMOKE OR HAZE
9 = BLOWING SNOW
X = TORNADO
$$