000
CXUS53 KGRB 031256 RRA
CLSAUW
CLIMATE REPORT
NATIONAL WEATHER SERVICE GREEN BAY
655 AM CST TUE MAR 3 2020
...THE WAUSAU WI WINTER CLIMATE SUMMARY FROM 12/1/2019 TO
2/29/2020...
CLIMATE NORMAL PERIOD 1981 TO 2010
CLIMATE RECORD PERIOD 1896 TO 2020
WEATHER OBSERVED NORMAL DEPART LAST YEAR`S
VALUE DATE(S) VALUE FROM VALUE DATE(S)
NORMAL
................................................................
TEMPERATURE (F)
RECORD
HIGH 61 12/05/2001
12/02/1982
LOW -40 01/30/1951
01/18/1948
02/10/1899
HIGHEST 45 02/23 49 -4 44 01/05
02/02
LOWEST -20 02/14 -22 2 -27 01/31
01/30
AVG. MAXIMUM 27.7 25.9 1.8 20.5
AVG. MINIMUM 12.6 9.1 3.5 5.1
MEAN 20.2 17.5 2.7 12.8
DAYS MAX >= 90 0 0.0 0.0 0
DAYS MAX <= 32 64 63.0 1.0 51
DAYS MIN <= 32 90 87.8 2.2 59
DAYS MIN <= 0 15 24.1 -9.1 21
PRECIPITATION (INCHES)
RECORD
MAXIMUM 6.60 2017
1937
MINIMUM 1.07 1963
TOTALS 5.03 3.30 1.73 5.29
DAILY AVG. 0.05 0.04 0.01 0.09
DAYS >= .01 25 27.5 -2.5 24
DAYS >= .10 16 9.9 6.1 12
DAYS >= .50 2 1.0 1.0 3
DAYS >= 1.00 0 0.2 -0.2 0
SNOWFALL (INCHES)
RECORDS
TOTAL 64.5 2014
24 HR TOTAL MM
TOTALS 53.4 37.0 16.4 63.0
SINCE 7/1 63.0 45.3 17.7 69.6
DAYS >= TRACE 34 27.7 6.3 33
DAYS >= 1.0 16 12.0 4.0 12
GREATEST
SNOW DEPTH 21 02/21 28 02/24
02/19
02/20
24 HR TOTAL 7.5 12/30
DEGREE_DAYS
HEATING TOTAL 4051 4278 -227 3067
SINCE 7/1 5987 6177 -190 6351
COOLING TOTAL 0 0 0 0
SINCE 1/1 0 0 0 0
FREEZE DATES
RECORD
EARLIEST 08/30/1915
LATEST 06/12/1903
EARLIEST 10/02
LATEST 05/05
.................................................................
WIND (MPH)
AVERAGE WIND SPEED 7.5
HIGHEST WIND SPEED/DIRECTION 28/280 DATE 01/18
HIGHEST GUST SPEED/DIRECTION 42/100 DATE 12/29
SKY COVER
POSSIBLE SUNSHINE (PERCENT) MM
AVERAGE SKY COVER 0.60
NUMBER OF DAYS FAIR 32
NUMBER OF DAYS PC 21
NUMBER OF DAYS CLOUDY 38
AVERAGE RH (PERCENT) 77
- INDICATES NEGATIVE NUMBERS.
R INDICATES RECORD WAS SET OR TIED.
MM INDICATES DATA IS MISSING.
T INDICATES TRACE AMOUNT.
$$
ECKBERG