000
CXUS52 KGSP 061817
CF6AVL
PRELIMINARY LOCAL CLIMATOLOGICAL DATA (WS FORM: F-6)
STATION: ASHEVILLE NC
MONTH: NOVEMBER
YEAR: 2021
LATITUDE: 35 25 N
LONGITUDE: 82 33 W
TEMPERATURE IN F: :PCPN: SNOW: WIND :SUNSHINE: SKY :PK WND
================================================================================
1 2 3 4 5 6A 6B 7 8 9 10 11 12 13 14 15 16 17 18
12Z AVG MX 2MIN
DY MAX MIN AVG DEP HDD CDD WTR SNW DPTH SPD SPD DIR MIN PSBL S-S WX SPD DR
================================================================================
1 67 44 56 4 9 0 0.00 0.0 0 7.0 17 340 M M 1 24 330
2 58 42 50 -2 15 0 0.00 0.0 0 7.2 18 340 M M 6 24 340
3 45 41 43 -8 22 0 T 0.0 0 5.2 14 340 M M 10 20 320
4 42 37 40 -11 25 0 0.16 0.0 0 2.8 8 180 M M 10 1 10 180
5 50 35 43 -8 22 0 0.00 0.0 0 2.6 10 180 M M 4 16 160
6 54 32 43 -7 22 0 0.00 0.0 0 5.8 13 350 M M 0 19 350
7 62 33 48 -2 17 0 0.00 0.0 0 10.1 21 330 M M 0 26 330
8 71 38 55 5 10 0 0.00 0.0 0 4.4 13 330 M M 0 17 330
9 77 32 55 5 10 0 0.00 0.0 0 1.4 10 190 M M 0 1 13 190
10 75 40 58 9 7 0 0.00 0.0 0 3.2 10 130 M M 0 16 140
11 58 40 49 0 16 0 0.61 0.0 0 2.6 10 280 M M 7 18 15 180
12 63 40 52 3 13 0 0.00 0.0 0 3.7 13 360 M M 1 1 20 340
13 47 34 41 -7 24 0 0.00 0.0 0 10.3 23 330 M M 1 29 340
14 56 27 42 -6 23 0 0.00 0.0 0 4.5 16 320 M M 1 21 320
15 53 33 43 -5 22 0 0.00 0.0 0 6.9 20 320 M M 1 25 320
16 68 29 49 1 16 0 0.00 0.0 0 2.0 12 150 M M 1 15 150
17 69 36 53 6 12 0 0.00 0.0 0 4.8 20 190 M M 0 26 180
18 69 38 54 7 11 0 0.00 0.0 0 7.7 23 350 M M 4 18 35 340
19 53 30 42 -5 23 0 0.00 0.0 0 11.0 26 340 M M 0 36 340
20 50 24 37 -9 28 0 0.00 0.0 0 3.7 10 150 M M 0 15 180
21 61 25 43 -3 22 0 0.00 0.0 0 4.6 17 190 M M 2 24 210
22 50 32 41 -5 24 0 0.11 0.0 0 10.2 21 340 M M 5 1 29 340
23 43 26 35 -11 30 0 0.00 0.0 0 9.0 20 340 M M 0 28 340
24 53 21 37 -9 28 0 0.00 0.0 0 2.5 9 130 M M 0 8 14 150
25 63 28 46 1 19 0 0.00 0.0 0 3.0 14 330 M M 2 17 340
26 49 29 39 -6 26 0 0.00 0.0 0 12.9 26 330 M M 3 34 340
27 56 27 42 -3 23 0 0.00 0.0 0 4.0 14 340 M M 0 17 340
28 55 31 43 -2 22 0 0.00 0.0 0 9.1 17 330 M M 0 25 340
29 43 27 35 -9 30 0 0.00 0.0 0 11.2 23 320 M M 0 8 29 320
30 61 25 43 -1 22 0 0.00 0.0 0 4.4 14 330 M M 0 8 17 330
================================================================================
SM 1721 976 593 0 0.88 0.0 177.8 M 59
================================================================================
AV 57.4 32.5 5.9 FASTST M M 2 MAX(MPH)
MISC ----> # 26 340 36 340
================================================================================
NOTES:
# LAST OF SEVERAL OCCURRENCES
COLUMN 17 PEAK WIND IN M.P.H.
PRELIMINARY LOCAL CLIMATOLOGICAL DATA (WS FORM: F-6) , PAGE 2
STATION: ASHEVILLE NC
MONTH: NOVEMBER
YEAR: 2021
LATITUDE: 35 25 N
LONGITUDE: 82 33 W
[TEMPERATURE DATA] [PRECIPITATION DATA] SYMBOLS USED IN COLUMN 16
AVERAGE MONTHLY: 44.9 TOTAL FOR MONTH: 0.88 1 = FOG OR MIST
DPTR FM NORMAL: -2.9 DPTR FM NORMAL: -2.84 2 = FOG REDUCING VISIBILITY
HIGHEST: 77 ON 9 GRTST 24HR 0.61 ON 11-11 TO 1/4 MILE OR LESS
LOWEST: 21 ON 24 3 = THUNDER
SNOW, ICE PELLETS, HAIL 4 = ICE PELLETS
TOTAL MONTH: 0.0 INCH 5 = HAIL
GRTST 24HR 0.0 6 = FREEZING RAIN OR DRIZZLE
GRTST DEPTH: 0 7 = DUSTSTORM OR SANDSTORM:
VSBY 1/2 MILE OR LESS
8 = SMOKE OR HAZE
[NO. OF DAYS WITH] [WEATHER - DAYS WITH] 9 = BLOWING SNOW
X = TORNADO
MAX 32 OR BELOW: 0 0.01 INCH OR MORE: 3
MAX 90 OR ABOVE: 0 0.10 INCH OR MORE: 3
MIN 32 OR BELOW: 16 0.50 INCH OR MORE: 1
MIN 0 OR BELOW: 0 1.00 INCH OR MORE: 0
[HDD (BASE 65) ]
TOTAL THIS MO. 593 CLEAR (SCALE 0-3) 23
DPTR FM NORMAL 76 PTCLDY (SCALE 4-7) 5
TOTAL FM JUL 1 786 CLOUDY (SCALE 8-10) 2
DPTR FM NORMAL -5
[CDD (BASE 65) ]
TOTAL THIS MO. 0
DPTR FM NORMAL -1 [PRESSURE DATA]
TOTAL FM JAN 1 1004 HIGHEST SLP 30.54 ON 20
DPTR FM NORMAL -44 LOWEST SLP 29.87 ON 14
[REMARKS]
#FINAL-11-21#