000
CXUS51 KBGM 011624 CCA
CF6AVP
PRELIMINARY LOCAL CLIMATOLOGICAL DATA (WS FORM: F-6)
STATION: AVOCA PA
MONTH: NOVEMBER
YEAR: 2021
LATITUDE: 41 19 N
LONGITUDE: 75 44 W
TEMPERATURE IN F: :PCPN: SNOW: WIND :SUNSHINE: SKY :PK WND
================================================================================
1 2 3 4 5 6A 6B 7 8 9 10 11 12 13 14 15 16 17 18
12Z AVG MX 2MIN
DY MAX MIN AVG DEP HDD CDD WTR SNW DPTH SPD SPD DIR MIN PSBL S-S WX SPD DR
================================================================================
1 57 40 49 1 16 0 0.00 0.0 M 7.6 21 320 M M 3 27 320
2 50 34 42 -5 23 0 0.00 0.0 M 5.1 15 350 M M 9 18 340
3 48 31 40 -7 25 0 0.00 0.0 M 4.4 13 350 M M 4 17 350
4 48 28 38 -9 27 0 0.00 0.0 M 3.8 9 240 M M 2 11 210
5 50 26 38 -8 27 0 0.00 0.0 M 4.4 12 350 M M 0 18 15 330
6 54 26 40 -6 25 0 0.00 0.0 M 2.4 8 100 M M 0 11 290
7 58 27 43 -3 22 0 0.00 0.0 M 2.9 8 110 M M 0 10 130
8 64 30 47 2 18 0 0.00 0.0 M 2.2 7 270 M M 0 8 300
9 67 38 53 8 12 0 0.00 0.0 M 1.6 9 250 M M 1 1 11 240
10 61 38 50 5 15 0 0.00 0.0 M 5.9 14 320 M M 3 18 19 340
11 61 36 49 5 16 0 0.00 0.0 M 5.0 14 140 M M 2 24 120
12 64 39 52 8 13 0 1.10 0.0 M 7.7 20 170 M M 4 1 34 160
13 52 37 45 1 20 0 0.29 0.0 M 8.1 20 240 M M 5 1 27 260
14 45 36 41 -2 24 0 0.02 T M 6.6 13 250 M M 7 18 200
15 46 36 41 -2 24 0 0.03 T M 9.0 23 270 M M 9 34 280
16 47 30 39 -4 26 0 T T M 6.7 18 250 M M 4 22 250
17 50 30 40 -2 25 0 0.00 0.0 M 2.9 9 330 M M 3 13 320
18 70 40 55 13 10 0 0.20 0.0 M 6.9 23 240 M M 5 18 31 230
19 44 32 38 -4 27 0 T T M 9.4 25 300 M M 5 34 290
20 45 26 36 -5 29 0 0.00 0.0 M 3.8 13 220 M M 0 19 220
21 55 36 46 5 19 0 0.15 0.0 M 4.3 16 210 M M 7 1 25 200
22 45 28 37 -3 28 0 0.04 0.0 M 7.0 21 330 M M 5 18 26 330
23 38 24 31 -9 34 0 T T M 5.6 22 320 M M 4 28 320
24 44 22 33 -7 32 0 0.00 0.0 M 3.0 10 330 M M 0 13 330
25 48 30 39 -1 26 0 T 0.0 M 1.7 8 260 M M 7 10 220
26 45 32 39 0 26 0 0.07 0.1 M 10.6 26 270 M M 10 1 32 280
27 35 25 30 -9 35 0 T T M 9.1 22 310 M M 8 28 300
28 36 28 32 -6 33 0 0.10 1.5 M 3.9 9 230 M M 10 18 12 240
29 34 24 29 -9 36 0 T T M 5.4 17 330 M M 7 22 330
30 35 27 31 -7 34 0 0.08 0.8 M 4.8 16 230 M M 10 12 21 230
================================================================================
SM 1496 936 727 0 2.08 2.4 161.8 M 134
================================================================================
AV 49.9 31.2 5.4 FASTST M M 4 MAX(MPH)
MISC ----> 26 270 # 34 160
================================================================================
NOTES:
# LAST OF SEVERAL OCCURRENCES
COLUMN 17 PEAK WIND IN M.P.H.
PRELIMINARY LOCAL CLIMATOLOGICAL DATA (WS FORM: F-6) , PAGE 2
STATION: AVOCA PA
MONTH: NOVEMBER
YEAR: 2021
LATITUDE: 41 19 N
LONGITUDE: 75 44 W
[TEMPERATURE DATA] [PRECIPITATION DATA] SYMBOLS USED IN COLUMN 16
AVERAGE MONTHLY: 40.5 TOTAL FOR MONTH: 2.08 1 = FOG OR MIST
DPTR FM NORMAL: -2.2 DPTR FM NORMAL: -0.77 2 = FOG REDUCING VISIBILITY
HIGHEST: 70 ON 18 GRTST 24HR 1.10 ON 12-12 TO 1/4 MILE OR LESS
LOWEST: 22 ON 24 3 = THUNDER
SNOW, ICE PELLETS, HAIL 4 = ICE PELLETS
TOTAL MONTH: 2.4 INCHES 5 = HAIL
GRTST 24HR 1.5 ON 28-28 6 = FREEZING RAIN OR DRIZZLE
GRTST DEPTH: M 7 = DUSTSTORM OR SANDSTORM:
VSBY 1/2 MILE OR LESS
8 = SMOKE OR HAZE
[NO. OF DAYS WITH] [WEATHER - DAYS WITH] 9 = BLOWING SNOW
X = TORNADO
MAX 32 OR BELOW: 0 0.01 INCH OR MORE: 10
MAX 90 OR ABOVE: 0 0.10 INCH OR MORE: 5
MIN 32 OR BELOW: 19 0.50 INCH OR MORE: 1
MIN 0 OR BELOW: 0 1.00 INCH OR MORE: 1
[HDD (BASE 65) ]
TOTAL THIS MO. 727 CLEAR (SCALE 0-3) 11
DPTR FM NORMAL 59 PTCLDY (SCALE 4-7) 14
TOTAL FM JUL 1 967 CLOUDY (SCALE 8-10) 5
DPTR FM NORMAL -182
[CDD (BASE 65) ]
TOTAL THIS MO. 0
DPTR FM NORMAL 0 [PRESSURE DATA]
TOTAL FM JAN 1 936 HIGHEST SLP 30.57 ON 20
DPTR FM NORMAL 146 LOWEST SLP 29.63 ON 26
[REMARKS]
#FINAL-11-21#
CORRECTED DAY 05 WEATHER TO ADD HAZE CODE 8
CORRECTED DAY 20 SNOW DEPTH TO BE MISSING
CORRECTED GREATEST SNOW DEPTH TO BE MISSING