000
CXUS53 KGRR 052007
CF6AZO
PRELIMINARY LOCAL CLIMATOLOGICAL DATA (WS FORM: F-6)
STATION: KALAMAZOO
MONTH: OCTOBER
YEAR: 2023
LATITUDE: 42 13 N
LONGITUDE: 85 33 W
TEMPERATURE IN F: :PCPN: SNOW: WIND :SUNSHINE: SKY :PK WND
================================================================================
1 2 3 4 5 6A 6B 7 8 9 10 11 12 13 14 15 16 17 18
12Z AVG MX 2MIN
DY MAX MIN AVG DEP HDD CDD WTR SNW DPTH SPD SPD DIR MIN PSBL S-S WX SPD DR
================================================================================
1 84 55 70 13 0 5 0.00 0.0 0 0.8 8 190 M M 0 1 12 160
2 85 56 71 14 0 6 0.00 0.0 0 1.1 7 180 M M 0 1 9 180
3 86 57 72 15 0 7 0.00 0.0 0 3.8 14 180 M M 0 1 17 190
4 84 62 73 17 0 8 0.00 0.0 0 7.3 22 190 M M 2 29 180
5 73 61 67 11 0 2 2.00 0.0 0 7.3 18 190 M M 9 1 26 170
6 64 46 55 0 10 0 0.49 0.0 0 8.1 18 310 M M 7 1 28 260
7 55 45 50 -5 15 0 0.45 0.0 0 9.6 24 320 M M 9 1 33 320
8 57 40 49 -6 16 0 0.03 0.0 0 6.4 28 310 M M 7 36 300
9 56 40 48 -6 17 0 0.02 0.0 0 6.9 22 310 M M 6 1 34 290
10 55 39 47 -7 18 0 T 0.0 0 3.9 18 260 M M 9 26 250
11 65 44 55 1 10 0 0.00 0.0 0 4.2 15 200 M M 7 1 25 250
12 59 51 55 2 10 0 0.00 0.0 0 4.7 10 60 M M 9 18 70
13 55 51 53 0 12 0 0.14 0.0 0 7.7 14 90 M M 10 23 120
14 56 49 53 1 12 0 1.04 0.0 0 9.4 18 10 M M 10 1 28 50
15 58 41 50 -2 15 0 0.01 0.0 0 11.1 22 340 M M 8 28 350
16 55 43 49 -3 16 0 0.00 0.0 0 7.0 15 350 M M 8 20 350
17 56 43 50 -1 15 0 0.00 0.0 0 2.6 8 240 M M 9 12 220
18 66 43 55 4 10 0 0.00 0.0 0 8.6 20 190 M M 1 1 25 180
19 58 53 56 6 9 0 0.33 0.0 0 8.1 17 190 M M 10 1 24 180
20 56 42 49 -1 16 0 0.06 0.0 0 9.2 22 320 M M 9 1 29 330
21 52 37 45 -5 20 0 0.23 0.0 0 5.1 15 350 M M 7 1 21 360
22 56 34 45 -4 20 0 0.00 0.0 0 6.7 17 350 M M 3 1 25 340
23 60 32 46 -3 19 0 0.00 0.0 0 5.2 13 180 M M 1 12 22 150
24 80 51 66 18 0 1 0.00 0.0 0 10.2 18 200 M M 1 25 190
25 68 60 64 16 1 0 0.03 0.0 0 8.2 17 210 M M 9 18 24 220
26 71 62 67 19 0 2 0.32 0.0 0 8.9 20 200 M M 7 1 28 200
27 75 53 64 17 1 0 0.27 0.0 0 11.3 22 290 M M 10 1 31 300
28 55 45 50 3 15 0 0.05 0.0 0 7.5 22 330 M M 6 29 340
29 49 41 45 -2 20 0 0.31 0.0 0 5.7 15 360 M M 10 1 21 20
30 44 35 40 -6 25 0 T 0.0 0 9.4 22 310 M M 9 29 310
31 40 30 35 -11 30 0 0.01 0.5 0 8.3 21 190 M M 8 18 27 220
================================================================================
SM 1933 1441 352 31 5.79 0.5 214.3 M 201
================================================================================
AV 62.4 46.5 6.9 FASTST M M 6 MAX(MPH)
MISC ----> 28 310 36 300
================================================================================
NOTES:
# LAST OF SEVERAL OCCURRENCES
COLUMN 17 PEAK WIND IN M.P.H.
PRELIMINARY LOCAL CLIMATOLOGICAL DATA (WS FORM: F-6) , PAGE 2
STATION: KALAMAZOO
MONTH: OCTOBER
YEAR: 2023
LATITUDE: 42 13 N
LONGITUDE: 85 33 W
[TEMPERATURE DATA] [PRECIPITATION DATA] SYMBOLS USED IN COLUMN 16
AVERAGE MONTHLY: 54.4 TOTAL FOR MONTH: 5.79 1 = FOG OR MIST
DPTR FM NORMAL: 2.8 DPTR FM NORMAL: 2.05 2 = FOG REDUCING VISIBILITY
HIGHEST: 86 ON 3 GRTST 24HR 2.00 ON 5- 5 TO 1/4 MILE OR LESS
LOWEST: 30 ON 31 3 = THUNDER
SNOW, ICE PELLETS, HAIL 4 = ICE PELLETS
TOTAL MONTH: 0.5 INCH 5 = HAIL
GRTST 24HR 0.5 ON 31-31 6 = FREEZING RAIN OR DRIZZLE
GRTST DEPTH: 0 7 = DUSTSTORM OR SANDSTORM:
VSBY 1/2 MILE OR LESS
8 = SMOKE OR HAZE
[NO. OF DAYS WITH] [WEATHER - DAYS WITH] 9 = BLOWING SNOW
X = TORNADO
MAX 32 OR BELOW: 0 0.01 INCH OR MORE: 17
MAX 90 OR ABOVE: 0 0.10 INCH OR MORE: 10
MIN 32 OR BELOW: 2 0.50 INCH OR MORE: 2
MIN 0 OR BELOW: 0 1.00 INCH OR MORE: 2
[HDD (BASE 65) ]
TOTAL THIS MO. 352 CLEAR (SCALE 0-3) 7
DPTR FM NORMAL -72 PTCLDY (SCALE 4-7) 10
TOTAL FM JUL 1 398 CLOUDY (SCALE 8-10) 14
DPTR FM NORMAL -162
[CDD (BASE 65) ]
TOTAL THIS MO. 31
DPTR FM NORMAL 23 [PRESSURE DATA]
TOTAL FM JAN 1 814 HIGHEST SLP 30.36 ON 1
DPTR FM NORMAL 105 LOWEST SLP 29.52 ON 20
[REMARKS]
#FINAL-10-23#