000
CXUS53 KGRR 010910
CF6AZO
PRELIMINARY LOCAL CLIMATOLOGICAL DATA (WS FORM: F-6)
STATION: KALAMAZOO
MONTH: SEPTEMBER
YEAR: 2023
LATITUDE: 42 13 N
LONGITUDE: 85 33 W
TEMPERATURE IN F: :PCPN: SNOW: WIND :SUNSHINE: SKY :PK WND
================================================================================
1 2 3 4 5 6A 6B 7 8 9 10 11 12 13 14 15 16 17 18
12Z AVG MX 2MIN
DY MAX MIN AVG DEP HDD CDD WTR SNW DPTH SPD SPD DIR MIN PSBL S-S WX SPD DR
================================================================================
1 81 51 66 -2 0 1 0.00 0.0 0 3.0 12 190 M M 0 16 180
2 85 56 71 3 0 6 0.00 0.0 0 6.9 21 200 M M 0 1 27 200
3 91 62 77 9 0 12 0.00 0.0 0 8.8 17 220 M M 0 25 240
4 92 69 81 14 0 16 0.00 0.0 0 7.6 16 190 M M 1 23 190
5 92 74 83 16 0 18 0.00 0.0 0 8.5 16 210 M M 1 23 180
6 84 67 76 9 0 11 0.94 0.0 0 8.7 24 230 M M 5 13 35 220
7 77 64 71 5 0 6 T 0.0 0 8.8 16 300 M M 10 18 21 300
8 67 57 62 -4 3 0 0.03 0.0 0 5.3 10 320 M M 9 1 15 10
9 76 53 65 -1 0 0 0.00 0.0 0 2.3 9 20 M M 2 12 14 40
10 79 51 65 0 0 0 0.00 0.0 0 1.3 8 330 M M 1 1 12 320
11 68 56 62 -3 3 0 0.49 0.0 0 4.0 13 190 M M 7 18 16 190
12 73 53 63 -2 2 0 0.01 0.0 0 8.3 17 300 M M 6 26 340
13 69 50 60 -4 5 0 0.00 0.0 0 3.4 14 330 M M 4 1 17 330
14 73 47 60 -4 5 0 0.00 0.0 0 1.6 8 190 M M 1 12 12 180
15 74 47 61 -3 4 0 0.00 0.0 0 2.5 12 200 M M 2 18 15 190
16 75 51 63 0 2 0 0.00 0.0 0 3.1 8 190 M M 1 11 190
17 74 55 65 2 0 0 0.94 0.0 0 3.0 13 260 M M 5 13 16 260
18 69 48 59 -4 6 0 0.00 0.0 0 4.8 14 360 M M 3 1 18 20
19 67 47 57 -5 8 0 0.02 0.0 0 2.5 10 180 M M 7 12 14 190
20 81 61 71 9 0 6 T 0.0 0 4.5 14 180 M M 3 19 200
21 81 59 70 9 0 5 0.00 0.0 0 1.9 9 190 M M 1 13 150
22 84 59 72 11 0 7 0.00 0.0 0 3.3 12 140 M M 0 1 19 140
23 77 53 65 4 0 0 0.00 0.0 0 2.9 12 80 M M 0 21 90
24 80 50 65 5 0 0 0.00 0.0 0 3.1 9 20 M M 0 1 14 20
25 71 55 63 3 2 0 T 0.0 0 2.7 9 60 M M 6 128 13 60
26 77 64 71 12 0 6 0.65 0.0 0 4.6 12 220 M M 10 13 19 80
27 67 62 65 6 0 0 0.11 0.0 0 5.2 10 90 M M 10 1 17 100
28 66 60 63 4 2 0 T 0.0 0 4.7 8 40 M M 10 18 13 50
29 70 55 63 5 2 0 0.00 0.0 0 1.3 8 200 M M 8 18 10 200
30 80 52 66 8 0 1 0.00 0.0 0 1.9 9 200 M M 4 128 12 200
================================================================================
SM 2300 1688 44 95 3.19 0.0 130.5 M 117
================================================================================
AV 76.7 56.3 4.3 FASTST M M 4 MAX(MPH)
MISC ----> 24 230 35 220
================================================================================
NOTES:
# LAST OF SEVERAL OCCURRENCES
COLUMN 17 PEAK WIND IN M.P.H.
PRELIMINARY LOCAL CLIMATOLOGICAL DATA (WS FORM: F-6) , PAGE 2
STATION: KALAMAZOO
MONTH: SEPTEMBER
YEAR: 2023
LATITUDE: 42 13 N
LONGITUDE: 85 33 W
[TEMPERATURE DATA] [PRECIPITATION DATA] SYMBOLS USED IN COLUMN 16
AVERAGE MONTHLY: 66.5 TOTAL FOR MONTH: 3.19 1 = FOG OR MIST
DPTR FM NORMAL: 3.2 DPTR FM NORMAL: -0.08 2 = FOG REDUCING VISIBILITY
HIGHEST: 92 ON 5, 4 GRTST 24HR 0.94 ON 6- 6 TO 1/4 MILE OR LESS
LOWEST: 47 ON 19,15 3 = THUNDER
SNOW, ICE PELLETS, HAIL 4 = ICE PELLETS
TOTAL MONTH: 0.0 INCH 5 = HAIL
GRTST 24HR 0.0 6 = FREEZING RAIN OR DRIZZLE
GRTST DEPTH: 0 7 = DUSTSTORM OR SANDSTORM:
VSBY 1/2 MILE OR LESS
8 = SMOKE OR HAZE
[NO. OF DAYS WITH] [WEATHER - DAYS WITH] 9 = BLOWING SNOW
X = TORNADO
MAX 32 OR BELOW: 0 0.01 INCH OR MORE: 8
MAX 90 OR ABOVE: 3 0.10 INCH OR MORE: 5
MIN 32 OR BELOW: 0 0.50 INCH OR MORE: 3
MIN 0 OR BELOW: 0 1.00 INCH OR MORE: 0
[HDD (BASE 65) ]
TOTAL THIS MO. 44 CLEAR (SCALE 0-3) 14
DPTR FM NORMAL -76 PTCLDY (SCALE 4-7) 11
TOTAL FM JUL 1 46 CLOUDY (SCALE 8-10) 5
DPTR FM NORMAL -92
[CDD (BASE 65) ]
TOTAL THIS MO. 95
DPTR FM NORMAL 26 [PRESSURE DATA]
TOTAL FM JAN 1 783 HIGHEST SLP 30.30 ON 30
DPTR FM NORMAL 82 LOWEST SLP 29.72 ON 6
[REMARKS]
#FINAL-09-23#