000
CXUS51 KOKX 010910
CF6BDR
PRELIMINARY LOCAL CLIMATOLOGICAL DATA (WS FORM: F-6)
STATION: BRIDGEPORT CT
MONTH: MAY
YEAR: 2023
LATITUDE: 41 10 N
LONGITUDE: 73 8 W
TEMPERATURE IN F: :PCPN: SNOW: WIND :SUNSHINE: SKY :PK WND
================================================================================
1 2 3 4 5 6A 6B 7 8 9 10 11 12 13 14 15 16 17 18
12Z AVG MX 2MIN
DY MAX MIN AVG DEP HDD CDD WTR SNW DPTH SPD SPD DIR MIN PSBL S-S WX SPD DR
================================================================================
1 61 50 56 0 9 0 0.01 0.0 0 13.5 21 220 M M 5 1 30 270
2 55 46 51 -5 14 0 0.10 0.0 0 9.0 20 220 M M 6 26 220
3 57 45 51 -5 14 0 0.00 0.0 0 7.4 16 220 M M 5 18 220
4 55 48 52 -4 13 0 0.03 0.0 0 7.2 15 20 M M 10 20 40
5 59 43 51 -6 14 0 T 0.0 0 5.8 12 140 M M 6 1 15 160
6 74 48 61 4 4 0 0.00 0.0 0 7.6 18 300 M M 2 26 290
7 74 54 64 7 1 0 0.05 0.0 0 9.3 20 200 M M 2 25 200
8 77 55 66 8 0 1 0.01 0.0 0 10.1 22 300 M M 2 27 320
9 65 48 57 -1 8 0 0.00 0.0 0 6.3 13 160 M M 0 17 140
10 68 45 57 -1 8 0 0.00 0.0 0 7.1 16 210 M M 0 19 220
11 76 48 62 3 3 0 0.00 0.0 0 8.4 18 220 M M 1 25 220
12 83 53 68 9 0 3 0.00 0.0 0 6.7 18 220 M M 1 22 220
13 83 61 72 13 0 7 T 0.0 0 5.6 15 210 M M 2 20 290
14 70 54 62 2 3 0 0.00 0.0 0 9.7 23 340 M M 0 34 320
15 72 48 60 0 5 0 0.00 0.0 0 10.2 24 200 M M 0 34 180
16 75 55 65 5 0 0 0.00 0.0 0 10.1 20 200 M M 0 24 230
17 65 47 56 -4 9 0 0.00 0.0 0 14.4 25 310 M M 0 37 300
18 60 38 49 -12 16 0 0.00 0.0 0 8.1 15 210 M M 0 20 220
19 69 49 59 -2 6 0 0.00 0.0 0 6.9 17 190 M M 1 23 180
20 64 54 59 -2 6 0 2.34 0.0 0 8.5 16 170 M M 10 1 23 170
21 72 56 64 2 1 0 0.00 0.0 0 8.5 20 340 M M 5 12 27 350
22 70 55 63 1 2 0 0.00 0.0 0 7.5 14 50 M M 1 20 60
23 63 51 57 -5 8 0 0.00 0.0 0 8.1 16 110 M M 3 20 110
24 69 48 59 -3 6 0 0.03 0.0 0 6.4 17 340 M M 3 24 320
25 70 47 59 -4 6 0 0.00 0.0 0 9.8 22 10 M M 1 27 360
26 73 48 61 -2 4 0 0.00 0.0 0 7.7 17 10 M M 0 21 10
27 74 49 62 -1 3 0 0.00 0.0 0 6.5 13 190 M M 0 17 200
28 77 53 65 1 0 0 0.00 0.0 0 8.1 15 200 M M 0 19 200
29 70 56 63 -1 2 0 0.00 0.0 0 10.2 18 110 M M 0 25 110
30 65 51 58 -6 7 0 0.00 0.0 0 9.2 15 80 M M 1 20 60
31 70 47 59 -6 6 0 0.00 0.0 0 5.2 9 140 M M 1 13 90
================================================================================
SM 2135 1550 178 11 2.57 0.0 259.1 M 68
================================================================================
AV 68.9 50.0 8.4 FASTST M M 2 MAX(MPH)
MISC ----> 25 310 37 300
================================================================================
NOTES:
# LAST OF SEVERAL OCCURRENCES
COLUMN 17 PEAK WIND IN M.P.H.
PRELIMINARY LOCAL CLIMATOLOGICAL DATA (WS FORM: F-6) , PAGE 2
STATION: BRIDGEPORT CT
MONTH: MAY
YEAR: 2023
LATITUDE: 41 10 N
LONGITUDE: 73 8 W
[TEMPERATURE DATA] [PRECIPITATION DATA] SYMBOLS USED IN COLUMN 16
AVERAGE MONTHLY: 59.4 TOTAL FOR MONTH: 2.57 1 = FOG OR MIST
DPTR FM NORMAL: -0.6 DPTR FM NORMAL: -1.01 2 = FOG REDUCING VISIBILITY
HIGHEST: 83 ON 13,12 GRTST 24HR 2.34 ON 20-20 TO 1/4 MILE OR LESS
LOWEST: 38 ON 18 3 = THUNDER
SNOW, ICE PELLETS, HAIL 4 = ICE PELLETS
TOTAL MONTH: 0.0 INCH 5 = HAIL
GRTST 24HR 0.0 6 = FREEZING RAIN OR DRIZZLE
GRTST DEPTH: 0 7 = DUSTSTORM OR SANDSTORM:
VSBY 1/2 MILE OR LESS
8 = SMOKE OR HAZE
[NO. OF DAYS WITH] [WEATHER - DAYS WITH] 9 = BLOWING SNOW
X = TORNADO
MAX 32 OR BELOW: 0 0.01 INCH OR MORE: 7
MAX 90 OR ABOVE: 0 0.10 INCH OR MORE: 2
MIN 32 OR BELOW: 0 0.50 INCH OR MORE: 1
MIN 0 OR BELOW: 0 1.00 INCH OR MORE: 1
[HDD (BASE 65) ]
TOTAL THIS MO. 178 CLEAR (SCALE 0-3) 24
DPTR FM NORMAL -4 PTCLDY (SCALE 4-7) 5
TOTAL FM JUL 1 4576 CLOUDY (SCALE 8-10) 2
DPTR FM NORMAL -540
[CDD (BASE 65) ]
TOTAL THIS MO. 11
DPTR FM NORMAL -17 [PRESSURE DATA]
TOTAL FM JAN 1 22 HIGHEST SLP M ON M
DPTR FM NORMAL -8 LOWEST SLP 28.98 ON 1
[REMARKS]
#FINAL-05-23#