000
CXUS51 KOKX 012354
CF6BDR
PRELIMINARY LOCAL CLIMATOLOGICAL DATA (WS FORM: F-6)
STATION: BRIDGEPORT CT
MONTH: FEBRUARY
YEAR: 2023
LATITUDE: 41 10 N
LONGITUDE: 73 8 W
TEMPERATURE IN F: :PCPN: SNOW: WIND :SUNSHINE: SKY :PK WND
================================================================================
1 2 3 4 5 6A 6B 7 8 9 10 11 12 13 14 15 16 17 18
12Z AVG MX 2MIN
DY MAX MIN AVG DEP HDD CDD WTR SNW DPTH SPD SPD DIR MIN PSBL S-S WX SPD DR
================================================================================
1 37 25 31 0 34 0 T T T 8.0 15 220 M M 3 18 300
2 39 21 30 -1 35 0 0.00 0.0 0 7.0 20 230 M M 0 24 220
3 36 2 19 -12 46 0 0.00 0.0 0 20.1 36 290 M M 4 49 300
4 28 -4 12 -19 53 0 0.00 0.0 0 10.0 22 220 M M 2 28 230
5 41 28 35 3 30 0 0.00 0.0 0 9.2 23 230 M M 0 30 220
6 53 29 41 9 24 0 0.00 0.0 0 9.2 25 340 M M 2 33 340
7 39 23 31 -1 34 0 0.09 0.0 0 5.8 13 80 M M 2 1 15 90
8 52 30 41 9 24 0 0.00 0.0 0 6.0 18 300 M M 1 1 26 300
9 50 28 39 7 26 0 T 0.0 0 5.5 14 60 M M 6 16 70
10 62 40 51 19 14 0 0.00 0.0 0 12.1 26 310 M M 1 1 35 310
11 47 29 38 6 27 0 0.00 0.0 0 9.3 23 300 M M 1 32 300
12 45 26 36 4 29 0 T 0.0 0 4.0 13 20 M M 1 15 30
13 53 38 46 13 19 0 T 0.0 0 8.6 20 360 M M 4 24 360
14 54 37 46 13 19 0 0.00 0.0 0 8.3 24 300 M M 0 30 300
15 57 34 46 13 19 0 0.00 0.0 0 6.4 18 190 M M 1 26 190
16 68 42 55 22 10 0 0.03 0.0 0 5.2 16 180 M M 4 22 190
17 54 30 42 9 23 0 0.32 0.0 0 10.1 28 330 M M 9 1 39 340
18 41 24 33 -1 32 0 0.00 0.0 0 12.3 25 320 M M 0 37 310
19 46 32 39 5 26 0 0.00 0.0 0 4.5 15 190 M M 1 18 200
20 53 38 46 12 19 0 0.00 0.0 0 3.7 13 20 M M 5 1 16 230
21 47 35 41 7 24 0 0.07 T 0 6.0 15 20 M M 8 23 20
22 42 28 35 1 30 0 0.10 T 0 6.3 17 80 M M 5 14 19 70
23 39 35 37 2 28 0 0.08 0.0 0 9.3 20 70 M M 10 1 24 70
24 45 22 34 -1 31 0 0.02 0.0 0 12.6 32 310 M M 4 1 44 300
25 28 20 24 -11 41 0 0.02 0.3 0 4.9 13 330 M M 6 1 16 320
26 41 20 31 -4 34 0 0.00 0.0 0 6.7 22 220 M M 3 1 27 220
27 39 24 32 -4 33 0 0.16 2.0 0 9.3 26 90 M M 3 1 34 90
28 36 30 33 -3 32 0 0.33 1.8 3 10.3 31 90 M M 9 1 37 90
================================================================================
SM 1272 766 796 0 1.22 4.1 230.7 M 95
================================================================================
AV 45.4 27.4 8.2 FASTST M M 3 MAX(MPH)
MISC ----> 36 290 49 300
================================================================================
NOTES:
# LAST OF SEVERAL OCCURRENCES
COLUMN 17 PEAK WIND IN M.P.H.
PRELIMINARY LOCAL CLIMATOLOGICAL DATA (WS FORM: F-6) , PAGE 2
STATION: BRIDGEPORT CT
MONTH: FEBRUARY
YEAR: 2023
LATITUDE: 41 10 N
LONGITUDE: 73 8 W
[TEMPERATURE DATA] [PRECIPITATION DATA] SYMBOLS USED IN COLUMN 16
AVERAGE MONTHLY: 36.4 TOTAL FOR MONTH: 1.22 1 = FOG OR MIST
DPTR FM NORMAL: 3.3 DPTR FM NORMAL: -1.90 2 = FOG REDUCING VISIBILITY
HIGHEST: 68 ON 16 GRTST 24HR 0.49 ON 27-28 TO 1/4 MILE OR LESS
LOWEST: -4 ON 4 3 = THUNDER
SNOW, ICE PELLETS, HAIL 4 = ICE PELLETS
TOTAL MONTH: 4.1 INCHES 5 = HAIL
GRTST 24HR 2.0 ON 27-27 6 = FREEZING RAIN OR DRIZZLE
GRTST DEPTH: 3 ON 28 7 = DUSTSTORM OR SANDSTORM:
VSBY 1/2 MILE OR LESS
8 = SMOKE OR HAZE
[NO. OF DAYS WITH] [WEATHER - DAYS WITH] 9 = BLOWING SNOW
X = TORNADO
MAX 32 OR BELOW: 2 0.01 INCH OR MORE: 10
MAX 90 OR ABOVE: 0 0.10 INCH OR MORE: 4
MIN 32 OR BELOW: 20 0.50 INCH OR MORE: 0
MIN 0 OR BELOW: 1 1.00 INCH OR MORE: 0
[HDD (BASE 65) ]
TOTAL THIS MO. 796 CLEAR (SCALE 0-3) 15
DPTR FM NORMAL -97 PTCLDY (SCALE 4-7) 10
TOTAL FM JUL 1 3284 CLOUDY (SCALE 8-10) 3
DPTR FM NORMAL -418
[CDD (BASE 65) ]
TOTAL THIS MO. 0
DPTR FM NORMAL 0 [PRESSURE DATA]
TOTAL FM JAN 1 0 HIGHEST SLP 30.67 ON 4
DPTR FM NORMAL 0 LOWEST SLP 29.47 ON 17
[REMARKS]
#FINAL-02-23#