000
CXUS53 KIWX 010800
CF6BEH
PRELIMINARY LOCAL CLIMATOLOGICAL DATA (WS FORM: F-6)
STATION: BENTON HARBOR
MONTH: MAY
YEAR: 2020
LATITUDE: 42 7 N
LONGITUDE: 86 26 W
TEMPERATURE IN F: :PCPN: SNOW: WIND :SUNSHINE: SKY :PK WND
================================================================================
1 2 3 4 5 6A 6B 7 8 9 10 11 12 13 14 15 16 17 18
12Z AVG MX 2MIN
DY MAX MIN AVG DEP HDD CDD WTR SNW DPTH SPD SPD DIR MIN PSBL S-S WX SPD DR
================================================================================
1 59 34 47 -7 18 0 0.00 0.0 0 3.9 10 300 M M 1 1 16 340
2 72 54 63 9 2 0 T 0.0 0 10.3 26 240 M M 3 36 240
3 66 46 56 2 9 0 0.00 0.0 0 7.3 16 280 M M 2 24 300
4 49 39 44 -11 21 0 0.00 0.0 0 6.6 13 10 M M 1 21 30
5 52 42 47 -8 18 0 0.00 0.0 0 8.0 18 110 M M 7 28 110
6 53 32 43 -12 22 0 0.00 0.0 0 4.8 14 290 M M 0 20 290
7 56 38 47 -9 18 0 0.00 0.0 0 7.1 18 280 M M 0 28 280
8 44 34 39 -17 26 0 0.00 0.0 0 8.1 18 360 M M 1 35 330
9 53 30 42 -14 23 0 0.00 0.0 0 11.9 25 270 M M 2 33 270
10 57 37 47 -9 18 0 0.25 M M 10.8 21 260 M M 7 1 33 20
11 44 33 39 -18 26 0 T M M 6.0 14 310 M M 6 8 23 340
12 57 32 45 -12 20 0 0.00 0.0 0 6.1 12 280 M M 0 16 270
13 68 34 51 -6 14 0 0.00 0.0 0 8.5 20 140 M M 4 32 130
14 71 51 61 3 4 0 0.79 0.0 0 9.1 18 210 M M 8 13 29 170
15 67 50 59 1 6 0 1.03 0.0 0 3.7 15 270 M M 6 123 22 180
16 71 46 59 1 6 0 0.00 0.0 0 5.1 13 90 M M 1 1 18 80
17 64 55 60 1 5 0 0.98 0.0 0 14.4 21 110 M M 9 1 30 120
18 70 59 65 6 0 0 0.18 0.0 0 5.1 18 120 M M 9 1 27 110
19 65 58 62 3 3 0 0.05 0.0 0 11.5 22 100 M M 9 18 32 110
20 69 54 62 2 3 0 0.00 M M 11.3 22 120 M M 5 32 80
21 75 50 63 3 2 0 0.00 0.0 0 8.2 21 110 M M 7 1 29 120
22 67 55 61 1 4 0 0.02 0.0 0 2.7 9 290 M M 10 1 12 290
23 82 51 67 7 0 2 0.74 0.0 0 7.1 20 120 M M 3 123 27 120
24 86 65 76 15 0 11 0.99 0.0 0 5.0 16 190 M M 2 13 23 190
25 83 67 75 14 0 10 0.00 0.0 0 5.5 15 260 M M 0 21 250
26 90 64 77 15 0 12 0.00 0.0 0 6.3 16 140 M M 1 24 150
27 84 64 74 12 0 9 1.40 0.0 0 3.2 23 130 M M 1 13 28 110
28 80 62 71 9 0 6 0.12 0.0 0 5.1 16 280 M M 7 1 22 220
29 70 57 64 2 1 0 0.10 0.0 0 5.5 13 270 M M 5 1 21 340
30 64 49 57 -6 8 0 0.00 0.0 0 5.0 13 290 M M 2 19 300
31 62 44 53 -10 12 0 0.00 0.0 0 4.6 12 300 M M 0 1 19 60
================================================================================
SM 2050 1486 289 50 6.65 0.0 217.8 M 119
================================================================================
AV 66.1 47.9 7.0 FASTST M M 4 MAX(MPH)
MISC ----> # 26 240 # 36 240
================================================================================
NOTES:
# LAST OF SEVERAL OCCURRENCES
COLUMN 17 PEAK WIND IN M.P.H.
PRELIMINARY LOCAL CLIMATOLOGICAL DATA (WS FORM: F-6) , PAGE 2
STATION: BENTON HARBOR
MONTH: MAY
YEAR: 2020
LATITUDE: 42 7 N
LONGITUDE: 86 26 W
[TEMPERATURE DATA] [PRECIPITATION DATA] SYMBOLS USED IN COLUMN 16
AVERAGE MONTHLY: 57.0 TOTAL FOR MONTH: 6.65 1 = FOG OR MIST
DPTR FM NORMAL: -1.4 DPTR FM NORMAL: 3.08 2 = FOG REDUCING VISIBILITY
HIGHEST: 90 ON 26 GRTST 24HR 1.40 ON 27-27 TO 1/4 MILE OR LESS
LOWEST: 30 ON 9 3 = THUNDER
SNOW, ICE PELLETS, HAIL 4 = ICE PELLETS
TOTAL MONTH: 0.0 INCH 5 = HAIL
GRTST 24HR 0.0 6 = FREEZING RAIN OR DRIZZLE
GRTST DEPTH: 0 7 = DUSTSTORM OR SANDSTORM:
VSBY 1/2 MILE OR LESS
8 = SMOKE OR HAZE
[NO. OF DAYS WITH] [WEATHER - DAYS WITH] 9 = BLOWING SNOW
X = TORNADO
MAX 32 OR BELOW: 0 0.01 INCH OR MORE: 12
MAX 90 OR ABOVE: 1 0.10 INCH OR MORE: 10
MIN 32 OR BELOW: 3 0.50 INCH OR MORE: 6
MIN 0 OR BELOW: 0 1.00 INCH OR MORE: 2
[HDD (BASE 65) ]
TOTAL THIS MO. 289 CLEAR (SCALE 0-3) 16
DPTR FM NORMAL 36 PTCLDY (SCALE 4-7) 11
TOTAL FM JUL 1 5859 CLOUDY (SCALE 8-10) 4
DPTR FM NORMAL -230
[CDD (BASE 65) ]
TOTAL THIS MO. 50
DPTR FM NORMAL 1 [PRESSURE DATA]
TOTAL FM JAN 1 50 HIGHEST SLP 30.38 ON 31
DPTR FM NORMAL -11 LOWEST SLP 29.67 ON 18
[REMARKS]
#FINAL-05-20#