000
CXUS53 KIWX 010800
CF6BEH
PRELIMINARY LOCAL CLIMATOLOGICAL DATA (WS FORM: F-6)
STATION: BENTON HARBOR
MONTH: FEBRUARY
YEAR: 2020
LATITUDE: 42 7 N
LONGITUDE: 86 26 W
TEMPERATURE IN F: :PCPN: SNOW: WIND :SUNSHINE: SKY :PK WND
================================================================================
1 2 3 4 5 6A 6B 7 8 9 10 11 12 13 14 15 16 17 18
12Z AVG MX 2MIN
DY MAX MIN AVG DEP HDD CDD WTR SNW DPTH SPD SPD DIR MIN PSBL S-S WX SPD DR
================================================================================
1 38 32 35 8 30 0 0.03 M 0 10.3 21 290 M M 10 18 29 280
2 49 34 42 15 23 0 0.00 0.0 0 14.8 25 230 M M 2 36 240
3 55 27 41 14 24 0 0.00 0.0 0 4.2 12 120 M M 0 1 16 130
4 41 30 36 9 29 0 0.00 0.0 0 7.5 13 20 M M 8 23 30
5 31 25 28 1 37 0 0.11 M M 7.8 13 120 M M 9 1 20 80
6 28 24 26 -1 39 0 0.07 M M 5.4 13 70 M M 8 18 19 20
7 35 15 25 -2 40 0 T M M 6.8 20 280 M M 8 8 25 280
8 35 28 32 4 33 0 T M M 8.1 17 270 M M 9 18 22 280
9 37 25 31 3 34 0 0.02 M M 11.1 22 150 M M 10 18 33 160
10 37 27 32 4 33 0 0.00 0.0 M 4.6 13 320 M M 10 1 23 330
11 35 27 31 3 34 0 0.00 0.0 0 11.4 23 280 M M 6 31 280
12 36 24 30 2 35 0 0.08 M 0 7.0 16 270 M M 5 18 21 270
13 33 18 26 -2 39 0 0.11 M 0 8.9 18 310 M M 10 128 31 320
14 18 7 13 -16 52 0 T M 0 9.5 18 280 M M 6 8 24 280
15 34 5 20 -9 45 0 0.01 M 0 13.0 23 200 M M 7 8 34 210
16 36 23 30 1 35 0 0.00 0.0 0 5.4 14 260 M M 4 1 17 260
17 39 22 31 2 34 0 0.14 M 0 12.2 21 120 M M 8 18 30 120
18 40 28 34 5 31 0 0.02 M M 12.2 24 280 M M 8 1 32 280
19 32 23 28 -2 37 0 0.00 0.0 0 8.2 16 300 M M 6 25 30
20 25 17 21 -9 44 0 T T 0 6.1 13 310 M M 8 22 320
21 36 18 27 -3 38 0 0.00 0.0 0 12.9 22 250 M M 0 29 230
22 50 27 39 9 26 0 0.00 0.0 M 12.8 22 250 M M 0 32 240
23 52 33 43 12 22 0 0.00 0.0 0 9.9 20 230 M M 0 28 240
24 46 30 38 7 27 0 0.01 0.0 0 4.8 10 70 M M 4 1 16 80
25 38 33 36 5 29 0 0.16 M M 6.9 13 70 M M 10 18 23 50
26 33 28 31 -1 34 0 0.06 M M 8.8 18 320 M M 10 128 36 310
27 28 24 26 -6 39 0 0.01 M M 11.5 20 290 M M 10 8 32 300
28 27 22 25 -7 40 0 0.00 0.0 M 12.0 21 290 M M 8 27 280
29 31 25 28 -4 37 0 0.00 0.0 M 9.8 18 270 M M 2 24 310
================================================================================
SM 1055 701 1000 0 0.83 T 263.9 M 186
================================================================================
AV 36.4 24.2 9.1 FASTST M M 6 MAX(MPH)
MISC ----> # 25 230 # 36 240
================================================================================
NOTES:
# LAST OF SEVERAL OCCURRENCES
COLUMN 17 PEAK WIND IN M.P.H.
PRELIMINARY LOCAL CLIMATOLOGICAL DATA (WS FORM: F-6) , PAGE 2
STATION: BENTON HARBOR
MONTH: FEBRUARY
YEAR: 2020
LATITUDE: 42 7 N
LONGITUDE: 86 26 W
[TEMPERATURE DATA] [PRECIPITATION DATA] SYMBOLS USED IN COLUMN 16
AVERAGE MONTHLY: 30.3 TOTAL FOR MONTH: 0.83 1 = FOG OR MIST
DPTR FM NORMAL: 1.4 DPTR FM NORMAL: -0.82 2 = FOG REDUCING VISIBILITY
HIGHEST: 55 ON 3 GRTST 24HR 0.16 ON 25-25 TO 1/4 MILE OR LESS
LOWEST: 5 ON 15 3 = THUNDER
SNOW, ICE PELLETS, HAIL 4 = ICE PELLETS
TOTAL MONTH: T 5 = HAIL
GRTST 24HR T ON 20-20 6 = FREEZING RAIN OR DRIZZLE
GRTST DEPTH: 0 7 = DUSTSTORM OR SANDSTORM:
VSBY 1/2 MILE OR LESS
8 = SMOKE OR HAZE
[NO. OF DAYS WITH] [WEATHER - DAYS WITH] 9 = BLOWING SNOW
X = TORNADO
MAX 32 OR BELOW: 8 0.01 INCH OR MORE: 13
MAX 90 OR ABOVE: 0 0.10 INCH OR MORE: 4
MIN 32 OR BELOW: 26 0.50 INCH OR MORE: 0
MIN 0 OR BELOW: 0 1.00 INCH OR MORE: 0
[HDD (BASE 65) ]
TOTAL THIS MO. 1000 CLEAR (SCALE 0-3) 6
DPTR FM NORMAL -9 PTCLDY (SCALE 4-7) 10
TOTAL FM JUL 1 4194 CLOUDY (SCALE 8-10) 13
DPTR FM NORMAL -323
[CDD (BASE 65) ]
TOTAL THIS MO. 0
DPTR FM NORMAL 0 [PRESSURE DATA]
TOTAL FM JAN 1 0 HIGHEST SLP 30.69 ON 20
DPTR FM NORMAL 0 LOWEST SLP 29.43 ON 2
[REMARKS]
#FINAL-02-20#