000
CXUS55 KBYZ 170212
CF6BIL
PRELIMINARY LOCAL CLIMATOLOGICAL DATA (WS FORM: F-6)
STATION: BILLINGS MT
MONTH: DECEMBER
YEAR: 2022
LATITUDE: 45 47 N
LONGITUDE: 108 32 W
TEMPERATURE IN F: :PCPN: SNOW: WIND :SUNSHINE: SKY :PK WND
================================================================================
1 2 3 4 5 6A 6B 7 8 9 10 11 12 13 14 15 16 17 18
12Z AVG MX 2MIN
DY MAX MIN AVG DEP HDD CDD WTR SNW DPTH SPD SPD DIR MIN PSBL S-S WX SPD DR
================================================================================
1 46 13 30 -1 35 0 0.05 0.5 0 11.7 23 40 M M 7 1 28 40
2 15 3 9 -22 56 0 0.07 1.1 2 6.0 14 240 M M 5 18 16 40
3 35 8 22 -8 43 0 0.00 0.0 1 15.2 26 250 M M 2 32 250
4 41 21 31 1 34 0 0.06 0.6 T 12.6 22 230 M M 5 1 27 230
5 29 17 23 -7 42 0 0.10 1.7 2 11.2 20 230 M M 7 1 27 240
6 27 0 14 -15 51 0 T T 2 11.4 20 50 M M 10 1 23 40
7 39 -1 19 -10 46 0 T T 2 8.8 20 220 M M 4 1 23 210
8 34 16 25 -4 40 0 0.00 0.0 2 14.0 22 250 M M 0 28 240
9 36 22 29 0 36 0 0.00 0.0 2 12.5 22 240 M M 6 29 240
10 32 14 23 -5 42 0 0.00 0.0 2 5.2 15 240 M M 5 18 240
11 36 17 27 -1 38 0 0.00 0.0 1 6.3 18 240 M M 7 21 240
12 24 13 19 -9 46 0 0.15 2.4 T 6.3 14 40 M M 10 1 17 50
13 19 9 14 -14 51 0 0.01 0.3 3 3.0 10 230 M M 9 1 12 230
14 32 6 19 -9 46 0 T 0.1 3 16.4 29 330 M M 5 189 35 310
15 26 13 20 -7 45 0 0.00 0.0 3 16.5 26 330 M M 2 32 320
16 29 13 21 -6 44 0 0.00 0.0 3 13.3 24 330 M M 5 32 330
17 29 13 21 -6 44 0 0.00 0.0 3 15.9 26 240 M M 6 32 250
18 13 0 7 -20 58 0 T T 2 11.1 18 60 M M 10 22 60
19 2 -6 -2 -29 67 0 T T 2 7.6 15 50 M M 9 18 18 50
20 -5 -11 -8 -35 73 0 T T 2 8.8 13 30 M M 8 15 50
21 -9 -25 -17 -43 82 0 0.17 3.3 4 8.1 23 310 M M 7 189 29 300
22 -10 -23 -16 -42 81 0 0.00 0.0 5 15.6 23 240 M M 2 9 28 230
23 3 -15 -6 -32 71 0 0.00 0.0 5 4.6 21 230 M M 7 27 230
24 38 1 20 -6 45 0 0.00 0.0 4 19.2 30 240 M M 8 35 250
25 46 32 39 13 26 0 T T 4 15.3 43 280 M M 8 54 280
26 48 32 40 14 25 0 0.00 0.0 T 18.9 28 250 M M 6 34 230
27 53 40 47 21 18 0 T 0.0 0 14.2 30 280 M M 7 36 280
28 43 35 39 13 26 0 0.00 0.0 0 17.1 36 280 M M 7 45 270
29 41 24 33 7 32 0 0.00 0.0 0 9.6 26 280 M M 5 31 280
30 39 23 31 5 34 0 0.00 0.0 0 14.0 24 250 M M 4 30 230
31 40 29 35 9 30 0 T T 0 14.1 21 240 M M 8 1 27 240
================================================================================
SM 871 333 1407 0 0.61 10.0 364.5 M 191
================================================================================
AV 28.1 10.7 11.8 FASTST M M 6 MAX(MPH)
MISC ----> 43 280 54 280
================================================================================
NOTES:
# LAST OF SEVERAL OCCURRENCES
COLUMN 17 PEAK WIND IN M.P.H.
PRELIMINARY LOCAL CLIMATOLOGICAL DATA (WS FORM: F-6) , PAGE 2
STATION: BILLINGS MT
MONTH: DECEMBER
YEAR: 2022
LATITUDE: 45 47 N
LONGITUDE: 108 32 W
[TEMPERATURE DATA] [PRECIPITATION DATA] SYMBOLS USED IN COLUMN 16
AVERAGE MONTHLY: 19.4 TOTAL FOR MONTH: 0.61 1 = FOG OR MIST
DPTR FM NORMAL: -8.2 DPTR FM NORMAL: 0.04 2 = FOG REDUCING VISIBILITY
HIGHEST: 53 ON 27 GRTST 24HR 0.17 ON 20-21 TO 1/4 MILE OR LESS
LOWEST: -25 ON 21 3 = THUNDER
SNOW, ICE PELLETS, HAIL 4 = ICE PELLETS
TOTAL MONTH: 10.0 INCHES 5 = HAIL
GRTST 24HR 3.3 ON 21-21 6 = FREEZING RAIN OR DRIZZLE
GRTST DEPTH: 5 ON 23,22 7 = DUSTSTORM OR SANDSTORM:
VSBY 1/2 MILE OR LESS
8 = SMOKE OR HAZE
[NO. OF DAYS WITH] [WEATHER - DAYS WITH] 9 = BLOWING SNOW
X = TORNADO
MAX 32 OR BELOW: 16 0.01 INCH OR MORE: 7
MAX 90 OR ABOVE: 0 0.10 INCH OR MORE: 3
MIN 32 OR BELOW: 29 0.50 INCH OR MORE: 0
MIN 0 OR BELOW: 8 1.00 INCH OR MORE: 0
[HDD (BASE 65) ]
TOTAL THIS MO. 1407 CLEAR (SCALE 0-3) 4
DPTR FM NORMAL 249 PTCLDY (SCALE 4-7) 22
TOTAL FM JUL 1 2984 CLOUDY (SCALE 8-10) 5
DPTR FM NORMAL 223
[CDD (BASE 65) ]
TOTAL THIS MO. 0
DPTR FM NORMAL 0 [PRESSURE DATA]
TOTAL FM JAN 1 910 HIGHEST SLP 30.98 ON 22
DPTR FM NORMAL 248 LOWEST SLP 29.17 ON 27
[REMARKS]
#FINAL-12-22#