000
CXUS55 KBYZ 011000
CF6BIL
PRELIMINARY LOCAL CLIMATOLOGICAL DATA (WS FORM: F-6)
STATION: BILLINGS MT
MONTH: SEPTEMBER
YEAR: 2023
LATITUDE: 45 47 N
LONGITUDE: 108 32 W
TEMPERATURE IN F: :PCPN: SNOW: WIND :SUNSHINE: SKY :PK WND
================================================================================
1 2 3 4 5 6A 6B 7 8 9 10 11 12 13 14 15 16 17 18
12Z AVG MX 2MIN
DY MAX MIN AVG DEP HDD CDD WTR SNW DPTH SPD SPD DIR MIN PSBL S-S WX SPD DR
================================================================================
1 89 58 74 7 0 9 0.00 0.0 0 5.3 13 290 M M 5 17 360
2 94 64 79 12 0 14 0.00 0.0 0 13.7 21 250 M M 3 30 240
3 90 62 76 10 0 11 0.02 0.0 0 9.7 31 230 M M 4 42 230
4 74 55 65 -1 0 0 T 0.0 0 10.2 22 360 M M 9 38 30 350
5 73 50 62 -4 3 0 0.01 0.0 0 6.2 16 120 M M 8 18 20 140
6 84 52 68 3 0 3 0.00 0.0 0 5.5 12 200 M M 3 138 18 200
7 83 59 71 6 0 6 0.02 0.0 0 8.5 26 320 M M 5 35 330
8 78 56 67 3 0 2 0.05 0.0 0 8.7 20 340 M M 5 3 29 360
9 73 54 64 0 1 0 0.01 0.0 0 8.4 16 50 M M 7 21 40
10 74 50 62 -2 3 0 0.00 0.0 0 6.2 15 320 M M 2 20 320
11 79 48 64 1 1 0 0.00 0.0 0 5.7 14 60 M M 1 17 70
12 85 51 68 5 0 3 0.00 0.0 0 5.8 14 320 M M 4 19 300
13 81 58 70 7 0 5 0.02 0.0 0 11.4 26 280 M M 7 34 280
14 78 54 66 4 0 1 0.00 0.0 0 5.6 12 230 M M 5 16 260
15 79 50 65 3 0 0 0.00 0.0 0 6.9 13 210 M M 1 19 210
16 86 51 69 8 0 4 0.00 0.0 0 10.0 16 230 M M 0 22 250
17 90 56 73 12 0 8 0.00 0.0 0 12.7 20 280 M M 1 28 280
18 86 59 73 12 0 8 0.00 0.0 0 15.8 32 270 M M 2 44 280
19 76 56 66 6 0 1 0.00 0.0 0 8.7 17 320 M M 3 23 330
20 68 47 58 -2 7 0 T 0.0 0 9.7 16 20 M M 7 26 90
21 56 50 53 -6 12 0 0.10 0.0 0 10.2 17 210 M M 10 13 26 220
22 58 50 54 -5 11 0 0.29 0.0 0 6.2 20 280 M M 10 12 26 280
23 66 49 58 0 7 0 0.05 0.0 0 10.6 17 270 M M 7 1 24 290
24 75 45 60 2 5 0 0.00 0.0 0 9.3 16 230 M M 2 21 230
25 83 50 67 9 0 2 0.00 0.0 0 9.2 15 130 M M 2 22 140
26 88 48 68 11 0 3 0.00 0.0 0 7.9 16 220 M M 1 22 110
27 74 52 63 6 2 0 0.00 0.0 0 8.8 29 330 M M 4 42 320
28 66 47 57 1 8 0 0.00 0.0 0 5.6 14 280 M M 4 18 290
29 70 41 56 0 9 0 0.00 0.0 0 7.9 13 40 M M 3 16 40
30 68 47 58 3 7 0 T 0.0 0 8.8 18 10 M M 7 23 10
================================================================================
SM 2324 1569 76 80 0.57 0.0 259.2 M 132
================================================================================
AV 77.5 52.3 8.6 FASTST M M 4 MAX(MPH)
MISC ----> 32 270 44 280
================================================================================
NOTES:
# LAST OF SEVERAL OCCURRENCES
COLUMN 17 PEAK WIND IN M.P.H.
PRELIMINARY LOCAL CLIMATOLOGICAL DATA (WS FORM: F-6) , PAGE 2
STATION: BILLINGS MT
MONTH: SEPTEMBER
YEAR: 2023
LATITUDE: 45 47 N
LONGITUDE: 108 32 W
[TEMPERATURE DATA] [PRECIPITATION DATA] SYMBOLS USED IN COLUMN 16
AVERAGE MONTHLY: 64.9 TOTAL FOR MONTH: 0.57 1 = FOG OR MIST
DPTR FM NORMAL: 3.5 DPTR FM NORMAL: -0.79 2 = FOG REDUCING VISIBILITY
HIGHEST: 94 ON 2 GRTST 24HR 0.37 ON 21-22 TO 1/4 MILE OR LESS
LOWEST: 41 ON 29 3 = THUNDER
SNOW, ICE PELLETS, HAIL 4 = ICE PELLETS
TOTAL MONTH: 0.0 INCH 5 = HAIL
GRTST 24HR 0.0 6 = FREEZING RAIN OR DRIZZLE
GRTST DEPTH: 0 7 = DUSTSTORM OR SANDSTORM:
VSBY 1/2 MILE OR LESS
8 = SMOKE OR HAZE
[NO. OF DAYS WITH] [WEATHER - DAYS WITH] 9 = BLOWING SNOW
X = TORNADO
MAX 32 OR BELOW: 0 0.01 INCH OR MORE: 9
MAX 90 OR ABOVE: 3 0.10 INCH OR MORE: 2
MIN 32 OR BELOW: 0 0.50 INCH OR MORE: 0
MIN 0 OR BELOW: 0 1.00 INCH OR MORE: 0
[HDD (BASE 65) ]
TOTAL THIS MO. 76 CLEAR (SCALE 0-3) 10
DPTR FM NORMAL -92 PTCLDY (SCALE 4-7) 17
TOTAL FM JUL 1 92 CLOUDY (SCALE 8-10) 3
DPTR FM NORMAL -112
[CDD (BASE 65) ]
TOTAL THIS MO. 80
DPTR FM NORMAL 18 [PRESSURE DATA]
TOTAL FM JAN 1 712 HIGHEST SLP 30.28 ON 10
DPTR FM NORMAL 55 LOWEST SLP 29.62 ON 4
[REMARKS]
#FINAL-09-23#