000
CXUS53 KBIS 010830
CF6BIS
PRELIMINARY LOCAL CLIMATOLOGICAL DATA (WS FORM: F-6)
STATION: BISMARCK ND
MONTH: MARCH
YEAR: 2022
LATITUDE: 46 46 N
LONGITUDE: 100 45 W
TEMPERATURE IN F: :PCPN: SNOW: WIND :SUNSHINE: SKY :PK WND
================================================================================
1 2 3 4 5 6A 6B 7 8 9 10 11 12 13 14 15 16 17 18
12Z AVG MX 2MIN
DY MAX MIN AVG DEP HDD CDD WTR SNW DPTH SPD SPD DIR MIN PSBL S-S WX SPD DR
================================================================================
1 33 26 30 7 35 0 0.01 0.0 T 7.0 14 60 M M 10 1 17 60
2 31 16 24 1 41 0 0.01 T T 10.0 17 50 M M 8 1 23 60
3 22 14 18 -6 47 0 0.01 0.2 T 10.5 16 140 M M 10 22 120
4 29 18 24 0 41 0 T 0.0 T 10.7 18 100 M M 6 18 24 90
5 25 18 22 -3 43 0 T T T 12.3 26 320 M M 10 18 36 320
6 28 11 20 -5 45 0 T T T 14.7 24 300 M M 4 33 310
7 40 13 27 1 38 0 T T T 9.3 20 230 M M 3 27 230
8 35 10 23 -3 42 0 T T 0 19.3 31 320 M M 8 44 290
9 18 4 11 -16 54 0 T T T 10.6 22 330 M M 6 8 28 320
10 31 1 16 -11 49 0 T T 0 14.9 36 290 M M 4 18 47 320
11 15 -2 7 -21 58 0 0.00 0.0 0 15.0 28 310 M M 1 42 320
12 53 4 29 1 36 0 0.00 0.0 0 10.6 26 330 M M 2 39 310
13 39 24 32 3 33 0 0.13 2.2 0 6.7 17 80 M M 5 1 21 80
14 49 27 38 9 27 0 T 0.2 2 5.2 16 170 M M 6 1 21 190
15 65 28 47 17 18 0 0.00 0.0 0 5.0 17 200 M M 2 22 210
16 56 32 44 14 21 0 T 0.0 0 12.1 28 320 M M 3 40 290
17 54 26 40 9 25 0 0.00 0.0 0 7.4 18 330 M M 0 25 330
18 62 25 44 13 21 0 0.00 0.0 0 6.4 18 200 M M 2 27 180
19 60 31 46 14 19 0 0.00 0.0 0 5.3 13 110 M M 2 17 320
20 65 32 49 17 16 0 0.00 0.0 0 10.5 22 100 M M 0 27 100
21 53 31 42 10 23 0 T 0.0 0 14.2 29 320 M M 5 42 340
22 50 20 35 2 30 0 0.00 0.0 0 13.3 37 330 M M 1 51 340
23 53 27 40 6 25 0 0.00 0.0 0 9.9 20 320 M M 1 27 330
24 70 21 46 12 19 0 0.00 0.0 0 14.4 38 330 M M 3 54 290
25 47 25 36 2 29 0 0.00 0.0 0 19.7 35 320 M M 1 48 310
26 34 18 26 -9 39 0 0.00 0.0 0 7.3 13 80 M M 2 18 40
27 43 19 31 -4 34 0 0.00 0.0 0 13.3 22 140 M M 6 33 140
28 55 26 41 5 24 0 0.00 0.0 0 17.3 30 150 M M 0 38 140
29 51 30 41 5 24 0 0.06 0.1 0 13.3 28 320 M M 5 16 40 320
30 36 25 31 -6 34 0 0.03 0.3 T 14.3 25 350 M M 8 1 36 350
31 48 17 33 -4 32 0 0.00 0.0 T 3.5 14 150 M M 0 18 130
================================================================================
SM 1350 617 1022 0 0.25 3.0 344.0 M 124
================================================================================
AV 43.5 19.9 11.1 FASTST M M 4 MAX(MPH)
MISC ----> 38 330 54 290
================================================================================
NOTES:
# LAST OF SEVERAL OCCURRENCES
COLUMN 17 PEAK WIND IN M.P.H.
PRELIMINARY LOCAL CLIMATOLOGICAL DATA (WS FORM: F-6) , PAGE 2
STATION: BISMARCK ND
MONTH: MARCH
YEAR: 2022
LATITUDE: 46 46 N
LONGITUDE: 100 45 W
[TEMPERATURE DATA] [PRECIPITATION DATA] SYMBOLS USED IN COLUMN 16
AVERAGE MONTHLY: 31.7 TOTAL FOR MONTH: 0.25 1 = FOG OR MIST
DPTR FM NORMAL: 1.6 DPTR FM NORMAL: -0.59 2 = FOG REDUCING VISIBILITY
HIGHEST: 70 ON 24 GRTST 24HR 0.13 ON 13-13 TO 1/4 MILE OR LESS
LOWEST: -2 ON 11 3 = THUNDER
SNOW, ICE PELLETS, HAIL 4 = ICE PELLETS
TOTAL MONTH: 3.0 INCHES 5 = HAIL
GRTST 24HR 2.2 ON 13-13 6 = FREEZING RAIN OR DRIZZLE
GRTST DEPTH: 2 ON 14 7 = DUSTSTORM OR SANDSTORM:
VSBY 1/2 MILE OR LESS
8 = SMOKE OR HAZE
[NO. OF DAYS WITH] [WEATHER - DAYS WITH] 9 = BLOWING SNOW
X = TORNADO
MAX 32 OR BELOW: 8 0.01 INCH OR MORE: 6
MAX 90 OR ABOVE: 0 0.10 INCH OR MORE: 1
MIN 32 OR BELOW: 31 0.50 INCH OR MORE: 0
MIN 0 OR BELOW: 1 1.00 INCH OR MORE: 0
[HDD (BASE 65) ]
TOTAL THIS MO. 1022 CLEAR (SCALE 0-3) 16
DPTR FM NORMAL -62 PTCLDY (SCALE 4-7) 12
TOTAL FM JUL 1 6859 CLOUDY (SCALE 8-10) 3
DPTR FM NORMAL -562
[CDD (BASE 65) ]
TOTAL THIS MO. 0
DPTR FM NORMAL 0 [PRESSURE DATA]
TOTAL FM JAN 1 0 HIGHEST SLP 30.52 ON 3
DPTR FM NORMAL 0 LOWEST SLP 29.58 ON 29
[REMARKS]
#FINAL-03-22#