000
CXUS51 KRLX 011143
CF6BKW
PRELIMINARY LOCAL CLIMATOLOGICAL DATA (WS FORM: F-6)
STATION: BECKLEY WV
MONTH: OCTOBER
YEAR: 2022
LATITUDE: 37 46 N
LONGITUDE: 81 7 W
TEMPERATURE IN F: :PCPN: SNOW: WIND :SUNSHINE: SKY :PK WND
================================================================================
1 2 3 4 5 6A 6B 7 8 9 10 11 12 13 14 15 16 17 18
12Z AVG MX 2MIN
DY MAX MIN AVG DEP HDD CDD WTR SNW DPTH SPD SPD DIR MIN PSBL S-S WX SPD DR
================================================================================
1 49 47 48 -12 17 0 2.29 0.0 0 7.5 14 360 M M 10 1 19 360
2 52 47 50 -9 15 0 0.19 0.0 0 8.6 16 350 M M 10 12 21 340
3 56 40 48 -11 17 0 0.01 0.0 0 5.6 13 360 M M 7 1 16 350
4 59 37 48 -10 17 0 0.00 0.0 0 4.8 18 350 M M 2 1 24 340
5 64 38 51 -7 14 0 0.00 0.0 0 4.8 15 340 M M 1 20 360
6 68 38 53 -5 12 0 0.00 0.0 0 2.7 10 320 M M 0 13 310
7 70 46 58 1 7 0 0.00 0.0 0 8.3 16 340 M M 4 1 21 220
8 51 34 43 -14 22 0 0.00 0.0 0 6.4 17 20 M M 5 21 30
9 59 30 45 -12 20 0 0.00 0.0 0 3.2 13 270 M M 0 17 260
10 63 32 48 -8 17 0 0.00 0.0 0 2.7 12 340 M M 0 16 330
11 66 37 52 -4 13 0 0.00 0.0 0 6.9 14 120 M M 0 21 130
12 67 51 59 3 6 0 T 0.0 0 9.2 16 170 M M 3 24 140
13 63 40 52 -3 13 0 0.01 0.0 0 8.6 18 270 M M 9 26 220
14 62 37 50 -5 15 0 0.00 0.0 0 7.5 22 260 M M 0 31 280
15 71 48 60 5 5 0 0.00 0.0 0 9.9 25 260 M M 1 36 260
16 61 49 55 1 10 0 0.91 0.0 0 3.6 14 220 M M 8 123 18 220
17 55 35 45 -9 20 0 T 0.0 0 10.4 22 270 M M 7 32 260
18 39 30 35 -19 30 0 0.01 T 0 9.5 21 280 M M 9 168 29 280
19 45 33 39 -14 26 0 T T 0 9.4 18 260 M M 7 1 24 260
20 54 32 43 -10 22 0 0.00 0.0 0 7.8 20 260 M M 1 26 230
21 63 31 47 -5 18 0 0.00 0.0 0 4.5 12 260 M M 0 15 150
22 70 42 56 4 9 0 0.00 0.0 0 5.5 12 130 M M 0 19 120
23 72 39 56 4 9 0 0.00 0.0 0 3.7 12 140 M M 0 17 140
24 74 41 58 6 7 0 0.00 0.0 0 3.0 13 140 M M 0 18 140
25 72 52 62 11 3 0 0.00 0.0 0 9.5 20 150 M M 0 29 150
26 61 45 53 2 12 0 0.17 0.0 0 9.8 17 260 M M 9 1 24 140
27 57 38 48 -2 17 0 0.01 0.0 0 6.7 13 360 M M 5 1 18 10
28 58 39 49 -1 16 0 0.00 0.0 0 7.3 16 140 M M 0 22 120
29 62 45 54 4 11 0 0.00 0.0 0 8.1 15 120 M M 3 20 120
30 63 47 55 6 10 0 T 0.0 0 8.6 15 140 M M 3 24 140
31 59 52 56 7 9 0 0.52 0.0 0 6.6 14 150 M M 9 1 21 170
================================================================================
SM 1885 1252 439 0 4.12 T 210.7 M 113
================================================================================
AV 60.8 40.4 6.8 FASTST M M 4 MAX(MPH)
MISC ----> 25 260 36 260
================================================================================
NOTES:
# LAST OF SEVERAL OCCURRENCES
COLUMN 17 PEAK WIND IN M.P.H.
PRELIMINARY LOCAL CLIMATOLOGICAL DATA (WS FORM: F-6) , PAGE 2
STATION: BECKLEY WV
MONTH: OCTOBER
YEAR: 2022
LATITUDE: 37 46 N
LONGITUDE: 81 7 W
[TEMPERATURE DATA] [PRECIPITATION DATA] SYMBOLS USED IN COLUMN 16
AVERAGE MONTHLY: 50.6 TOTAL FOR MONTH: 4.12 1 = FOG OR MIST
DPTR FM NORMAL: -3.7 DPTR FM NORMAL: 1.39 2 = FOG REDUCING VISIBILITY
HIGHEST: 74 ON 24 GRTST 24HR 2.74 ON 30- 1 TO 1/4 MILE OR LESS
LOWEST: 30 ON 18, 9 3 = THUNDER
SNOW, ICE PELLETS, HAIL 4 = ICE PELLETS
TOTAL MONTH: T 5 = HAIL
GRTST 24HR T ON 18-18 6 = FREEZING RAIN OR DRIZZLE
GRTST DEPTH: 0 7 = DUSTSTORM OR SANDSTORM:
VSBY 1/2 MILE OR LESS
8 = SMOKE OR HAZE
[NO. OF DAYS WITH] [WEATHER - DAYS WITH] 9 = BLOWING SNOW
X = TORNADO
MAX 32 OR BELOW: 0 0.01 INCH OR MORE: 9
MAX 90 OR ABOVE: 0 0.10 INCH OR MORE: 5
MIN 32 OR BELOW: 5 0.50 INCH OR MORE: 3
MIN 0 OR BELOW: 0 1.00 INCH OR MORE: 1
[HDD (BASE 65) ]
TOTAL THIS MO. 439 CLEAR (SCALE 0-3) 18
DPTR FM NORMAL 96 PTCLDY (SCALE 4-7) 6
TOTAL FM JUL 1 555 CLOUDY (SCALE 8-10) 7
DPTR FM NORMAL 112
[CDD (BASE 65) ]
TOTAL THIS MO. 0
DPTR FM NORMAL -10 [PRESSURE DATA]
TOTAL FM JAN 1 694 HIGHEST SLP 30.42 ON 28
DPTR FM NORMAL 30 LOWEST SLP 29.69 ON 17
[REMARKS]
#FINAL-10-22#