000
CXUS51 KRLX 020334
CF6BKW
PRELIMINARY LOCAL CLIMATOLOGICAL DATA (WS FORM: F-6)
STATION: BECKLEY WV
MONTH: DECEMBER
YEAR: 2023
LATITUDE: 37 46 N
LONGITUDE: 81 7 W
TEMPERATURE IN F: :PCPN: SNOW: WIND :SUNSHINE: SKY :PK WND
================================================================================
1 2 3 4 5 6A 6B 7 8 9 10 11 12 13 14 15 16 17 18
12Z AVG MX 2MIN
DY MAX MIN AVG DEP HDD CDD WTR SNW DPTH SPD SPD DIR MIN PSBL S-S WX SPD DR
================================================================================
1 56 39 48 9 17 0 0.22 0.0 0 7.2 15 160 M M 7 1 22 160
2 59 49 54 15 11 0 0.20 0.0 0 4.8 21 140 M M 8 1 27 130
3 61 42 52 13 13 0 0.29 0.0 0 10.8 28 270 M M 6 1 38 290
4 48 34 41 3 24 0 T 0.0 0 5.1 16 270 M M 4 25 260
5 40 31 36 -2 29 0 0.04 0.0 0 3.8 9 330 M M 10 12 11 330
6 37 30 34 -4 31 0 0.09 0.5 T 10.1 17 340 M M 10 1 25 350
7 49 26 38 0 27 0 0.00 0.0 T 8.7 16 270 M M 1 22 260
8 61 35 48 10 17 0 0.00 0.0 0 7.0 16 240 M M 0 21 210
9 63 43 53 16 12 0 0.09 0.0 0 8.5 17 160 M M 5 1 25 150
10 55 30 43 6 22 0 0.89 1.0 0 9.4 20 320 M M 10 16 25 150
11 30 21 26 -11 39 0 T T 1 8.4 20 320 M M 10 1 25 320
12 44 21 33 -4 32 0 0.00 0.0 T 6.7 14 270 M M 0 19 260
13 46 25 36 0 29 0 0.00 0.0 0 4.9 16 320 M M 1 19 320
14 48 21 35 -1 30 0 0.00 0.0 0 2.3 13 340 M M 0 15 330
15 56 24 40 4 25 0 0.00 0.0 0 2.5 9 150 M M 0 13 140
16 52 37 45 9 20 0 0.00 0.0 0 8.8 20 130 M M 0 26 130
17 47 43 45 9 20 0 0.29 0.0 0 9.6 24 120 M M 9 12 31 120
18 43 24 34 -1 31 0 0.18 1.4 0 14.4 31 310 M M 10 128 40 310
19 29 17 23 -12 42 0 T T 1 7.4 23 310 M M 8 8 30 330
20 48 15 32 -3 33 0 0.00 0.0 1 1.1 7 360 M M 0 8 350
21 50 25 38 3 27 0 0.00 0.0 0 2.3 9 260 M M 0 12 240
22 53 30 42 7 23 0 0.00 0.0 0 3.1 13 150 M M 1 19 150
23 56 40 48 14 17 0 0.01 0.0 0 6.3 15 220 M M 5 21 230
24 60 41 51 17 14 0 0.07 0.0 0 4.8 12 140 M M 5 1 16 140
25 54 47 51 17 14 0 0.15 0.0 0 13.2 29 120 M M 4 1 42 120
26 51 47 49 15 16 0 0.13 0.0 0 15.6 26 130 M M 10 1 41 150
27 52 42 47 13 18 0 0.18 0.0 0 4.8 15 120 M M 10 12 20 110
28 48 32 40 6 25 0 0.00 0.0 0 4.4 15 260 M M 7 1 19 260
29 36 27 32 -2 33 0 0.02 0.8 0 6.6 15 270 M M 9 1 19 310
30 34 30 32 -1 33 0 0.04 0.4 1 7.1 12 260 M M 10 1 17 250
31 44 30 37 4 28 0 0.01 T T 7.4 16 220 M M 8 1 22 220
================================================================================
SM 1510 998 752 0 2.90 4.1 217.1 M 168
================================================================================
AV 48.7 32.2 7.0 FASTST M M 5 MAX(MPH)
MISC ----> 31 310 42 120
================================================================================
NOTES:
# LAST OF SEVERAL OCCURRENCES
COLUMN 17 PEAK WIND IN M.P.H.
PRELIMINARY LOCAL CLIMATOLOGICAL DATA (WS FORM: F-6) , PAGE 2
STATION: BECKLEY WV
MONTH: DECEMBER
YEAR: 2023
LATITUDE: 37 46 N
LONGITUDE: 81 7 W
[TEMPERATURE DATA] [PRECIPITATION DATA] SYMBOLS USED IN COLUMN 16
AVERAGE MONTHLY: 40.5 TOTAL FOR MONTH: 2.90 1 = FOG OR MIST
DPTR FM NORMAL: 4.5 DPTR FM NORMAL: -0.39 2 = FOG REDUCING VISIBILITY
HIGHEST: 63 ON 9 GRTST 24HR 0.89 ON 10-10 TO 1/4 MILE OR LESS
LOWEST: 15 ON 20 3 = THUNDER
SNOW, ICE PELLETS, HAIL 4 = ICE PELLETS
TOTAL MONTH: 4.1 INCHES 5 = HAIL
GRTST 24HR 1.4 ON 18-18 6 = FREEZING RAIN OR DRIZZLE
GRTST DEPTH: 1 ON 30,20 7 = DUSTSTORM OR SANDSTORM:
VSBY 1/2 MILE OR LESS
8 = SMOKE OR HAZE
[NO. OF DAYS WITH] [WEATHER - DAYS WITH] 9 = BLOWING SNOW
X = TORNADO
MAX 32 OR BELOW: 2 0.01 INCH OR MORE: 17
MAX 90 OR ABOVE: 0 0.10 INCH OR MORE: 9
MIN 32 OR BELOW: 18 0.50 INCH OR MORE: 1
MIN 0 OR BELOW: 0 1.00 INCH OR MORE: 0
[HDD (BASE 65) ]
TOTAL THIS MO. 752 CLEAR (SCALE 0-3) 10
DPTR FM NORMAL -148 PTCLDY (SCALE 4-7) 10
TOTAL FM JUL 1 1750 CLOUDY (SCALE 8-10) 11
DPTR FM NORMAL -225
[CDD (BASE 65) ]
TOTAL THIS MO. 0
DPTR FM NORMAL 0 [PRESSURE DATA]
TOTAL FM JAN 1 545 HIGHEST SLP 30.80 ON 14
DPTR FM NORMAL -120 LOWEST SLP 29.58 ON 18
[REMARKS]
#FINAL-12-23#