000
CXUS51 KRNK 010800
CLSBLF
CLIMATE REPORT
NATIONAL WEATHER SERVICE BLACKSBURG, VA
300 AM EST TUE MAR 01 2022
...................................
...THE BLUEFIELD WV CLIMATE SUMMARY FOR THE SEASON, FROM
12/1/2021 TO 2/28/2022...
CLIMATE NORMAL PERIOD: 1991 TO 2020
CLIMATE RECORD PERIOD: 1909 TO 2022
WEATHER OBSERVED NORMAL DEPART LAST YEAR`S
VALUE DATE(S) VALUE FROM VALUE
NORMAL
..............................................................
TEMPERATURE (F)
RECORD
HIGH 75 02/26/1977
LOW -21 01/21/1985
HIGHEST 69 01/01 65
LOWEST 3 01/08 6
AVG. MAXIMUM 46.2 42.2 4.0 39.7
AVG. MINIMUM 28.2 26.1 2.1 26.0
MEAN 37.2 34.1 3.1 32.8
DAYS MAX >= 90 0 0.0 0.0 0
DAYS MAX <= 32 11 17.6 -6.6 24
DAYS MIN <= 32 57 60.4 -3.4 74
DAYS MIN <= 0 0 0.9 -0.9 0
PRECIPITATION (INCHES)
RECORD
MAXIMUM 12.72 1993
MINIMUM 4.38 1980
TOTALS 10.07 8.94 1.13 11.18
DAYS >= .01 32 40.4 -8.4 46
DAYS >= .10 22 20.9 1.1 23
DAYS >= .50 6 5.6 0.4 7
DAYS >= 1.00 2 1.1 0.9 4
GREATEST
24 HR. TOTAL 1.38 1.76
SNOWFALL (INCHES)
TOTALS 27.7 25.3 2.4 44.9
DAYS >= TRACE 19 45
DAYS >= 1.0 8 14
GREATEST
24 HR TOTAL 7.8 8.0
DEGREE DAYS
HEATING TOTAL 2405 2782 -377 2874
COOLING TOTAL 0 0 0 0
..............................................................
WIND (MPH)
AVERAGE WIND SPEED 7.8
RESULTANT WIND SPEED/DIRECTION 5/260
HIGHEST WIND SPEED/DIRECTION 32/250 DATE 02/11
HIGHEST GUST SPEED/DIRECTION 46/260 DATE 02/11
SKY COVER
AVERAGE SKY COVER 0.50
AVERAGE RH (PERCENT) 67
WEATHER CONDITIONS. NUMBER OF DAYS WITH
THUNDERSTORM 1 MIXED PRECIP 0
HEAVY RAIN 9 RAIN 17
LIGHT RAIN 31 FREEZING RAIN 0
LT FREEZING RAIN 1 HAIL 0
HEAVY SNOW 1 SNOW 4
LIGHT SNOW 19 SLEET 0
FOG 36 FOG W/VIS <= 1/4 MILE 11
HAZE 0
- INDICATES NEGATIVE NUMBERS.
R INDICATES RECORD WAS SET OR TIED.
MM INDICATES DATA IS MISSING.
T INDICATES TRACE AMOUNT.
REMARKS:
DUE TO EQUIPMENT FAILURE ON JANUARY 9-10, 2022, ALL INFORMATION WILL
BE CALCULATED WITHOUT DATA FROM THESE DATES.
$$
PW