000
CXUS55 KPSR 020723
CF6BLH
PRELIMINARY LOCAL CLIMATOLOGICAL DATA (WS FORM: F-6)
STATION: BLYTHE CA
MONTH: AUGUST
YEAR: 2021
LATITUDE: 33 37 N
LONGITUDE: 114 43 W
TEMPERATURE IN F: :PCPN: SNOW: WIND :SUNSHINE: SKY :PK WND
================================================================================
1 2 3 4 5 6A 6B 7 8 9 10 11 12 13 14 15 16 17 18
12Z AVG MX 2MIN
DY MAX MIN AVG DEP HDD CDD WTR SNW DPTH SPD SPD DIR MIN PSBL S-S WX SPD DR
================================================================================
1 111 88 100 4 0 35 0.00 M M 6.9 16 180 M M 1 21 160
2 113 85 99 3 0 34 0.00 M M 5.9 12 190 M M 2 M M
3 118 87 103 7 0 38 0.00 M M 5.5 M M M M M M M
4 121 87 104 8 0 39 0.00 M M 7.0 M M M M M M M
5 113 87 100 4 0 35 0.00 M M 14.1 24 170 M M M 28 170
6 112 88 100 4 0 35 0.00 0.0 M 14.9 M M M M M M M
7 111 84 98 3 0 33 0.00 M M 11.0 M M M M M M M
8 110 84 97 2 0 32 0.00 M M 11.5 22 170 M M M M M
9 107 84 96 1 0 31 0.00 M M 10.7 20 110 M M M 24 200
10 105 76 91 -4 0 26 0.08 M M 11.5 M M M M M M M
11 98 76 87 -8 0 22 0.00 M M 7.3 M M M M M M M
12 102 83 93 -2 0 28 0.00 M M M M M M M M M M
13 105 84 95 0 0 30 0.00 M M 9.1 16 150 M M M 22 170
14 99 84 92 -3 0 27 T M M 7.4 20 120 M M M 26 130
15 104 84 94 -1 0 29 0.00 M M 6.0 14 220 M M M 16 210
16 107 82 95 0 0 30 0.00 M M 11.4 30 110 M M 0 37 110
17 105 86 96 1 0 31 0.00 M M 14.6 23 170 M M 0 31 180
18 105 84 95 0 0 30 0.00 M M 17.3 26 190 M M 1 36 170
19 101 77 89 -6 0 24 0.00 M M 9.2 21 230 M M 0 25 250
20 101 77 89 -6 0 24 0.00 M M 8.3 18 180 M M 0 22 190
21 103 78 91 -3 0 26 0.00 M M 10.3 22 180 M M 0 27 190
22 102 69 86 -8 0 21 0.00 M M 6.9 18 190 M M 0 23 190
23 106 72 89 -5 0 24 0.00 M M 9.0 16 170 M M 1 21 190
24 108 75 92 -2 0 27 0.00 M M 6.7 15 140 M M 0 19 150
25 112 81 97 3 0 32 0.00 M M 6.2 13 230 M M 3 M M
26 114 85 100 6 0 35 0.00 M M 6.1 12 120 M M 3 15 170
27 115 85 100 6 0 35 0.00 M M 7.0 17 230 M M 0 25 250
28 108 89 99 5 0 34 0.00 M M 11.1 30 180 M M 0 8 35 180
29 110 86 98 5 0 33 0.00 M M 7.4 M M M M 0 23 200
30 M M M M M M 0.00 M M M M M M M M M M
31 96 74 85 -8 0 20 0.03 M M 9.1 28 180 M M M 8 34 190
================================================================================
SM 3222 2461 0 900 0.11 0.0 269.4 M 11
================================================================================
AV107.4 82.0 9.3 FASTST M M 1 MAX(MPH)
MISC ----> # 30 110 37 110
================================================================================
NOTES:
# LAST OF SEVERAL OCCURRENCES
COLUMN 17 PEAK WIND IN M.P.H.
PRELIMINARY LOCAL CLIMATOLOGICAL DATA (WS FORM: F-6) , PAGE 2
STATION: BLYTHE CA
MONTH: AUGUST
YEAR: 2021
LATITUDE: 33 37 N
LONGITUDE: 114 43 W
[TEMPERATURE DATA] [PRECIPITATION DATA] SYMBOLS USED IN COLUMN 16
AVERAGE MONTHLY: 94.7 TOTAL FOR MONTH: 0.11 1 = FOG OR MIST
DPTR FM NORMAL: 0.0 DPTR FM NORMAL: -0.29 2 = FOG REDUCING VISIBILITY
HIGHEST: 121 ON 4 GRTST 24HR 0.08 ON 10-10 TO 1/4 MILE OR LESS
LOWEST: 69 ON 22 3 = THUNDER
SNOW, ICE PELLETS, HAIL 4 = ICE PELLETS
TOTAL MONTH: 0.0 INCH 5 = HAIL
GRTST 24HR 0.0 6 = FREEZING RAIN OR DRIZZLE
GRTST DEPTH: M ON M 7 = DUSTSTORM OR SANDSTORM:
VSBY 1/2 MILE OR LESS
8 = SMOKE OR HAZE
[NO. OF DAYS WITH] [WEATHER - DAYS WITH] 9 = BLOWING SNOW
X = TORNADO
MAX 32 OR BELOW: 0 0.01 INCH OR MORE: 2
MAX 90 OR ABOVE: 30 0.10 INCH OR MORE: 0
MIN 32 OR BELOW: 0 0.50 INCH OR MORE: 0
MIN 0 OR BELOW: 0 1.00 INCH OR MORE: 0
[HDD (BASE 65) ]
TOTAL THIS MO. 0 CLEAR (SCALE 0-3) 15
DPTR FM NORMAL 0 PTCLDY (SCALE 4-7) 1
TOTAL FM JUL 1 0 CLOUDY (SCALE 8-10) 15
DPTR FM NORMAL 0
[CDD (BASE 65) ]
TOTAL THIS MO. 900
DPTR FM NORMAL -21 [PRESSURE DATA]
TOTAL FM JAN 1 3660 HIGHEST SLP M ON M
DPTR FM NORMAL 274 LOWEST SLP 29.32 ON 4
[REMARKS]
#FINAL-08-21#