000
CXUS55 KSEW 010930
CF6BLI
PRELIMINARY LOCAL CLIMATOLOGICAL DATA (WS FORM: F-6)
STATION: BELLINGHAM WA AIRPORT
MONTH: AUGUST
YEAR: 2023
LATITUDE: 48 47 N
LONGITUDE: 122 32 W
TEMPERATURE IN F: :PCPN: SNOW: WIND :SUNSHINE: SKY :PK WND
================================================================================
1 2 3 4 5 6A 6B 7 8 9 10 11 12 13 14 15 16 17 18
12Z AVG MX 2MIN
DY MAX MIN AVG DEP HDD CDD WTR SNW DPTH SPD SPD DIR MIN PSBL S-S WX SPD DR
================================================================================
1 79 50 65 0 0 0 0.00 M M 3.5 9 180 M M 0 15 280
2 76 50 63 -2 2 0 0.00 M M 3.4 13 190 M M 0 1 22 200
3 81 56 69 4 0 4 0.00 M M 4.9 10 190 M M 0 16 200
4 79 54 67 2 0 2 0.00 M M 5.8 13 180 M M 0 19 190
5 73 59 66 1 0 1 0.00 M M 6.7 13 180 M M 1 22 190
6 72 59 66 1 0 1 0.00 M M 10.8 17 160 M M 0 28 170
7 72 62 67 2 0 2 T M M 8.1 15 190 M M 3 25 200
8 73 62 68 3 0 3 0.00 M M 7.3 16 160 M M 6 23 160
9 71 60 66 1 0 1 0.04 M M 8.3 17 190 M M 9 1 26 190
10 72 55 64 -1 1 0 0.01 M M 7.1 13 180 M M 6 1 19 180
11 75 52 64 -1 1 0 0.00 M M 5.2 12 170 M M 1 17 180
12 79 58 69 5 0 4 0.00 M M 3.2 10 280 M M 2 15 260
13 83 56 70 6 0 5 0.00 M M 3.9 13 290 M M 0 1 18 290
14 87 59 73 9 0 8 0.00 M M 2.4 10 270 M M 0 16 250
15 83 58 71 7 0 6 0.00 M M 2.7 10 300 M M 0 14 250
16 83 63 73 9 0 8 0.00 M M 3.2 9 290 M M 0 13 260
17 83 61 72 8 0 7 0.00 M M 3.3 13 290 M M 0 17 300
18 76 52 64 0 1 0 0.00 M M 3.3 12 340 M M 0 20 10
19 77 45 61 -3 4 0 0.00 M M 3.6 14 310 M M 2 8 21 300
20 74 49 62 -2 3 0 T M M 2.2 9 280 M M 10 18 14 260
21 70 52 61 -3 4 0 0.00 M M 7.2 15 180 M M 2 8 25 180
22 71 54 63 0 2 0 0.05 M M 5.9 14 180 M M 3 18 21 170
23 69 52 61 -2 4 0 0.01 M M 6.5 16 180 M M 5 23 170
24 75 48 62 -1 3 0 0.00 M M 3.5 13 290 M M 0 18 17 290
25 77 52 65 2 0 0 T M M 2.7 14 180 M M 1 8 22 190
26 84 51 68 5 0 3 0.00 M M 3.3 12 280 M M 0 128 17 270
27 83 55 69 6 0 4 0.00 M M 4.1 13 180 M M 1 18 20 180
28 67 60 64 2 1 0 T M M 10.5 16 170 M M 6 138 25 180
29 62 58 60 -2 5 0 0.31 M M 6.7 14 160 M M 9 13 20 190
30 68 58 63 1 2 0 0.04 M M 7.0 13 190 M M 10 20 180
31 70 52 61 -1 4 0 0.05 M M 1.8 12 290 M M 7 128 20 290
================================================================================
SM 2344 1712 37 59 0.51 M 158.1 M 84
================================================================================
AV 75.6 55.2 5.1 FASTST M M 3 MAX(MPH)
MISC ----> # 17 160 28 170
================================================================================
NOTES:
# LAST OF SEVERAL OCCURRENCES
COLUMN 17 PEAK WIND IN M.P.H.
PRELIMINARY LOCAL CLIMATOLOGICAL DATA (WS FORM: F-6) , PAGE 2
STATION: BELLINGHAM WA AIRPORT
MONTH: AUGUST
YEAR: 2023
LATITUDE: 48 47 N
LONGITUDE: 122 32 W
[TEMPERATURE DATA] [PRECIPITATION DATA] SYMBOLS USED IN COLUMN 16
AVERAGE MONTHLY: 65.4 TOTAL FOR MONTH: 0.51 1 = FOG OR MIST
DPTR FM NORMAL: 1.5 DPTR FM NORMAL: -0.62 2 = FOG REDUCING VISIBILITY
HIGHEST: 87 ON 14 GRTST 24HR 0.31 ON 29-29 TO 1/4 MILE OR LESS
LOWEST: 45 ON 19 3 = THUNDER
SNOW, ICE PELLETS, HAIL 4 = ICE PELLETS
TOTAL MONTH: M 5 = HAIL
GRTST 24HR M ON M 6 = FREEZING RAIN OR DRIZZLE
GRTST DEPTH: M ON M 7 = DUSTSTORM OR SANDSTORM:
VSBY 1/2 MILE OR LESS
8 = SMOKE OR HAZE
[NO. OF DAYS WITH] [WEATHER - DAYS WITH] 9 = BLOWING SNOW
X = TORNADO
MAX 32 OR BELOW: 0 0.01 INCH OR MORE: 7
MAX 90 OR ABOVE: 0 0.10 INCH OR MORE: 1
MIN 32 OR BELOW: 0 0.50 INCH OR MORE: 0
MIN 0 OR BELOW: 0 1.00 INCH OR MORE: 0
[HDD (BASE 65) ]
TOTAL THIS MO. 37 CLEAR (SCALE 0-3) 21
DPTR FM NORMAL -28 PTCLDY (SCALE 4-7) 6
TOTAL FM JUL 1 70 CLOUDY (SCALE 8-10) 4
DPTR FM NORMAL -62
[CDD (BASE 65) ]
TOTAL THIS MO. 59
DPTR FM NORMAL 28 [PRESSURE DATA]
TOTAL FM JAN 1 110 HIGHEST SLP M ON M
DPTR FM NORMAL 39 LOWEST SLP 29.72 ON 17
[REMARKS]
#FINAL-08-23#