000
CXUS53 KIND 010600
CF6BMG
PRELIMINARY LOCAL CLIMATOLOGICAL DATA (WS FORM: F-6)
STATION: BLOOMINGTON IN
MONTH: SEPTEMBER
YEAR: 2020
LATITUDE: 39 7 N
LONGITUDE: 86 37 W
TEMPERATURE IN F: :PCPN: SNOW: WIND :SUNSHINE: SKY :PK WND
================================================================================
1 2 3 4 5 6A 6B 7 8 9 10 11 12 13 14 15 16 17 18
12Z AVG MX 2MIN
DY MAX MIN AVG DEP HDD CDD WTR SNW DPTH SPD SPD DIR MIN PSBL S-S WX SPD DR
================================================================================
1 81 65 73 2 0 8 T M M 3.4 10 190 M M 7 128 15 140
2 79 70 75 4 0 10 0.07 M M 4.1 10 220 M M 7 1 16 220
3 86 70 78 8 0 13 0.06 M M 5.0 16 250 M M 5 1 24 230
4 80 52 66 -4 0 1 0.00 M M 3.5 12 340 M M 1 19 270
5 83 49 66 -4 0 1 0.00 M M 4.0 14 210 M M 0 20 260
6 80 56 68 -1 0 3 0.00 M M 5.7 15 180 M M 0 26 180
7 89 69 79 10 0 14 0.00 M M 9.1 17 190 M M 1 26 220
8 91 64 78 9 0 13 0.00 M M 4.6 13 180 M M 1 1 20 200
9 89 59 74 6 0 9 0.00 M M 2.0 12 160 M M 2 12 21 170
10 86 61 74 6 0 9 0.00 M M 5.4 13 30 M M 4 128 18 30
11 74 68 71 3 0 6 0.00 M M 7.3 14 100 M M 10 18 19 120
12 84 68 76 9 0 11 0.00 M M 6.2 13 110 M M 7 18 17 140
13 83 63 73 6 0 8 0.05 M M 4.0 9 280 M M 4 1 14 350
14 82 56 69 3 0 4 0.00 M M 6.7 14 20 M M 0 21 20
15 77 48 63 -3 2 0 0.00 M M 3.8 9 90 M M 0 1 14 90
16 80 45 63 -3 2 0 0.00 M M 1.1 8 240 M M 1 1 13 220
17 85 47 66 1 0 1 0.00 M M 4.4 16 10 M M 1 1 23 350
18 71 46 59 -6 6 0 0.00 M M 9.1 18 20 M M 0 25 20
19 M 43 M M M M 0.00 M M 6.3 14 70 M M 0 17 100
20 76 38 57 -7 8 0 0.00 M M 4.5 17 90 M M 0 22 80
21 78 41 60 -3 5 0 0.00 M M 2.7 10 110 M M 0 14 140
22 78 45 62 -1 3 0 0.00 M M 1.6 12 190 M M 1 18 16 220
23 74 48 61 -2 4 0 0.00 M M 1.3 8 230 M M 0 12 210
24 79 53 66 4 0 1 T M M 1.6 12 130 M M 2 17 220
25 81 49 65 3 0 0 0.00 M M 1.5 9 130 M M 0 1 13 220
26 76 60 68 7 0 3 0.00 M M 8.6 20 190 M M 4 1 26 190
27 81 61 71 10 0 6 0.00 M M 7.7 16 200 M M 2 24 200
28 69 52 61 1 4 0 0.10 M M 5.1 15 300 M M 6 1 26 290
29 66 44 55 -5 10 0 0.00 M M 4.6 15 270 M M 3 1 22 270
30 81 47 64 4 1 0 0.00 M M 9.3 20 230 M M 2 32 250
================================================================================
SM 2319 1637 45 121 0.28 M 144.2 M 71
================================================================================
AV 80.0 54.6 4.8 FASTST M M 2 MAX(MPH)
MISC ----> # 20 190 32 250
================================================================================
NOTES:
# LAST OF SEVERAL OCCURRENCES
COLUMN 17 PEAK WIND IN M.P.H.
PRELIMINARY LOCAL CLIMATOLOGICAL DATA (WS FORM: F-6) , PAGE 2
STATION: BLOOMINGTON IN
MONTH: SEPTEMBER
YEAR: 2020
LATITUDE: 39 7 N
LONGITUDE: 86 37 W
[TEMPERATURE DATA] [PRECIPITATION DATA] SYMBOLS USED IN COLUMN 16
AVERAGE MONTHLY: 67.3 TOTAL FOR MONTH: 0.28 1 = FOG OR MIST
DPTR FM NORMAL: 1.7 DPTR FM NORMAL: -3.07 2 = FOG REDUCING VISIBILITY
HIGHEST: 91 ON 8 GRTST 24HR 0.10 ON 28-28 TO 1/4 MILE OR LESS
LOWEST: 38 ON 20 3 = THUNDER
SNOW, ICE PELLETS, HAIL 4 = ICE PELLETS
TOTAL MONTH: M 5 = HAIL
GRTST 24HR M ON M 6 = FREEZING RAIN OR DRIZZLE
GRTST DEPTH: M ON M 7 = DUSTSTORM OR SANDSTORM:
VSBY 1/2 MILE OR LESS
8 = SMOKE OR HAZE
[NO. OF DAYS WITH] [WEATHER - DAYS WITH] 9 = BLOWING SNOW
X = TORNADO
MAX 32 OR BELOW: 0 0.01 INCH OR MORE: 4
MAX 90 OR ABOVE: 1 0.10 INCH OR MORE: 1
MIN 32 OR BELOW: 0 0.50 INCH OR MORE: 0
MIN 0 OR BELOW: 0 1.00 INCH OR MORE: 0
[HDD (BASE 65) ]
TOTAL THIS MO. 45 CLEAR (SCALE 0-3) 21
DPTR FM NORMAL -33 PTCLDY (SCALE 4-7) 8
TOTAL FM JUL 1 45 CLOUDY (SCALE 8-10) 1
DPTR FM NORMAL -40
[CDD (BASE 65) ]
TOTAL THIS MO. 121
DPTR FM NORMAL 25 [PRESSURE DATA]
TOTAL FM JAN 1 1184 HIGHEST SLP M ON M
DPTR FM NORMAL 271 LOWEST SLP 29.69 ON 30
[REMARKS]
#FINAL-09-20#