000
CXUS56 KBOI 011002
CF6BNO
PRELIMINARY LOCAL CLIMATOLOGICAL DATA (WS FORM: F-6)
STATION: BURNS OR
MONTH: AUGUST
YEAR: 2020
LATITUDE: 43 34 N
LONGITUDE: 118 57 W
TEMPERATURE IN F: :PCPN: SNOW: WIND :SUNSHINE: SKY :PK WND
================================================================================
1 2 3 4 5 6A 6B 7 8 9 10 11 12 13 14 15 16 17 18
12Z AVG MX 2MIN
DY MAX MIN AVG DEP HDD CDD WTR SNW DPTH SPD SPD DIR MIN PSBL S-S WX SPD DR
================================================================================
1 96 50 73 5 0 8 0.00 M M 7.7 21 240 M M 0 29 240
2 95 49 72 4 0 7 0.00 M M 8.7 17 310 M M 0 29 330
3 89 54 72 4 0 7 0.00 M M 9.2 16 300 M M 0 24 280
4 92 47 70 2 0 5 0.00 M M 3.8 13 70 M M 0 17 50
5 96 51 74 7 0 9 T M M 9.4 31 240 M M 1 3 44 240
6 86 47 67 0 0 2 0.00 M M 11.2 25 280 M M 0 33 310
7 82 39 61 -6 4 0 0.00 M M 5.8 12 290 M M 0 19 160
8 89 39 64 -3 1 0 0.00 M M 6.7 18 270 M M 0 25 270
9 89 48 69 2 0 4 0.00 M M 10.3 18 350 M M 0 26 350
10 90 39 65 -1 0 0 0.00 M M 5.0 14 250 M M 0 20 220
11 94 44 69 3 0 4 0.00 M M 8.0 21 270 M M 0 29 260
12 84 46 65 -1 0 0 0.00 M M 8.7 22 270 M M 0 32 280
13 87 40 64 -2 1 0 0.00 M M 9.0 21 270 M M 0 29 240
14 89 36 63 -3 2 0 0.00 M M 4.9 14 180 M M 0 19 170
15 99 47 73 8 0 8 T M M 5.7 21 280 M M 0 32 260
16 100 57 79 14 0 14 T M M 5.6 26 260 M M 1 37 270
17 95 54 75 10 0 10 T M M 6.4 32 220 M M 1 38 45 250
18 96 61 79 14 0 14 0.00 M M 4.1 12 250 M M 1 17 240
19 87 52 70 6 0 5 0.00 M M 5.4 13 170 M M 1 8 16 160
20 88 44 66 2 0 1 0.00 M M 6.4 17 210 M M 0 26 230
21 91 45 68 4 0 3 0.00 M M 6.7 20 240 M M 2 8 28 230
22 88 53 71 7 0 6 0.00 M M 6.3 14 300 M M 0 8 17 300
23 91 47 69 6 0 4 0.00 M M 5.4 12 310 M M 6 8 14 220
24 85 48 67 4 0 2 0.00 M M 3.4 10 160 M M 5 8 14 140
25 90 51 71 8 0 6 0.01 M M 5.1 18 330 M M 2 8 26 340
26 89 49 69 7 0 4 T M M 6.0 17 10 M M 1 3 25 20
27 88 47 68 6 0 3 0.00 M M 6.6 12 10 M M 0 8 16 290
28 90 43 67 5 0 2 0.00 M M 5.5 12 300 M M 0 17 170
29 91 42 67 5 0 2 0.00 M M 7.5 23 280 M M 0 8 32 270
30 79 40 60 -1 5 0 0.00 M M 7.5 15 290 M M 1 8 23 260
31 78 38 58 -3 7 0 0.00 M M 9.4 22 320 M M 0 32 310
================================================================================
SM 2783 1447 20 130 0.01 M 211.4 M 22
================================================================================
AV 89.8 46.7 6.8 FASTST M M 1 MAX(MPH)
MISC ----> 32 220 45 250
================================================================================
NOTES:
# LAST OF SEVERAL OCCURRENCES
COLUMN 17 PEAK WIND IN M.P.H.
PRELIMINARY LOCAL CLIMATOLOGICAL DATA (WS FORM: F-6) , PAGE 2
STATION: BURNS OR
MONTH: AUGUST
YEAR: 2020
LATITUDE: 43 34 N
LONGITUDE: 118 57 W
[TEMPERATURE DATA] [PRECIPITATION DATA] SYMBOLS USED IN COLUMN 16
AVERAGE MONTHLY: 68.2 TOTAL FOR MONTH: 0.01 1 = FOG OR MIST
DPTR FM NORMAL: 3.4 DPTR FM NORMAL: -0.35 2 = FOG REDUCING VISIBILITY
HIGHEST: 100 ON 16 GRTST 24HR 0.01 ON 25-25 TO 1/4 MILE OR LESS
LOWEST: 36 ON 14 3 = THUNDER
SNOW, ICE PELLETS, HAIL 4 = ICE PELLETS
TOTAL MONTH: M 5 = HAIL
GRTST 24HR M ON M 6 = FREEZING RAIN OR DRIZZLE
GRTST DEPTH: M ON M 7 = DUSTSTORM OR SANDSTORM:
VSBY 1/2 MILE OR LESS
8 = SMOKE OR HAZE
[NO. OF DAYS WITH] [WEATHER - DAYS WITH] 9 = BLOWING SNOW
X = TORNADO
MAX 32 OR BELOW: 0 0.01 INCH OR MORE: 1
MAX 90 OR ABOVE: 15 0.10 INCH OR MORE: 0
MIN 32 OR BELOW: 0 0.50 INCH OR MORE: 0
MIN 0 OR BELOW: 0 1.00 INCH OR MORE: 0
[HDD (BASE 65) ]
TOTAL THIS MO. 20 CLEAR (SCALE 0-3) 29
DPTR FM NORMAL -59 PTCLDY (SCALE 4-7) 2
TOTAL FM JUL 1 45 CLOUDY (SCALE 8-10) 0
DPTR FM NORMAL -91
[CDD (BASE 65) ]
TOTAL THIS MO. 130
DPTR FM NORMAL 56 [PRESSURE DATA]
TOTAL FM JAN 1 342 HIGHEST SLP 30.23 ON 17
DPTR FM NORMAL 136 LOWEST SLP 29.72 ON 11
[REMARKS]
#FINAL-08-20#