000
CXUS54 KLZK 011330
CF6BPK
PRELIMINARY LOCAL CLIMATOLOGICAL DATA (WS FORM: F-6)
STATION: MOUNTAIN HOME AIRPORT
MONTH: NOVEMBER
YEAR: 2022
LATITUDE: 36 22 N
LONGITUDE: 92 28 W
TEMPERATURE IN F: :PCPN: SNOW: WIND :SUNSHINE: SKY :PK WND
================================================================================
1 2 3 4 5 6A 6B 7 8 9 10 11 12 13 14 15 16 17 18
12Z AVG MX 2MIN
DY MAX MIN AVG DEP HDD CDD WTR SNW DPTH SPD SPD DIR MIN PSBL S-S WX SPD DR
================================================================================
1 76 44 60 6 5 0 0.00 M M 1.9 9 220 M M 0 15 170
2 76 49 63 9 2 0 0.00 M M 4.0 14 170 M M 0 19 180
3 78 53 66 13 0 1 0.00 M M 6.0 17 200 M M 4 24 230
4 79 59 69 16 0 4 1.74 M M 9.4 23 220 M M 5 13 34 200
5 64 43 54 2 11 0 0.00 M M 6.5 14 240 M M 4 22 230
6 76 42 59 7 6 0 0.00 M M 5.7 17 220 M M 0 M M
7 70 50 60 8 5 0 0.00 M M 7.5 15 140 M M 4 19 110
8 76 57 67 16 0 2 0.00 M M 5.6 9 140 M M 7 13 140
9 83 54 69 18 0 4 0.00 M M 6.3 13 200 M M 0 19 210
10 77 52 65 15 0 0 0.00 M M 6.3 16 200 M M 1 22 200
11 55 33 44 -6 21 0 0.05 M M 5.8 13 20 M M 6 1 19 10
12 37 26 32 -18 33 0 0.06 M M 4.5 12 10 M M 3 1 21 320
13 42 21 32 -17 33 0 0.00 M M 4.0 12 150 M M 0 15 150
14 44 24 34 -15 31 0 0.12 M M 4.9 15 130 M M 4 1 20 130
15 39 29 34 -15 31 0 0.01 M M 3.5 10 330 M M 8 1 17 350
16 44 25 35 -13 30 0 0.00 M M 4.3 14 340 M M 1 25 350
17 50 19 35 -13 30 0 0.00 M M 2.1 10 350 M M 1 18 290
18 38 27 33 -15 32 0 T M M 4.5 12 360 M M 7 1 19 10
19 46 22 34 -13 31 0 0.00 M M 4.3 13 310 M M 2 22 320
20 43 20 32 -15 33 0 0.00 M M 1.8 8 190 M M 0 11 220
21 55 24 40 -7 25 0 0.00 M M 2.3 9 220 M M 0 12 210
22 61 33 47 1 18 0 0.00 M M 2.4 9 230 M M 0 12 220
23 65 35 50 4 15 0 T M M 4.1 13 180 M M 4 1 17 190
24 51 47 49 3 16 0 1.06 M M 3.1 10 140 M M 10 1 13 140
25 59 42 51 6 14 0 0.00 M M 3.0 10 90 M M 5 1 14 70
26 49 36 43 -2 22 0 0.74 M M 5.0 16 110 M M 8 18 21 110
27 55 45 50 6 15 0 0.50 M M 6.4 14 260 M M 9 1 23 270
28 58 36 47 3 18 0 0.00 M M 3.7 12 170 M M 3 15 170
29 74 36 55 11 10 0 0.00 M M 10.1 20 250 M M 4 35 240
30 45 26 36 -8 29 0 0.00 M M 4.7 15 350 M M 1 26 360
================================================================================
SM 1765 1109 516 11 4.28 M 143.7 M 101
================================================================================
AV 58.8 37.0 4.8 FASTST M M 3 MAX(MPH)
MISC ----> 23 220 35 240
================================================================================
NOTES:
# LAST OF SEVERAL OCCURRENCES
COLUMN 17 PEAK WIND IN M.P.H.
PRELIMINARY LOCAL CLIMATOLOGICAL DATA (WS FORM: F-6) , PAGE 2
STATION: MOUNTAIN HOME AIRPORT
MONTH: NOVEMBER
YEAR: 2022
LATITUDE: 36 22 N
LONGITUDE: 92 28 W
[TEMPERATURE DATA] [PRECIPITATION DATA] SYMBOLS USED IN COLUMN 16
AVERAGE MONTHLY: 47.9 TOTAL FOR MONTH: 4.28 1 = FOG OR MIST
DPTR FM NORMAL: -0.7 DPTR FM NORMAL: 0.61 2 = FOG REDUCING VISIBILITY
HIGHEST: 83 ON 9 GRTST 24HR 1.74 ON 4- 4 TO 1/4 MILE OR LESS
LOWEST: 19 ON 17 3 = THUNDER
SNOW, ICE PELLETS, HAIL 4 = ICE PELLETS
TOTAL MONTH: M 5 = HAIL
GRTST 24HR M ON M 6 = FREEZING RAIN OR DRIZZLE
GRTST DEPTH: M ON M 7 = DUSTSTORM OR SANDSTORM:
VSBY 1/2 MILE OR LESS
8 = SMOKE OR HAZE
[NO. OF DAYS WITH] [WEATHER - DAYS WITH] 9 = BLOWING SNOW
X = TORNADO
MAX 32 OR BELOW: 0 0.01 INCH OR MORE: 8
MAX 90 OR ABOVE: 0 0.10 INCH OR MORE: 5
MIN 32 OR BELOW: 11 0.50 INCH OR MORE: 4
MIN 0 OR BELOW: 0 1.00 INCH OR MORE: 2
[HDD (BASE 65) ]
TOTAL THIS MO. 516 CLEAR (SCALE 0-3) 14
DPTR FM NORMAL 21 PTCLDY (SCALE 4-7) 13
TOTAL FM JUL 1 707 CLOUDY (SCALE 8-10) 3
DPTR FM NORMAL -23
[CDD (BASE 65) ]
TOTAL THIS MO. 11
DPTR FM NORMAL 8 [PRESSURE DATA]
TOTAL FM JAN 1 1867 HIGHEST SLP 30.52 ON 20
DPTR FM NORMAL 274 LOWEST SLP 29.42 ON 26
[REMARKS]
#FINAL-11-22#