000
CXUS55 KDVN 011000
CF6BRL
PRELIMINARY LOCAL CLIMATOLOGICAL DATA (WS FORM: F-6)
STATION: BURLINGTON IA
MONTH: MAY
YEAR: 2023
LATITUDE: 40 46 N
LONGITUDE: 91 7 W
TEMPERATURE IN F: :PCPN: SNOW: WIND :SUNSHINE: SKY :PK WND
================================================================================
1 2 3 4 5 6A 6B 7 8 9 10 11 12 13 14 15 16 17 18
12Z AVG MX 2MIN
DY MAX MIN AVG DEP HDD CDD WTR SNW DPTH SPD SPD DIR MIN PSBL S-S WX SPD DR
================================================================================
1 63 43 53 -5 12 0 0.00 M M 16.1 30 300 M M 2 47 300
2 64 41 53 -5 12 0 0.00 M M 13.6 28 320 M M 1 45 330
3 66 36 51 -7 14 0 0.00 M M 6.4 17 330 M M 0 8 26 300
4 76 40 58 -1 7 0 0.00 M M 7.4 16 180 M M 0 8 21 200
5 73 46 60 1 5 0 0.00 M M 9.7 18 180 M M 4 26 170
6 78 59 69 9 0 4 0.45 M M 11.3 28 260 M M 7 13 38 260
7 86 58 72 12 0 7 0.95 M M 9.7 47 10 M M 3 13 62 10
8 73 56 65 5 0 0 1.24 M M 9.0 25 340 M M 5 13 39 330
9 73 54 64 3 1 0 0.00 M M 7.4 15 120 M M 4 21 40
10 78 56 67 6 0 2 0.00 M M 8.7 15 140 M M 0 22 130
11 78 61 70 9 0 5 0.01 M M 6.3 12 140 M M 3 16 140
12 80 66 73 11 0 8 0.03 M M 5.6 10 190 M M 5 1 16 170
13 76 65 71 9 0 6 0.24 M M 7.9 15 70 M M 5 138 22 60
14 74 56 65 3 0 0 0.00 M M 11.4 22 60 M M 9 18 36 70
15 69 54 62 -1 3 0 0.00 M M 8.5 15 50 M M 8 22 40
16 77 55 66 3 0 1 0.05 M M 5.9 14 310 M M 4 19 300
17 75 53 64 1 1 0 0.00 M M 7.8 15 50 M M 0 20 50
18 80 51 66 2 0 1 0.00 M M 6.3 12 200 M M 1 8 16 200
19 66 52 59 -5 6 0 T M M 10.8 18 340 M M 3 8 27 340
20 71 45 58 -6 7 0 0.00 M M 5.7 15 350 M M 0 8 24 330
21 78 46 62 -3 3 0 0.00 M M 3.4 12 150 M M 0 8 15 140
22 78 52 65 0 0 0 0.00 M M 3.8 14 180 M M 0 8 22 170
23 82 52 67 2 0 2 0.00 M M 3.1 13 180 M M 0 8 19 150
24 87 54 71 5 0 6 0.00 M M 5.7 17 60 M M 1 18 25 50
25 76 54 65 -1 0 0 0.00 M M 10.4 17 60 M M 2 24 90
26 77 48 63 -3 2 0 0.00 M M 8.4 16 100 M M 0 22 80
27 82 54 68 1 0 3 0.00 M M 6.7 13 110 M M 0 19 100
28 82 56 69 2 0 4 0.00 M M 4.8 14 180 M M 0 8 19 130
29 85 54 70 2 0 5 0.00 M M 2.0 10 140 M M 0 8 16 140
30 87 57 72 4 0 7 0.00 M M 3.5 14 200 M M 0 8 18 200
31 89 61 75 7 0 10 0.00 M M 6.0 16 170 M M 1 21 170
================================================================================
SM 2379 1635 73 71 2.97 M 233.3 M 68
================================================================================
AV 76.7 52.7 7.5 FASTST M M 2 MAX(MPH)
MISC ----> 47 10 62 10
================================================================================
NOTES:
# LAST OF SEVERAL OCCURRENCES
COLUMN 17 PEAK WIND IN M.P.H.
PRELIMINARY LOCAL CLIMATOLOGICAL DATA (WS FORM: F-6) , PAGE 2
STATION: BURLINGTON IA
MONTH: MAY
YEAR: 2023
LATITUDE: 40 46 N
LONGITUDE: 91 7 W
[TEMPERATURE DATA] [PRECIPITATION DATA] SYMBOLS USED IN COLUMN 16
AVERAGE MONTHLY: 64.7 TOTAL FOR MONTH: 2.97 1 = FOG OR MIST
DPTR FM NORMAL: 1.7 DPTR FM NORMAL: -1.96 2 = FOG REDUCING VISIBILITY
HIGHEST: 89 ON 31 GRTST 24HR 2.07 ON 7- 8 TO 1/4 MILE OR LESS
LOWEST: 36 ON 3 3 = THUNDER
SNOW, ICE PELLETS, HAIL 4 = ICE PELLETS
TOTAL MONTH: M 5 = HAIL
GRTST 24HR M ON M 6 = FREEZING RAIN OR DRIZZLE
GRTST DEPTH: M ON M 7 = DUSTSTORM OR SANDSTORM:
VSBY 1/2 MILE OR LESS
8 = SMOKE OR HAZE
[NO. OF DAYS WITH] [WEATHER - DAYS WITH] 9 = BLOWING SNOW
X = TORNADO
MAX 32 OR BELOW: 0 0.01 INCH OR MORE: 7
MAX 90 OR ABOVE: 0 0.10 INCH OR MORE: 4
MIN 32 OR BELOW: 0 0.50 INCH OR MORE: 2
MIN 0 OR BELOW: 0 1.00 INCH OR MORE: 1
[HDD (BASE 65) ]
TOTAL THIS MO. 73 CLEAR (SCALE 0-3) 21
DPTR FM NORMAL -69 PTCLDY (SCALE 4-7) 9
TOTAL FM JUL 1 5490 CLOUDY (SCALE 8-10) 1
DPTR FM NORMAL -316
[CDD (BASE 65) ]
TOTAL THIS MO. 71
DPTR FM NORMAL -9 [PRESSURE DATA]
TOTAL FM JAN 1 76 HIGHEST SLP 30.33 ON 26
DPTR FM NORMAL -17 LOWEST SLP 29.61 ON 1
[REMARKS]
#FINAL-05-23#