000
CXUS55 KDVN 291000
CF6BRL
PRELIMINARY LOCAL CLIMATOLOGICAL DATA (WS FORM: F-6)
STATION: BURLINGTON IA
MONTH: MARCH
YEAR: 2024
LATITUDE: 40 46 N
LONGITUDE: 91 7 W
TEMPERATURE IN F: :PCPN: SNOW: WIND :SUNSHINE: SKY :PK WND
================================================================================
1 2 3 4 5 6A 6B 7 8 9 10 11 12 13 14 15 16 17 18
12Z AVG MX 2MIN
DY MAX MIN AVG DEP HDD CDD WTR SNW DPTH SPD SPD DIR MIN PSBL S-S WX SPD DR
================================================================================
1 47 31 39 5 26 0 0.00 M M 10.8 17 210 M M 4 8 25 190
2 64 30 47 12 18 0 0.00 M M 11.4 21 150 M M 0 1 27 140
3 80 47 64 29 1 0 0.00 M M 17.0 31 190 M M 1 47 190
4 77 42 60 24 5 0 0.84 M M 12.2 24 230 M M 5 13 39 230
5 47 40 44 8 21 0 0.24 M M 10.9 22 10 M M 9 13 28 20
6 55 35 45 9 20 0 0.00 M M 7.9 14 50 M M 0 19 90
7 51 37 44 7 21 0 0.32 M M 9.0 15 60 M M 6 1 23 70
8 47 39 43 6 22 0 0.50 M M 14.9 21 20 M M 10 1 29 360
9 44 29 37 -1 28 0 0.00 M M 11.9 22 320 M M 2 34 300
10 50 27 39 1 26 0 0.00 M M 5.4 12 310 M M 0 18 340
11 68 36 52 13 13 0 0.00 M M 13.1 25 220 M M 0 35 210
12 72 46 59 20 6 0 T M M 10.3 22 220 M M 1 3 29 220
13 70 43 57 17 8 0 0.33 M M 5.2 18 50 M M 3 13 24 50
14 59 44 52 12 13 0 2.63 M M 13.5 26 30 M M 7 13 39 40
15 60 40 50 10 15 0 0.00 M M 7.2 16 340 M M 1 23 10
16 60 39 50 9 15 0 0.00 M M 13.7 25 320 M M 0 40 310
17 40 25 33 -8 32 0 0.00 M M 11.6 22 310 M M 4 35 290
18 35 21 28 -14 37 0 0.00 M M 10.4 18 330 M M 2 8 29 320
19 62 28 45 3 20 0 0.00 M M 12.2 24 230 M M 0 8 32 240
20 46 30 38 -4 27 0 0.00 M M 10.6 20 350 M M 3 8 26 10
21 50 28 39 -4 26 0 0.00 M M 9.3 16 120 M M 5 23 110
22 40 34 37 -6 28 0 0.03 M M 12.7 24 360 M M 7 32 350
23 45 27 36 -8 29 0 T M M 8.9 16 30 M M 5 22 120
24 58 37 48 4 17 0 T M M 15.1 23 140 M M 7 34 140
25 58 50 54 10 11 0 0.47 M M 13.3 32 150 M M 9 1 48 150
26 51 31 41 -4 24 0 0.06 M M 14.2 28 230 M M 10 1 36 230
27 46 28 37 -8 28 0 0.00 M M 10.0 17 280 M M 7 27 300
28 60 29 45 -1 20 0 T M M 6.1 16 270 M M 4 25 240
================================================================================
SM 1542 973 557 0 5.42 M 308.8 M 112
================================================================================
AV 55.1 34.8 11.0 FASTST M M 4 MAX(MPH)
MISC ----> 32 150 48 150
================================================================================
NOTES:
# LAST OF SEVERAL OCCURRENCES
COLUMN 17 PEAK WIND IN M.P.H.
PRELIMINARY LOCAL CLIMATOLOGICAL DATA (WS FORM: F-6) , PAGE 2
STATION: BURLINGTON IA
MONTH: MARCH
YEAR: 2024
LATITUDE: 40 46 N
LONGITUDE: 91 7 W
[TEMPERATURE DATA] [PRECIPITATION DATA] SYMBOLS USED IN COLUMN 16
AVERAGE MONTHLY: 44.9 TOTAL FOR MONTH: 5.42 1 = FOG OR MIST
DPTR FM NORMAL: 4.8 DPTR FM NORMAL: 3.26 2 = FOG REDUCING VISIBILITY
HIGHEST: 80 ON 3 GRTST 24HR 2.94 ON 13-14 TO 1/4 MILE OR LESS
LOWEST: 21 ON 18 3 = THUNDER
SNOW, ICE PELLETS, HAIL 4 = ICE PELLETS
TOTAL MONTH: M 5 = HAIL
GRTST 24HR M ON M 6 = FREEZING RAIN OR DRIZZLE
GRTST DEPTH: M ON M 7 = DUSTSTORM OR SANDSTORM:
VSBY 1/2 MILE OR LESS
8 = SMOKE OR HAZE
[NO. OF DAYS WITH] [WEATHER - DAYS WITH] 9 = BLOWING SNOW
X = TORNADO
MAX 32 OR BELOW: 0 0.01 INCH OR MORE: 9
MAX 90 OR ABOVE: 0 0.10 INCH OR MORE: 7
MIN 32 OR BELOW: 13 0.50 INCH OR MORE: 3
MIN 0 OR BELOW: 0 1.00 INCH OR MORE: 1
[HDD (BASE 65) ]
TOTAL THIS MO. 557 CLEAR (SCALE 0-3) 12
DPTR FM NORMAL -144 PTCLDY (SCALE 4-7) 12
TOTAL FM JUL 1 4413 CLOUDY (SCALE 8-10) 4
DPTR FM NORMAL -804
[CDD (BASE 65) ]
TOTAL THIS MO. 0
DPTR FM NORMAL 0 [PRESSURE DATA]
TOTAL FM JAN 1 0 HIGHEST SLP M ON M
DPTR FM NORMAL 0 LOWEST SLP 29.34 ON 26
[REMARKS]