000
CXUS54 KBRO 010800
CF6BRO
PRELIMINARY LOCAL CLIMATOLOGICAL DATA (WS FORM: F-6)
STATION: BROWNSVILLE
MONTH: APRIL
YEAR: 2022
LATITUDE: 25 53 N
LONGITUDE: 97 26 W
TEMPERATURE IN F: :PCPN: SNOW: WIND :SUNSHINE: SKY :PK WND
================================================================================
1 2 3 4 5 6A 6B 7 8 9 10 11 12 13 14 15 16 17 18
12Z AVG MX 2MIN
DY MAX MIN AVG DEP HDD CDD WTR SNW DPTH SPD SPD DIR MIN PSBL S-S WX SPD DR
================================================================================
1 83 61 72 -2 0 7 0.00 0.0 0 8.2 20 110 M M 5 128 26 80
2 87 68 78 4 0 13 0.00 0.0 0 7.0 15 60 M M 6 128 23 50
3 88 68 78 3 0 13 0.00 0.0 0 7.7 17 60 M M 3 18 23 60
4 87 73 80 5 0 15 0.00 0.0 0 15.3 26 160 M M 9 18 35 160
5 96 74 85 10 0 20 T 0.0 0 8.4 17 80 M M 5 18 24 80
6 104 74 89 14 0 24 0.00 0.0 0 9.8 29 40 M M 3 18 44 20
7 79 58 69 -6 0 4 0.00 0.0 0 11.5 23 30 M M 0 35 40
8 83 54 69 -7 0 4 0.00 0.0 0 6.5 17 120 M M 0 24 130
9 85 57 71 -5 0 6 0.00 0.0 0 17.7 36 160 M M 0 44 160
10 86 71 79 3 0 14 0.00 0.0 0 26.6 39 170 M M 5 55 140
11 88 73 81 5 0 16 0.00 0.0 0 20.1 32 180 M M 9 18 45 180
12 89 76 83 7 0 18 0.05 0.0 0 18.7 35 100 M M 8 138 47 90
13 97 75 86 10 0 21 0.00 0.0 0 15.6 31 180 M M 4 18 41 170
14 85 74 80 4 0 15 T 0.0 0 9.4 18 70 M M 10 18 25 80
15 92 75 84 7 0 19 0.00 0.0 0 11.5 21 130 M M 8 18 28 130
16 93 77 85 8 0 20 0.00 0.0 0 14.2 23 150 M M 7 18 30 140
17 90 75 83 6 0 18 0.00 0.0 0 11.4 21 150 M M 6 18 28 130
18 88 76 82 5 0 17 0.00 0.0 0 10.0 17 60 M M 9 18 25 50
19 85 75 80 3 0 15 0.01 0.0 0 14.5 28 150 M M 7 18 38 150
20 87 76 82 4 0 17 0.01 0.0 0 17.2 35 150 M M 7 38 43 140
21 89 77 83 5 0 18 T 0.0 0 15.2 26 140 M M 10 18 35 140
22 90 76 83 5 0 18 0.00 0.0 0 17.6 26 130 M M 8 8 36 130
23 90 76 83 5 0 18 0.00 0.0 0 20.0 31 150 M M 8 8 40 150
24 90 76 83 5 0 18 0.00 0.0 0 20.0 31 140 M M 6 8 42 150
25 91 77 84 6 0 19 0.02 0.0 0 14.8 23 140 M M 8 18 31 140
26 78 69 74 -4 0 9 2.94 0.0 0 8.3 33 240 M M 7 13 45 210
27 86 69 78 -1 0 13 T 0.0 0 9.1 17 110 M M 5 1 24 120
28 87 72 80 1 0 15 T 0.0 0 14.4 24 150 M M 5 128 34 150
29 89 75 82 3 0 17 0.00 0.0 0 16.7 29 150 M M 6 37 150
30 89 76 83 4 0 18 0.00 0.0 0 12.7 21 150 M M 7 18 28 170
================================================================================
SM 2651 2153 0 459 3.03 0.0 410.1 M 181
================================================================================
AV 88.4 71.8 13.7 FASTST M M 6 MAX(MPH)
MISC ----> 39 170 55 140
================================================================================
NOTES:
# LAST OF SEVERAL OCCURRENCES
COLUMN 17 PEAK WIND IN M.P.H.
PRELIMINARY LOCAL CLIMATOLOGICAL DATA (WS FORM: F-6) , PAGE 2
STATION: BROWNSVILLE
MONTH: APRIL
YEAR: 2022
LATITUDE: 25 53 N
LONGITUDE: 97 26 W
[TEMPERATURE DATA] [PRECIPITATION DATA] SYMBOLS USED IN COLUMN 16
AVERAGE MONTHLY: 80.1 TOTAL FOR MONTH: 3.03 1 = FOG OR MIST
DPTR FM NORMAL: 3.4 DPTR FM NORMAL: 1.56 2 = FOG REDUCING VISIBILITY
HIGHEST: 104 ON 6 GRTST 24HR 2.96 ON 25-26 TO 1/4 MILE OR LESS
LOWEST: 54 ON 8 3 = THUNDER
SNOW, ICE PELLETS, HAIL 4 = ICE PELLETS
TOTAL MONTH: 0.0 INCH 5 = HAIL
GRTST 24HR 0.0 6 = FREEZING RAIN OR DRIZZLE
GRTST DEPTH: 0 7 = DUSTSTORM OR SANDSTORM:
VSBY 1/2 MILE OR LESS
8 = SMOKE OR HAZE
[NO. OF DAYS WITH] [WEATHER - DAYS WITH] 9 = BLOWING SNOW
X = TORNADO
MAX 32 OR BELOW: 0 0.01 INCH OR MORE: 5
MAX 90 OR ABOVE: 10 0.10 INCH OR MORE: 1
MIN 32 OR BELOW: 0 0.50 INCH OR MORE: 1
MIN 0 OR BELOW: 0 1.00 INCH OR MORE: 1
[HDD (BASE 65) ]
TOTAL THIS MO. 0 CLEAR (SCALE 0-3) 3
DPTR FM NORMAL -5 PTCLDY (SCALE 4-7) 19
TOTAL FM JUL 1 445 CLOUDY (SCALE 8-10) 8
DPTR FM NORMAL 27
[CDD (BASE 65) ]
TOTAL THIS MO. 459
DPTR FM NORMAL 103 [PRESSURE DATA]
TOTAL FM JAN 1 738 HIGHEST SLP M ON M
DPTR FM NORMAL -38 LOWEST SLP 29.55 ON 5
[REMARKS]
#FINAL-04-22#