000
CXAK56 PAFG 010953
CF6BRW
PRELIMINARY LOCAL CLIMATOLOGICAL DATA (WS FORM: F-6)
STATION: UTQIAGVIK (BARROW) AK
MONTH: NOVEMBER
YEAR: 2022
LATITUDE: 71 17 N
LONGITUDE: 156 47 W
TEMPERATURE IN F: :PCPN: SNOW: WIND :SUNSHINE: SKY :PK WND
================================================================================
1 2 3 4 5 6A 6B 7 8 9 10 11 12 13 14 15 16 17 18
12Z AVG MX 2MIN
DY MAX MIN AVG DEP HDD CDD WTR SNW DPTH SPD SPD DIR MIN PSBL S-S WX SPD DR
================================================================================
1 15 -7 4 -10 61 0 0.00 M M 11.0 21 190 M M 1 18 23 200
2 20 2 11 -2 54 0 0.02 M M 5.7 13 100 M M 9 128 16 30
3 19 8 14 1 51 0 0.01 M M 7.4 22 100 M M 10 1 26 100
4 19 9 14 2 51 0 0.04 M M 10.2 22 100 M M 10 18 27 90
5 13 -15 -1 -13 66 0 T M M 8.6 18 120 M M 8 18 21 120
6 30 -8 11 0 54 0 0.03 M M 20.7 32 220 M M 6 128 38 200
7 30 22 26 15 39 0 T M M 17.8 36 100 M M 10 18 41 90
8 32 19 26 16 39 0 0.03 M M 20.3 25 150 M M 6 1 34 180
9 30 14 22 12 43 0 0.00 M M 15.1 25 150 M M 3 28 180
10 28 11 20 11 45 0 0.01 M M 15.8 26 220 M M 8 16 31 210
11 22 1 12 4 53 0 T M M 13.0 22 130 M M 5 1 24 120
12 24 -4 10 2 55 0 0.04 M M 9.2 18 340 M M 8 12 23 350
13 23 8 16 9 49 0 0.03 M M 11.0 18 360 M M 10 18 23 10
14 17 -3 7 0 58 0 T M M 13.7 21 180 M M 6 18 25 180
15 27 1 14 8 51 0 0.01 M M 22.2 37 230 M M 8 189 44 230
16 31 22 27 21 38 0 0.00 M M 18.4 29 180 M M 4 37 190
17 34 27 31 26 34 0 0.07 M M 11.7 21 180 M M 6 1 26 210
18 35 27 31 26 34 0 0.02 M M 23.1 36 240 M M 9 18 41 240
19 28 18 23 19 42 0 T M M 18.9 31 270 M M 9 19 38 280
20 25 14 20 16 45 0 0.03 M M 13.4 22 30 M M 9 18 29 30
21 22 14 18 15 47 0 0.04 M M 21.4 29 60 M M 10 189 34 70
22 14 9 12 9 53 0 0.04 M M 18.7 28 60 M M 10 1 32 60
23 10 6 8 6 57 0 0.06 M M 12.7 23 100 M M 10 189 25 110
24 14 8 11 9 54 0 0.05 M M 11.9 26 30 M M 10 18 33 30
25 10 7 9 8 56 0 0.05 M M 17.8 23 70 M M 10 189 30 30
26 10 -3 4 3 61 0 0.02 M M 8.9 22 100 M M 10 18 24 100
27 5 -16 -5 -5 70 0 0.02 M M 10.6 21 210 M M 7 18 25 210
28 1 -19 -9 -9 74 0 0.00 M M 12.6 21 200 M M 2 18 24 210
29 22 0 11 11 54 0 0.07 M M 16.7 30 240 M M 8 1 35 230
30 29 22 26 27 39 0 0.03 M M 14.7 29 250 M M 10 16 36 240
================================================================================
SM 639 194 1527 0 0.72 M 433.2 M 232
================================================================================
AV 21.3 6.5 14.4 FASTST M M 8 MAX(MPH)
MISC ----> 37 230 44 230
================================================================================
NOTES:
# LAST OF SEVERAL OCCURRENCES
COLUMN 17 PEAK WIND IN M.P.H.
PRELIMINARY LOCAL CLIMATOLOGICAL DATA (WS FORM: F-6) , PAGE 2
STATION: UTQIAGVIK (BARROW) AK
MONTH: NOVEMBER
YEAR: 2022
LATITUDE: 71 17 N
LONGITUDE: 156 47 W
[TEMPERATURE DATA] [PRECIPITATION DATA] SYMBOLS USED IN COLUMN 16
AVERAGE MONTHLY: 13.9 TOTAL FOR MONTH: 0.72 1 = FOG OR MIST
DPTR FM NORMAL: 7.7 DPTR FM NORMAL: 0.35 2 = FOG REDUCING VISIBILITY
HIGHEST: 35 ON 18 GRTST 24HR 0.11 ON 23-24 TO 1/4 MILE OR LESS
LOWEST: -19 ON 28 3 = THUNDER
SNOW, ICE PELLETS, HAIL 4 = ICE PELLETS
TOTAL MONTH: M 5 = HAIL
GRTST 24HR M ON M 6 = FREEZING RAIN OR DRIZZLE
GRTST DEPTH: M ON M 7 = DUSTSTORM OR SANDSTORM:
VSBY 1/2 MILE OR LESS
8 = SMOKE OR HAZE
[NO. OF DAYS WITH] [WEATHER - DAYS WITH] 9 = BLOWING SNOW
X = TORNADO
MAX 32 OR BELOW: 28 0.01 INCH OR MORE: 21
MAX 90 OR ABOVE: 0 0.10 INCH OR MORE: 0
MIN 32 OR BELOW: 30 0.50 INCH OR MORE: 0
MIN 0 OR BELOW: 9 1.00 INCH OR MORE: 0
[HDD (BASE 65) ]
TOTAL THIS MO. 1527 CLEAR (SCALE 0-3) 3
DPTR FM NORMAL -235 PTCLDY (SCALE 4-7) 10
TOTAL FM JUL 1 5193 CLOUDY (SCALE 8-10) 17
DPTR FM NORMAL -305
[CDD (BASE 65) ]
TOTAL THIS MO. 0
DPTR FM NORMAL 0 [PRESSURE DATA]
TOTAL FM JAN 1 0 HIGHEST SLP M ON M
DPTR FM NORMAL 0 LOWEST SLP 29.36 ON 8
[REMARKS]
#FINAL-11-22#