000
CXAK56 PAFG 011058
CF6BRW
PRELIMINARY LOCAL CLIMATOLOGICAL DATA (WS FORM: F-6)
STATION: UTQIAGVIK (BARROW) AK
MONTH: SEPTEMBER
YEAR: 2021
LATITUDE: 71 17 N
LONGITUDE: 156 47 W
TEMPERATURE IN F: :PCPN: SNOW: WIND :SUNSHINE: SKY :PK WND
================================================================================
1 2 3 4 5 6A 6B 7 8 9 10 11 12 13 14 15 16 17 18
12Z AVG MX 2MIN
DY MAX MIN AVG DEP HDD CDD WTR SNW DPTH SPD SPD DIR MIN PSBL S-S WX SPD DR
================================================================================
1 43 37 40 2 25 0 T M M 8.8 15 120 M M 10 18 18 120
2 37 33 35 -3 30 0 0.00 M M 19.2 30 80 M M 10 1 36 80
3 38 35 37 -1 28 0 T M M 23.1 29 80 M M 10 1 36 80
4 41 37 39 1 26 0 0.11 M M 17.8 30 110 M M 10 12 36 110
5 42 32 37 -1 28 0 0.02 M M 8.8 17 260 M M 9 21 250
6 41 31 36 -1 29 0 0.02 M M 8.8 17 80 M M 7 1 20 70
7 50 37 44 7 21 0 0.03 M M 12.0 24 100 M M 7 1 31 100
8 53 35 44 7 21 0 0.00 M M 8.8 20 220 M M 1 26 210
9 45 37 41 5 24 0 T M M 11.8 20 60 M M 6 12 21 60
10 37 35 36 0 29 0 0.00 M M 13.6 17 40 M M 10 12 21 60
11 45 35 40 4 25 0 T M M 7.3 14 60 M M 8 12 16 50
12 44 33 39 3 26 0 0.00 M M 9.6 14 90 M M 10 12 16 100
13 41 33 37 2 28 0 0.00 M M 12.9 20 50 M M 10 12 22 50
14 41 34 38 3 27 0 T M M 9.6 14 140 M M 10 128 18 110
15 39 34 37 2 28 0 T M M 9.0 15 360 M M 10 18 17 350
16 36 33 35 1 30 0 0.68 M M 10.6 17 50 M M 10 12 21 60
17 35 27 31 -3 34 0 0.22 M M 10.1 18 10 M M 10 18 23 20
18 36 26 31 -3 34 0 0.09 M M 12.4 20 200 M M 7 12 23 200
19 33 27 30 -3 35 0 0.18 M M 17.4 30 250 M M 9 128 35 240
20 34 29 32 -1 33 0 0.05 M M 19.6 29 300 M M 10 128 34 300
21 34 30 32 0 33 0 0.03 M M 20.1 31 290 M M 9 18 35 290
22 33 29 31 -1 34 0 0.02 M M 18.2 28 280 M M 10 18 32 300
23 32 21 27 -5 38 0 0.16 M M 6.7 14 70 M M 9 16 17 10
24 32 14 23 -8 42 0 0.06 M M 4.8 12 100 M M 9 128 12 100
25 30 11 21 -10 44 0 T M M 5.7 10 140 M M 9 1 12 140
26 27 17 22 -8 43 0 0.00 M M 8.9 18 110 M M 6 128 21 110
27 30 22 26 -4 39 0 0.01 M M 12.1 17 110 M M 10 1 21 110
28 30 29 30 0 35 0 T M M 5.9 15 70 M M 10 18 17 80
29 32 28 30 1 35 0 0.02 M M 10.7 17 50 M M 10 18 20 20
30 31 25 28 -1 37 0 0.02 M M 10.6 16 40 M M 9 168 19 40
================================================================================
SM 1122 886 941 0 1.72 M 354.9 M 265
================================================================================
AV 37.4 29.5 11.8 FASTST M M 9 MAX(MPH)
MISC ----> 31 290 # 36 80
================================================================================
NOTES:
# LAST OF SEVERAL OCCURRENCES
COLUMN 17 PEAK WIND IN M.P.H.
PRELIMINARY LOCAL CLIMATOLOGICAL DATA (WS FORM: F-6) , PAGE 2
STATION: UTQIAGVIK (BARROW) AK
MONTH: SEPTEMBER
YEAR: 2021
LATITUDE: 71 17 N
LONGITUDE: 156 47 W
[TEMPERATURE DATA] [PRECIPITATION DATA] SYMBOLS USED IN COLUMN 16
AVERAGE MONTHLY: 33.5 TOTAL FOR MONTH: 1.72 1 = FOG OR MIST
DPTR FM NORMAL: -0.7 DPTR FM NORMAL: 0.95 2 = FOG REDUCING VISIBILITY
HIGHEST: 53 ON 8 GRTST 24HR 0.75 ON 16-17 TO 1/4 MILE OR LESS
LOWEST: 11 ON 25 3 = THUNDER
SNOW, ICE PELLETS, HAIL 4 = ICE PELLETS
TOTAL MONTH: M 5 = HAIL
GRTST 24HR M ON M 6 = FREEZING RAIN OR DRIZZLE
GRTST DEPTH: M ON M 7 = DUSTSTORM OR SANDSTORM:
VSBY 1/2 MILE OR LESS
8 = SMOKE OR HAZE
[NO. OF DAYS WITH] [WEATHER - DAYS WITH] 9 = BLOWING SNOW
X = TORNADO
MAX 32 OR BELOW: 8 0.01 INCH OR MORE: 16
MAX 90 OR ABOVE: 0 0.10 INCH OR MORE: 5
MIN 32 OR BELOW: 16 0.50 INCH OR MORE: 1
MIN 0 OR BELOW: 0 1.00 INCH OR MORE: 0
[HDD (BASE 65) ]
TOTAL THIS MO. 941 CLEAR (SCALE 0-3) 1
DPTR FM NORMAL 17 PTCLDY (SCALE 4-7) 6
TOTAL FM JUL 1 2465 CLOUDY (SCALE 8-10) 23
DPTR FM NORMAL 72
[CDD (BASE 65) ]
TOTAL THIS MO. 0
DPTR FM NORMAL 0 [PRESSURE DATA]
TOTAL FM JAN 1 0 HIGHEST SLP M ON M
DPTR FM NORMAL 0 LOWEST SLP 29.31 ON 19
[REMARKS]
#FINAL-09-21#