000
CXUS53 KGRR 020442
CLSBTL
WRKCLSBTL 000
TTAA00 GRR 020423
CLIMATE REPORT
NATIONAL WEATHER SERVICE GRAND RAPIDS, MICHIGAN
1122 PM EST WED MAR 01 2023
...................................
...THE BATTLE CREEK CLIMATE SUMMARY FOR THE SEASON, FROM
12/1/2022 TO 2/28/2023...
CLIMATE NORMAL PERIOD: 1991 TO 2020
CLIMATE RECORD PERIOD: 1895 TO 2023
WEATHER OBSERVED NORMAL DEPART LAST YEAR`S
VALUE DATE(S) VALUE FROM VALUE DATE(S)
NORMAL
................................................................
TEMPERATURE (F)
RECORD
HIGH 70 02/11/1999
LOW -24 02/12/1899
HIGHEST 57 01/03 MM MM 62 12/15
01/04
LOWEST 2 12/24 MM MM -5 02/14
AVG. MAXIMUM 38.2 33.9 4.3 35.1
AVG. MINIMUM 26.1 19.9 6.2 19.2
MEAN 32.2 26.9 5.3 27.1
DAYS MAX >= 90 0 0.0 0.0 0
DAYS MAX <= 32 20 42.9 -22.9 40
DAYS MIN <= 32 68 78.9 -10.9 83
DAYS MIN <= 0 0 5.2 -5.2 4
PRECIPITATION (INCHES)
RECORD
MAXIMUM 12.83 1950
MINIMUM 1.26 2003
TOTALS 6.95 4.22 2.73 5.51
DAILY AVG. 0.08 0.05 0.03 0.06
DAYS >= .01 35 28.8 6.2 31
DAYS >= .10 15 10.7 4.3 15
DAYS >= .50 5 2.1 2.9 3
DAYS >= 1.00 3 0.3 2.7 0
GREATEST
24 HR. TOTAL 1.22
DEGREE DAYS
HEATING TOTAL 2912 3429 -517 3377
SINCE 7/1 4107 4745 -638 MM
COOLING TOTAL 0 0 0 0
SINCE 1/1 0 0 0 MM
FREEZE DATES
EARLIEST 10/08
LATEST 04/27
................................................................
WIND (MPH)
AVERAGE WIND SPEED 10.1
RESULTANT WIND SPEED/DIRECTION 4/230
HIGHEST WIND SPEED/DIRECTION 36/260 DATE 12/23
HIGHEST GUST SPEED/DIRECTION 53/260 DATE 12/23
SKY COVER
POSSIBLE SUNSHINE (PERCENT) MM
AVERAGE SKY COVER 0.74
NUMBER OF DAYS FAIR 17
NUMBER OF DAYS PC 17
NUMBER OF DAYS CLOUDY 56
AVERAGE RH (PERCENT) 75
WEATHER CONDITIONS. NUMBER OF DAYS WITH
THUNDERSTORM 0 MIXED PRECIP 0
HEAVY RAIN 6 RAIN 10
LIGHT RAIN 27 FREEZING RAIN 2
LT FREEZING RAIN 7 HAIL 0
HEAVY SNOW 3 SNOW 7
LIGHT SNOW 35 SLEET 0
FOG 57 FOG W/VIS <= 1/4 MILE 10
HAZE 23
- INDICATES NEGATIVE NUMBERS.
R INDICATES RECORD WAS SET OR TIED.
MM INDICATES DATA IS MISSING.
T INDICATES TRACE AMOUNT.
$$