000
CXUS55 KMSO 020412
CLMBTM
CLIMATE REPORT
NATIONAL WEATHER SERVICE MISSOULA MT
912 PM MST FRI MAR 01 2024
...................................
...THE BUTTE MT CLIMATE SUMMARY FOR THE MONTH OF FEBRUARY 2024...
CLIMATE NORMAL PERIOD 1991 TO 2020
CLIMATE RECORD PERIOD 1895 TO 2024
WEATHER OBSERVED NORMAL DEPART LAST YEAR`S
VALUE DATE(S) VALUE FROM VALUE
NORMAL
..............................................................
TEMPERATURE (F)
RECORD
HIGH 61 02/24/1995
LOW -52 02/09/1933
HIGHEST 50 02/01 MM MM 43
LOWEST -19 02/17 MM MM -21
AVG. MAXIMUM 35.1 34.6 0.5 31.6
AVG. MINIMUM 14.7 9.8 4.9 2.1
MEAN 24.9 22.2 2.7 16.9
DAYS MAX >= 90 0 0.0 0.0 0
DAYS MAX <= 32 10 10.0 0.0 12
DAYS MIN <= 32 28 27.3 0.7 28
DAYS MIN <= 0 2 6.3 -4.3 15
PRECIPITATION (INCHES)
RECORD
MAXIMUM 2.92 1904
MINIMUM 0.02 2022
TOTALS 1.33 0.43 0.90 0.14
DAILY AVG. 0.05 NAN NAN 0.01
DAYS >= .01 15 7.4 7.6 5
DAYS >= .10 6 1.4 4.6 0
DAYS >= .50 0 0.0 0.0 0
DAYS >= 1.00 0 0.0 0.0 0
GREATEST
24 HR. TOTAL 0.52 02/02 TO 02/03 0.07
DEGREE DAYS
HEATING TOTAL 1154 1198 -44
SINCE 7/1 6010 6551 -541
COOLING TOTAL 0 0 0
SINCE 1/1 0 0 0
..............................................................
WIND (MPH)
AVERAGE WIND SPEED 5.1
HIGHEST WIND SPEED/DIRECTION 36/170 DATE 02/29
HIGHEST GUST SPEED/DIRECTION 46/200 DATE 02/29
SKY COVER
POSSIBLE SUNSHINE (PERCENT) MM
AVERAGE SKY COVER 0.66
NUMBER OF DAYS FAIR 6
NUMBER OF DAYS PC 8
NUMBER OF DAYS CLOUDY 15
AVERAGE RH (PERCENT) 72
WEATHER CONDITIONS. NUMBER OF DAYS WITH
THUNDERSTORM 0 MIXED PRECIP 0
HEAVY RAIN 0 RAIN 1
LIGHT RAIN 1 FREEZING RAIN 0
LT FREEZING RAIN 0 HAIL 0
HEAVY SNOW 0 SNOW 6
LIGHT SNOW 18 SLEET 0
FOG 19 FOG W/VIS <= 1/4 MILE 3
HAZE 6
- INDICATES NEGATIVE NUMBERS.
R INDICATES RECORD WAS SET OR TIED.
MM INDICATES DATA IS MISSING.
T INDICATES TRACE AMOUNT.
$$