000
CXUS54 KLIX 010810
CF6BTR
PRELIMINARY LOCAL CLIMATOLOGICAL DATA (WS FORM: F-6)
STATION: BATON ROUGE
MONTH: AUGUST
YEAR: 2021
LATITUDE: 30 31 N
LONGITUDE: 91 9 W
TEMPERATURE IN F: :PCPN: SNOW: WIND :SUNSHINE: SKY :PK WND
================================================================================
1 2 3 4 5 6A 6B 7 8 9 10 11 12 13 14 15 16 17 18
12Z AVG MX 2MIN
DY MAX MIN AVG DEP HDD CDD WTR SNW DPTH SPD SPD DIR MIN PSBL S-S WX SPD DR
================================================================================
1 91 74 83 0 0 18 0.32 0.0 M 5.1 18 40 M M 2 13 23 40
2 86 72 79 -4 0 14 0.66 0.0 M 3.1 20 340 M M 4 13 33 330
3 83 73 78 -5 0 13 2.00 0.0 M 3.6 17 30 M M 8 13 25 20
4 88 69 79 -4 0 14 0.00 0.0 M 6.5 14 20 M M 3 17 30
5 87 66 77 -6 0 12 0.00 0.0 M 2.9 10 10 M M 1 18 18 40
6 88 69 79 -4 0 14 0.00 0.0 M 1.5 16 130 M M 1 1 20 140
7 91 69 80 -3 0 15 0.00 0.0 M 2.0 7 350 M M 1 1 24 270
8 92 73 83 0 0 18 0.01 0.0 M 4.7 16 240 M M 4 13 32 90
9 90 74 82 -1 0 17 1.59 0.0 M 3.3 26 240 M M 3 123 85 90
10 92 73 83 0 0 18 0.60 0.0 M 2.5 15 220 M M 2 13 18 190
11 94 72 83 0 0 18 T 0.0 M 3.6 26 160 M M 1 3 35 160
12 89 70 80 -3 0 15 T 0.0 M 4.2 20 170 M M 1 3 25 170
13 90 69 80 -3 0 15 T 0.0 M 3.4 20 160 M M 2 3 24 160
14 93 71 82 -1 0 17 0.00 0.0 M 2.7 9 290 M M 1 3 13 120
15 90 72 81 -2 0 16 0.01 0.0 M 3.9 16 110 M M 2 3 21 110
16 91 71 81 -2 0 16 0.00 0.0 M 3.6 10 90 M M 1 3 13 80
17 90 74 82 -1 0 17 0.19 0.0 M 3.8 25 290 M M 4 138 33 280
18 91 73 82 -1 0 17 0.14 0.0 M 5.1 18 180 M M 2 13 22 160
19 93 74 84 1 0 19 0.13 0.0 M 4.0 25 240 M M 2 138 31 240
20 91 75 83 0 0 18 0.00 0.0 M 5.4 14 230 M M 2 17 230
21 92 71 82 -1 0 17 0.00 0.0 M 4.8 12 230 M M 0 1 16 230
22 93 73 83 1 0 18 0.00 0.0 M 4.6 12 230 M M 0 15 280
23 94 76 85 3 0 20 T 0.0 M 4.8 10 130 M M 2 3 M M
24 95 73 84 2 0 19 T 0.0 M 3.4 18 120 M M 1 138 25 110
25 94 73 84 2 0 19 0.85 0.0 M 2.8 29 110 M M 1 123 39 110
26 88 73 81 -1 0 16 0.07 0.0 M 7.4 21 90 M M 1 13 25 140
27 87 72 80 -2 0 15 0.18 0.0 M 8.5 22 80 M M 4 1 27 80
28 88 71 80 -2 0 15 0.11 0.0 M 7.6 17 60 M M 3 1 23 120
29 82 71 77 -5 0 12 1.33 0.0 M 19.0 40 10 M M 7 1 63 20
30 73 73 73 -9 0 8 0.00 0.0 M 23.0 23 290 M M 0 1 38 290
31 91 75 83 1 0 18 0.00 0.0 M 7.0 16 220 M M 1 20 230
================================================================================
SM 2777 2234 0 498 8.19 0.0 167.8 M 67
================================================================================
AV 89.6 72.1 5.4 FASTST M M 2 MAX(MPH)
MISC ----> 40 10 85 90
================================================================================
NOTES:
# LAST OF SEVERAL OCCURRENCES
COLUMN 17 PEAK WIND IN M.P.H.
PRELIMINARY LOCAL CLIMATOLOGICAL DATA (WS FORM: F-6) , PAGE 2
STATION: BATON ROUGE
MONTH: AUGUST
YEAR: 2021
LATITUDE: 30 31 N
LONGITUDE: 91 9 W
[TEMPERATURE DATA] [PRECIPITATION DATA] SYMBOLS USED IN COLUMN 16
AVERAGE MONTHLY: 80.8 TOTAL FOR MONTH: 8.19 1 = FOG OR MIST
DPTR FM NORMAL: -2.0 DPTR FM NORMAL: 1.82 2 = FOG REDUCING VISIBILITY
HIGHEST: 95 ON 24 GRTST 24HR 2.00 ON 3- 3 TO 1/4 MILE OR LESS
LOWEST: 66 ON 5 3 = THUNDER
SNOW, ICE PELLETS, HAIL 4 = ICE PELLETS
TOTAL MONTH: 0.0 INCH 5 = HAIL
GRTST 24HR 0.0 6 = FREEZING RAIN OR DRIZZLE
GRTST DEPTH: M ON M 7 = DUSTSTORM OR SANDSTORM:
VSBY 1/2 MILE OR LESS
8 = SMOKE OR HAZE
[NO. OF DAYS WITH] [WEATHER - DAYS WITH] 9 = BLOWING SNOW
X = TORNADO
MAX 32 OR BELOW: 0 0.01 INCH OR MORE: 15
MAX 90 OR ABOVE: 20 0.10 INCH OR MORE: 12
MIN 32 OR BELOW: 0 0.50 INCH OR MORE: 6
MIN 0 OR BELOW: 0 1.00 INCH OR MORE: 3
[HDD (BASE 65) ]
TOTAL THIS MO. 0 CLEAR (SCALE 0-3) 23
DPTR FM NORMAL 0 PTCLDY (SCALE 4-7) 8
TOTAL FM JUL 1 0 CLOUDY (SCALE 8-10) 0
DPTR FM NORMAL 0
[CDD (BASE 65) ]
TOTAL THIS MO. 498
DPTR FM NORMAL -52 [PRESSURE DATA]
TOTAL FM JAN 1 2075 HIGHEST SLP M ON M
DPTR FM NORMAL -80 LOWEST SLP 29.18 ON 29
[REMARKS]
#FINAL-08-21#