000
CXUS54 KLIX 010810
CF6BTR
PRELIMINARY LOCAL CLIMATOLOGICAL DATA (WS FORM: F-6)
STATION: BATON ROUGE
MONTH: MARCH
YEAR: 2021
LATITUDE: 30 31 N
LONGITUDE: 91 9 W
TEMPERATURE IN F: :PCPN: SNOW: WIND :SUNSHINE: SKY :PK WND
================================================================================
1 2 3 4 5 6A 6B 7 8 9 10 11 12 13 14 15 16 17 18
12Z AVG MX 2MIN
DY MAX MIN AVG DEP HDD CDD WTR SNW DPTH SPD SPD DIR MIN PSBL S-S WX SPD DR
================================================================================
1 80 59 70 12 0 5 T 0.0 M 9.7 24 30 M M 9 1 33 30
2 58 44 51 -7 14 0 0.86 M M 10.9 21 40 M M 10 18 27 20
3 65 38 52 -7 13 0 0.00 0.0 M 5.7 14 20 M M 2 19 10
4 73 39 56 -3 9 0 0.00 0.0 M 2.5 9 30 M M 0 15 150
5 71 44 58 -1 7 0 0.06 M M 3.7 16 20 M M 3 21 30
6 69 49 59 0 6 0 T M M 9.4 17 10 M M 1 21 360
7 69 39 54 -6 11 0 0.00 0.0 M 8.0 20 40 M M 0 24 20
8 73 36 55 -5 10 0 0.00 0.0 M 6.5 17 120 M M 0 25 120
9 78 44 61 1 4 0 0.00 0.0 M 9.6 20 150 M M 2 26 150
10 82 58 70 10 0 5 0.00 0.0 M 11.6 24 140 M M 5 8 33 160
11 82 61 72 12 0 7 0.00 0.0 M 8.7 20 160 M M 4 26 160
12 85 62 74 13 0 9 0.00 0.0 M 7.5 15 130 M M 6 1 21 150
13 82 60 71 10 0 6 0.00 0.0 M 6.2 13 150 M M 4 12 28 190
14 82 62 72 11 0 7 T 0.0 M 9.8 22 190 M M 6 1 28 180
15 85 69 77 16 0 12 0.21 0.0 M 12.2 24 190 M M 8 1 29 180
16 82 70 76 14 0 11 0.00 0.0 M 12.4 21 190 M M 7 26 190
17 81 62 72 10 0 7 0.45 0.0 M 14.2 41 180 M M 8 13 55 190
18 64 51 58 -4 7 0 0.00 0.0 M 13.0 23 280 M M 1 30 290
19 55 50 53 -9 12 0 0.00 0.0 M 7.6 15 360 M M 10 19 340
20 64 49 57 -5 8 0 0.00 0.0 M 4.5 13 30 M M 9 16 30
21 74 45 60 -3 5 0 0.00 0.0 M 4.6 13 90 M M 2 17 90
22 75 45 60 -3 5 0 T M M 9.4 20 120 M M 6 1 25 110
23 69 61 65 2 0 0 2.53 0.0 M 8.5 22 130 M M 9 123 29 130
24 72 58 65 2 0 0 0.27 0.0 M 7.6 17 80 M M 10 13 23 70
25 79 68 74 11 0 9 0.39 0.0 M 10.6 22 210 M M 8 13 27 190
26 77 63 70 6 0 5 T 0.0 M 7.6 14 160 M M 9 1 23 140
27 85 73 79 15 0 14 0.00 0.0 M 12.6 22 180 M M 8 48 150
28 74 53 64 0 1 0 0.06 0.0 M 8.5 22 280 M M 6 1 30 280
29 74 45 60 -4 5 0 M M M 5.9 10 70 M M 0 M M
30 84 56 70 6 0 5 T 0.0 M 10.7 23 200 M M 5 1 30 180
31 83 52 68 4 0 3 0.02 0.0 M 9.8 21 310 M M 9 1 27 310
================================================================================
SM 2326 1665 117 105 4.85 0.0 269.5 M 167
================================================================================
AV 75.0 53.7 8.7 FASTST M M 5 MAX(MPH)
MISC ----> 41 180 55 190
================================================================================
NOTES:
# LAST OF SEVERAL OCCURRENCES
COLUMN 17 PEAK WIND IN M.P.H.
PRELIMINARY LOCAL CLIMATOLOGICAL DATA (WS FORM: F-6) , PAGE 2
STATION: BATON ROUGE
MONTH: MARCH
YEAR: 2021
LATITUDE: 30 31 N
LONGITUDE: 91 9 W
[TEMPERATURE DATA] [PRECIPITATION DATA] SYMBOLS USED IN COLUMN 16
AVERAGE MONTHLY: 64.4 TOTAL FOR MONTH: 4.85 1 = FOG OR MIST
DPTR FM NORMAL: 2.9 DPTR FM NORMAL: 0.44 2 = FOG REDUCING VISIBILITY
HIGHEST: 85 ON 27,15 GRTST 24HR 2.53 ON 22-23 TO 1/4 MILE OR LESS
LOWEST: 36 ON 8 3 = THUNDER
SNOW, ICE PELLETS, HAIL 4 = ICE PELLETS
TOTAL MONTH: 0.0 INCH 5 = HAIL
GRTST 24HR 0.0 6 = FREEZING RAIN OR DRIZZLE
GRTST DEPTH: M ON M 7 = DUSTSTORM OR SANDSTORM:
VSBY 1/2 MILE OR LESS
8 = SMOKE OR HAZE
[NO. OF DAYS WITH] [WEATHER - DAYS WITH] 9 = BLOWING SNOW
X = TORNADO
MAX 32 OR BELOW: 0 0.01 INCH OR MORE: 9
MAX 90 OR ABOVE: 0 0.10 INCH OR MORE: 6
MIN 32 OR BELOW: 0 0.50 INCH OR MORE: 2
MIN 0 OR BELOW: 0 1.00 INCH OR MORE: 1
[HDD (BASE 65) ]
TOTAL THIS MO. 117 CLEAR (SCALE 0-3) 9
DPTR FM NORMAL -50 PTCLDY (SCALE 4-7) 13
TOTAL FM JUL 1 1454 CLOUDY (SCALE 8-10) 9
DPTR FM NORMAL -48
[CDD (BASE 65) ]
TOTAL THIS MO. 105
DPTR FM NORMAL 47 [PRESSURE DATA]
TOTAL FM JAN 1 157 HIGHEST SLP M ON M
DPTR FM NORMAL 68 LOWEST SLP 29.63 ON 17
[REMARKS]
#FINAL-03-21#